000
CXUS54 KMOB 201406
CF6MOB
PRELIMINARY LOCAL CLIMATOLOGICAL DATA (WS FORM: F-6)

                                          STATION:   MOBILE
                                          MONTH:     OCTOBER
                                          YEAR:      2014
                                          LATITUDE:   30 40 N
                                          LONGITUDE:  88 15 W

  TEMPERATURE IN F:       :PCPN:    SNOW:  WIND      :SUNSHINE: SKY     :PK WND
================================================================================
1   2   3   4   5  6A  6B    7    8   9   10  11  12  13   14  15   16   17  18
                                     12Z  AVG MX 2MIN
DY MAX MIN AVG DEP HDD CDD  WTR  SNW DPTH SPD SPD DIR MIN PSBL S-S WX    SPD DR
================================================================================

 1  84  64  74   1   0   9 0.00  0.0    0  3.7 12 180   M    M   4 1      16 150
 2  84  70  77   4   0  12 1.07  0.0    0  6.1 21 140   M    M   5 138    25 140
 3  80  63  72   0   0   7 0.23  0.0    0  6.5 17 310   M    M   6 13     28 320
 4  70  47  59 -13   6   0 0.00  0.0    0  9.5 22 350   M    M   1        29 360
 5  75  46  61 -11   4   0 0.00  0.0    0  3.9 14 180   M    M   1        18 180
 6  82  59  71  -1   0   6 0.00  0.0    0  6.4 17 180   M    M   5 18     21 180
 7  86  63  75   4   0  10 0.00  0.0    0  4.6 13 190   M    M   4        16 190
 8  87  62  75   4   0  10 0.00  0.0    0  2.5 10 150   M    M   5 12     13 160
 9  86  63  75   5   0  10 0.00  0.0    0  4.9 12 190   M    M   5 12     17 160
10  83  69  76   6   0  11 0.41  0.0    0  4.9 13 290   M    M   4 13     17 230
11  85  67  76   6   0  11 0.04  0.0    0  3.7 16 160   M    M   3 1      20 160
12  86  66  76   6   0  11 0.00  0.0    0  5.6 15 150   M    M   2 1      20 150
13  85  69  77   8   0  12 0.85  0.0    0 13.4 25 170   M    M   6 13     36 190
14  73  56  65  -4   0   0 0.42  0.0    0  7.4 17 300   M    M   4 13     28 300
15  75  49  62  -7   3   0 0.00  0.0    0  5.7 16 290   M    M   0        26 310
16  79  48  64  -4   1   0 0.00  0.0    0  3.7 12 320   M    M   1        17 320
17  81  49  65  -3   0   0 0.00  0.0    0  2.6 13 210   M    M   3        16 210
18  83  57  70   2   0   5 0.00  0.0    0  6.4 21  10   M    M   3 12     27  10
19  76  51  64  -3   1   0 0.00  0.0    0  5.5 14  40   M    M   1        17  30
================================================================================
SM 1540 1118        15 114  3.02     0.0 107.0          M       63
================================================================================
AV 81.1 58.8                               5.6 FASTST   M    M   3    MAX(MPH)
                                 MISC ---->  # 25 170               # 36  190
================================================================================
NOTES:
# LAST OF SEVERAL OCCURRENCES

COLUMN 17 PEAK WIND IN M.P.H.

PRELIMINARY LOCAL CLIMATOLOGICAL DATA (WS FORM: F-6) , PAGE 2

                                          STATION:  MOBILE
                                          MONTH:    OCTOBER
                                          YEAR:     2014
                                          LATITUDE:   30 40 N
                                          LONGITUDE:  88 15 W

[TEMPERATURE DATA]      [PRECIPITATION DATA]       SYMBOLS USED IN COLUMN 16

AVERAGE MONTHLY: 69.9   TOTAL FOR MONTH:   3.02    1 = FOG OR MIST
DPTR FM NORMAL:  -0.3   DPTR FM NORMAL:    0.80    2 = FOG REDUCING VISIBILITY
HIGHEST:    87 ON  8    GRTST 24HR  1.30 ON  2- 3      TO 1/4 MILE OR LESS
LOWEST:     46 ON  5                               3 = THUNDER
                        SNOW, ICE PELLETS, HAIL    4 = ICE PELLETS
                        TOTAL MONTH:   0.0 INCH    5 = HAIL
                        GRTST 24HR     0.0         6 = FREEZING RAIN OR DRIZZLE
                        GRTST DEPTH:   0           7 = DUSTSTORM OR SANDSTORM:
                                                       VSBY 1/2 MILE OR LESS
                                                   8 = SMOKE OR HAZE
[NO. OF DAYS WITH]      [WEATHER - DAYS WITH]      9 = BLOWING SNOW
                                                   X = TORNADO
MAX 32 OR BELOW:   0    0.01 INCH OR MORE:   6
MAX 90 OR ABOVE:   0    0.10 INCH OR MORE:   5
MIN 32 OR BELOW:   0    0.50 INCH OR MORE:   2
MIN  0 OR BELOW:   0    1.00 INCH OR MORE:   1

[HDD (BASE 65) ]
TOTAL THIS MO.    15    CLEAR  (SCALE 0-3)   8
DPTR FM NORMAL    -3    PTCLDY (SCALE 4-7)  11
TOTAL FM JUL 1    15    CLOUDY (SCALE 8-10)  0
DPTR FM NORMAL    -5

[CDD (BASE 65) ]
TOTAL THIS MO.   114
DPTR FM NORMAL    -3    [PRESSURE DATA]
TOTAL FM JAN 1  2276    HIGHEST SLP M ON M
DPTR FM NORMAL  -145    LOWEST  SLP 29.76 ON M

[REMARKS]
