000
CXUS51 KPHI 290800
CF6MPO
PRELIMINARY LOCAL CLIMATOLOGICAL DATA (WS FORM: F-6)

                                          STATION:   MOUNT POCONO PA
                                          MONTH:     MAY
                                          YEAR:      2017
                                          LATITUDE:   41  8 N
                                          LONGITUDE:  75 24 W

  TEMPERATURE IN F:       :PCPN:    SNOW:  WIND      :SUNSHINE: SKY     :PK WND
================================================================================
1   2   3   4   5  6A  6B    7    8   9   10  11  12  13   14  15   16   17  18
                                     12Z  AVG MX 2MIN
DY MAX MIN AVG DEP HDD CDD  WTR  SNW DPTH SPD SPD DIR MIN PSBL S-S WX    SPD DR
================================================================================

 1  71  44  58   7   7   0 0.08    M    M  9.2 22 190   M    M   9 12     31 190
 2  65  49  57   6   8   0 0.34    M    M 15.9 31 260   M    M   9 1      44 280
 3  54  38  46  -6  19   0    T    M    M 13.6 23 310   M    M   6        36 340
 4  58  36  47  -5  18   0    T    M    M 11.9 21 140   M    M   5        28 130
 5  57  42  50  -2  15   0 0.80    M    M 12.0 21  90   M    M  10 12     28 110
 6  57  42  50  -2  15   0 0.11    M    M 12.3 23 140   M    M   8 12     29 150
 7  44  37  41 -12  24   0 0.14    M    M 10.5 20 300   M    M  10 1      25 270
 8  51  32  42 -11  23   0 0.03    M    M  9.3 22 270   M    M   7        27 280
 9  54  35  45  -8  20   0 0.00    M    M  6.8 16 290   M    M   6        23 310
10  57  35  46  -8  19   0 0.00    M    M  6.8 15 330   M    M   3        20 340
11  55  35  45  -9  20   0 0.00    M    M  5.3 14  90   M    M   0        19 100
12  58  40  49  -5  16   0    T    M    M  5.7 15 140   M    M   8        19 130
13  47  41  44 -10  21   0 1.31    M    M  8.3 15  60   M    M  10 1      20 100
14  61  39  50  -5  15   0 0.12    M    M 11.7 30 330   M    M   8 1      44 340
15  61  45  53  -2  12   0 0.02    M    M 16.8 31 310   M    M   7        45 320
16  70  47  59   4   6   0 0.00    M    M  7.8 16 290   M    M   1        23 310
17  85  53  69  14   0   4 0.00    M    M  9.4 25 270   M    M   0        35 260
18  86  61  74  18   0   9 0.00    M    M 11.5 23 260   M    M   1        31 240
19  82  52  67  11   0   2 0.00    M    M 11.8 22 270   M    M   2        29 240
20  60  40  50  -6  15   0    T    M    M  6.5 17  80   M    M   7        22  70
21  65  38  52  -4  13   0    T    M    M  9.7 21 140   M    M   6 1      27 150
22  55  48  52  -5  13   0    T    M    M  6.2 13 160   M    M  10 12     19 150
23  62  47  55  -2  10   0 0.00    M    M  4.9 16 340   M    M   0 1      22 340
24  67  47  57   0   8   0 0.00    M    M  9.0 20 140   M    M   5        24 150
25  55  49  52  -6  13   0 0.08    M    M 12.0 22 100   M    M  10 123    29 110
26  64  52  58   0   7   0 0.05    M    M 10.1 20 290   M    M   9 1      27 290
27  67  52  60   2   5   0    T    M    M  5.5 12 320   M    M   9        16 330
28  69  51  60   2   5   0 0.09    M    M  7.5 16 150   M    M   8 8      21 160
================================================================================
SM 1737 1227       347  15  3.17    M    268.0          M      174
================================================================================
AV 62.0 43.8                               9.6 FASTST   M    M   6    MAX(MPH)
                                 MISC ---->  # 31 260               # 45  320
================================================================================
NOTES:
# LAST OF SEVERAL OCCURRENCES

COLUMN 17 PEAK WIND IN M.P.H.

PRELIMINARY LOCAL CLIMATOLOGICAL DATA (WS FORM: F-6) , PAGE 2

                                          STATION:  MOUNT POCONO PA
                                          MONTH:    MAY
                                          YEAR:     2017
                                          LATITUDE:   41  8 N
                                          LONGITUDE:  75 24 W

[TEMPERATURE DATA]      [PRECIPITATION DATA]       SYMBOLS USED IN COLUMN 16

AVERAGE MONTHLY: 52.9   TOTAL FOR MONTH:   3.17    1 = FOG OR MIST
DPTR FM NORMAL:  -1.8   DPTR FM NORMAL:   -0.72    2 = FOG REDUCING VISIBILITY
HIGHEST:    86 ON 18    GRTST 24HR  1.31 ON 13-13      TO 1/4 MILE OR LESS
LOWEST:     32 ON  8                               3 = THUNDER
                        SNOW, ICE PELLETS, HAIL    4 = ICE PELLETS
                        TOTAL MONTH:    M          5 = HAIL
                        GRTST 24HR    M  ON   M    6 = FREEZING RAIN OR DRIZZLE
                        GRTST DEPTH:  M  ON   M    7 = DUSTSTORM OR SANDSTORM:
                                                       VSBY 1/2 MILE OR LESS
                                                   8 = SMOKE OR HAZE
[NO. OF DAYS WITH]      [WEATHER - DAYS WITH]      9 = BLOWING SNOW
                                                   X = TORNADO
MAX 32 OR BELOW:   0    0.01 INCH OR MORE:  12
MAX 90 OR ABOVE:   0    0.10 INCH OR MORE:   6
MIN 32 OR BELOW:   1    0.50 INCH OR MORE:   2
MIN  0 OR BELOW:   0    1.00 INCH OR MORE:   1

[HDD (BASE 65) ]
TOTAL THIS MO.   347    CLEAR  (SCALE 0-3)   6
DPTR FM NORMAL    47    PTCLDY (SCALE 4-7)  13
TOTAL FM JUL 1  6495    CLOUDY (SCALE 8-10)  9
DPTR FM NORMAL  -499

[CDD (BASE 65) ]
TOTAL THIS MO.    15
DPTR FM NORMAL     5    [PRESSURE DATA]
TOTAL FM JAN 1    18    HIGHEST SLP M ON M
DPTR FM NORMAL     4    LOWEST  SLP  0.00 ON 26

[REMARKS]
