000
CXUS51 KBTV 310700
CF6MPV
PRELIMINARY LOCAL CLIMATOLOGICAL DATA (WS FORM: F-6)

                                          STATION:   MONTPELIER VT
                                          MONTH:     JULY
                                          YEAR:      2014
                                          LATITUDE:   44 12 N
                                          LONGITUDE:  72 34 W

  TEMPERATURE IN F:       :PCPN:    SNOW:  WIND      :SUNSHINE: SKY     :PK WND
================================================================================
1   2   3   4   5  6A  6B    7    8   9   10  11  12  13   14  15   16   17  18
                                     12Z  AVG MX 2MIN
DY MAX MIN AVG DEP HDD CDD  WTR  SNW DPTH SPD SPD DIR MIN PSBL S-S WX    SPD DR
================================================================================

 1  87  64  76  10   0  11 0.00  0.0    0  7.3 14 200   M    M   1 1      22 200
 2  89  68  79  13   0  14 0.10  0.0    0  6.6 15 180   M    M   2 13     20 160
 3  86  63  75   8   0  10 0.42  0.0    0  3.4 16 280   M    M   4 13     25 300
 4  68  58  63  -4   2   0 0.05  0.0    0  4.7 13 320   M    M   9 1      19 310
 5  77  56  67   0   0   2 0.00  0.0    0 12.7 25 290   M    M   2        35 310
 6  79  60  70   3   0   5 0.00  0.0    0  7.3 17 230   M    M   2        25 230
 7  78  54  66  -1   0   1    T  0.0    0  7.8 17 190   M    M   4        23 220
 8  82  68  75   8   0  10 0.10  0.0    0  9.2 16 160   M    M   3        28 210
 9  78  62  70   3   0   5 0.03  0.0    0  8.9 20 220   M    M   4 13     27 210
10  73  51  62  -5   3   0 0.00  0.0    0  5.6 15 300   M    M   1        20 310
11  77  47  62  -5   3   0 0.00  0.0    0  2.1  9 310   M    M   2 12     13 330
12  83  47  65  -2   0   0 0.00  0.0    0  4.1 12 200   M    M   3 12     16 200
13  80  65  73   6   0   8 0.49  0.0    0  9.0 17 170   M    M   6 1      23 170
14  81  60  71   4   0   6    T  0.0    0  3.2 12 310   M    M   4 12     44 330
15  78  61  70   3   0   5 0.03  0.0    0  4.3 14 170   M    M   7 12     18 180
16  76  56  66  -1   0   1 0.36  0.0    0  3.1 16 310   M    M   6 1      24 290
17  72  50  61  -6   4   0 0.00  0.0    0  3.3 12 300   M    M   4 128    16 300
18  75  47  61  -6   4   0 0.00  0.0    0  2.7 13 300   M    M   2 12     19 300
19  77  49  63  -4   2   0 0.00  0.0    0  2.4 13 160   M    M   3 12     16 170
20  78  54  66  -1   0   1 0.00  0.0    0  4.2 15 150   M    M   4 12     20 160
21  82  51  67   0   0   2 0.00  0.0    0  3.2 10 150   M    M   2 1      14 150
22  86  58  72   5   0   7 0.00  0.0    0  3.3 13 170   M    M   2 1      15 170
23  86  63  75   8   0  10 1.57  0.0    0  7.5 12 320   M    M   5 138    21 320
24  70  49  60  -7   5   0 0.00  0.0    0  5.9 17 280   M    M   2        21 290
25  75  47  61  -6   4   0 0.00  0.0    0  3.4 14 280   M    M   2 12     22 270
26   M   M   M   M   M   M 0.00  0.0    0  4.9 12 180   M    M   5 12     18 230
27  77  58  68   1   0   3 0.57  0.0    0  5.0 16 170   M    M   7 13     19 170
28  69  57  63  -4   2   0 1.87  0.0    0  5.4 16 290   M    M  10 123    23 310
29  68  49  59  -8   6   0    T    M    0  6.3 14 340   M    M   5 12     22 300
30  72  49  61  -6   4   0 0.00  0.0    0  1.9 10 170   M    M   6 12     14 150
================================================================================
SM 2259 1621        39 101  5.59     0.0 158.7          M      119
================================================================================
AV 77.9 55.9                               5.3 FASTST   M    M   4    MAX(MPH)
                                 MISC ---->  # 25 290               # 44  330
================================================================================
NOTES:
# LAST OF SEVERAL OCCURRENCES

COLUMN 17 PEAK WIND IN M.P.H.

PRELIMINARY LOCAL CLIMATOLOGICAL DATA (WS FORM: F-6) , PAGE 2

                                          STATION:  MONTPELIER VT
                                          MONTH:    JULY
                                          YEAR:     2014
                                          LATITUDE:   44 12 N
                                          LONGITUDE:  72 34 W

[TEMPERATURE DATA]      [PRECIPITATION DATA]       SYMBOLS USED IN COLUMN 16

AVERAGE MONTHLY: 66.9   TOTAL FOR MONTH:   5.59    1 = FOG OR MIST
DPTR FM NORMAL:  -0.0   DPTR FM NORMAL:    1.66    2 = FOG REDUCING VISIBILITY
HIGHEST:    89 ON  2    GRTST 24HR  1.87 ON 28-28      TO 1/4 MILE OR LESS
LOWEST:     47 ON 25,18                            3 = THUNDER
                        SNOW, ICE PELLETS, HAIL    4 = ICE PELLETS
                        TOTAL MONTH:   0.0 INCH    5 = HAIL
                        GRTST 24HR     0.0         6 = FREEZING RAIN OR DRIZZLE
                        GRTST DEPTH:   0           7 = DUSTSTORM OR SANDSTORM:
                                                       VSBY 1/2 MILE OR LESS
                                                   8 = SMOKE OR HAZE
[NO. OF DAYS WITH]      [WEATHER - DAYS WITH]      9 = BLOWING SNOW
                                                   X = TORNADO
MAX 32 OR BELOW:   0    0.01 INCH OR MORE:  11
MAX 90 OR ABOVE:   0    0.10 INCH OR MORE:   8
MIN 32 OR BELOW:   0    0.50 INCH OR MORE:   3
MIN  0 OR BELOW:   0    1.00 INCH OR MORE:   2

[HDD (BASE 65) ]
TOTAL THIS MO.    39    CLEAR  (SCALE 0-3)  12
DPTR FM NORMAL     3    PTCLDY (SCALE 4-7)  16
TOTAL FM JUL 1    39    CLOUDY (SCALE 8-10)  2
DPTR FM NORMAL     3

[CDD (BASE 65) ]
TOTAL THIS MO.   101
DPTR FM NORMAL     7    [PRESSURE DATA]
TOTAL FM JAN 1   132    HIGHEST SLP M ON M
DPTR FM NORMAL   -25    LOWEST  SLP 29.53 ON 28

[REMARKS]
