000
CXUS53 KMQT 200700
CF6MQT
PRELIMINARY LOCAL CLIMATOLOGICAL DATA (WS FORM: F-6)

                                          STATION:   MARQUETTE MI
                                          MONTH:     SEPTEMBER
                                          YEAR:      2017
                                          LATITUDE:   46 31 N
                                          LONGITUDE:  87 33 W

  TEMPERATURE IN F:       :PCPN:    SNOW:  WIND      :SUNSHINE: SKY     :PK WND
================================================================================
1   2   3   4   5  6A  6B    7    8   9   10  11  12  13   14  15   16   17  18
                                     12Z  AVG MX 2MIN
DY MAX MIN AVG DEP HDD CDD  WTR  SNW DPTH SPD SPD DIR MIN PSBL S-S WX    SPD DR
================================================================================

 1  69  33  51 -10  14   0 0.00  0.0    0   M   M   M   M    M   M        18 225
 2  56  49  53  -8  12   0 0.24  0.0    0   M   M   M   M    M   M        25 225
 3  76  52  64   3   1   0 0.00  0.0    0   M   M   M   M    M   M        21 225
 4  66  49  58  -2   7   0 0.24  0.0    0   M   M   M   M    M   M 13     24 315
 5  54  47  51  -9  14   0 0.23  0.0    0   M   M   M   M    M   M        22 270
 6  54  46  50 -10  15   0 0.30  0.0    0   M   M   M   M    M   M        19  45
 7  53  43  48 -11  17   0 0.21  0.0    0   M   M   M   M    M   M        11 270
 8  58  37  48 -11  17   0 0.00  0.0    0   M   M   M   M    M   M        16  90
 9  65  31  48 -11  17   0 0.00  0.0    0   M   M   M   M    M   M        14 270
10  70  43  57  -1   8   0 0.00  0.0    0   M   M   M   M    M   M        20 225
11  76  52  64   6   1   0 0.00  0.0    0   M   M   M   M    M   M        21 225
12  79  49  64   7   1   0 0.00  0.0    0   M   M   M   M    M   M         9 180
13  82  52  67  10   0   2 0.00  0.0    0   M   M   M   M    M   M        12 225
14  78  56  67  10   0   2 0.00  0.0    0   M   M   M   M    M   M        17 180
15  73  60  67  11   0   2    T  0.0    0   M   M   M   M    M   M        15 180
16  82  63  73  17   0   8 0.05  0.0    0   M   M   M   M    M   M 3      22 180
17  68  48  58   3   7   0 0.30  0.0    0   M   M   M   M    M   M 3      25 270
18  64  40  52  -3  13   0 0.08  0.0    0   M   M   M   M    M   M        11  45
19  72  50  61   6   4   0 0.01  0.0    0   M   M   M   M    M   M        14 135
================================================================================
SM 1295  900       148  14  1.66     0.0     M          M        M
================================================================================
AV 68.2 47.4                                 M FASTST   M    M -nan   MAX(MPH)
                                 MISC ---->     M   M               # 25  225
================================================================================
NOTES:
# LAST OF SEVERAL OCCURRENCES

COLUMN 17 PEAK WIND IN M.P.H.

PRELIMINARY LOCAL CLIMATOLOGICAL DATA (WS FORM: F-6) , PAGE 2

                                          STATION:  MARQUETTE MI
                                          MONTH:    SEPTEMBER
                                          YEAR:     2017
                                          LATITUDE:   46 31 N
                                          LONGITUDE:  87 33 W

[TEMPERATURE DATA]      [PRECIPITATION DATA]       SYMBOLS USED IN COLUMN 16

AVERAGE MONTHLY: 57.8   TOTAL FOR MONTH:   1.66    1 = FOG OR MIST
DPTR FM NORMAL:  -0.3   DPTR FM NORMAL:   -0.57    2 = FOG REDUCING VISIBILITY
HIGHEST:    82 ON 16,13 GRTST 24HR  0.30 ON 17-17      TO 1/4 MILE OR LESS
LOWEST:     31 ON  9                               3 = THUNDER
                        SNOW, ICE PELLETS, HAIL    4 = ICE PELLETS
                        TOTAL MONTH:   0.0 INCH    5 = HAIL
                        GRTST 24HR     0.0         6 = FREEZING RAIN OR DRIZZLE
                        GRTST DEPTH:   0           7 = DUSTSTORM OR SANDSTORM:
                                                       VSBY 1/2 MILE OR LESS
                                                   8 = SMOKE OR HAZE
[NO. OF DAYS WITH]      [WEATHER - DAYS WITH]      9 = BLOWING SNOW
                                                   X = TORNADO
MAX 32 OR BELOW:   0    0.01 INCH OR MORE:   9
MAX 90 OR ABOVE:   0    0.10 INCH OR MORE:   6
MIN 32 OR BELOW:   1    0.50 INCH OR MORE:   0
MIN  0 OR BELOW:   0    1.00 INCH OR MORE:   0

[HDD (BASE 65) ]
TOTAL THIS MO.   148    CLEAR  (SCALE 0-3)   0
DPTR FM NORMAL    -4    PTCLDY (SCALE 4-7)   0
TOTAL FM JUL 1   413    CLOUDY (SCALE 8-10)  0
DPTR FM NORMAL    76

[CDD (BASE 65) ]
TOTAL THIS MO.    14
DPTR FM NORMAL    -7    [PRESSURE DATA]
TOTAL FM JAN 1   107    HIGHEST SLP M ON M
DPTR FM NORMAL  -134    LOWEST  SLP M ON M

[REMARKS]
