000
CXUS51 KLWX 280620
CF6MRB
PRELIMINARY LOCAL CLIMATOLOGICAL DATA (WS FORM: F-6)

                                          STATION:   MARTINSBURG WV
                                          MONTH:     AUGUST
                                          YEAR:      2015
                                          LATITUDE:   39 24 N
                                          LONGITUDE:  77 59 W

  TEMPERATURE IN F:       :PCPN:    SNOW:  WIND      :SUNSHINE: SKY     :PK WND
================================================================================
1   2   3   4   5  6A  6B    7    8   9   10  11  12  13   14  15   16   17  18
                                     12Z  AVG MX 2MIN
DY MAX MIN AVG DEP HDD CDD  WTR  SNW DPTH SPD SPD DIR MIN PSBL S-S WX    SPD DR
================================================================================

 1  88  62  75   1   0  10 0.00    M    M  7.2 18 220   M    M   2         M  M
 2  87  58  73  -1   0   8 0.00    M    M  5.0 12 190   M    M   1        18 170
 3  91  61  76   2   0  11 0.00    M    M  5.8 16 250   M    M   2 8      22 250
 4  90  65  78   4   0  13 0.08    M    M  6.7 17 300   M    M   2 1      22 240
 5  88  64  76   2   0  11 0.00    M    M  5.4 17 270   M    M   1 1      22 270
 6  76  59  68  -6   0   3 0.08    M    M  3.3 12 250   M    M   6 1      15 330
 7  80  62  71  -3   0   6 0.01    M    M  2.9 10 320   M    M   8 1      19 350
 8  84  61  73  -1   0   8 0.00    M    M  3.4 10 100   M    M   6 18     18 100
 9  85  66  76   2   0  11 0.02    M    M  2.8 14  50   M    M   6 1      18  40
10  75  68  72  -2   0   7 0.03    M    M  6.4 16 150   M    M   9 1      22 140
11  88  67  78   4   0  13 0.16    M    M  7.4 20 280   M    M   4 1      25 260
12  83  66  75   1   0  10 0.00    M    M  8.8 18 280   M    M   3        28 290
13  81  55  68  -5   0   3 0.00    M    M  4.4 14 310   M    M   0        19 310
14  87  52  70  -3   0   5 0.00    M    M  2.7 12 150   M    M   0        16 150
15  90  58  74   1   0   9 0.00    M    M  2.7 10 130   M    M   0        14 120
16  93  62  78   5   0  13 0.00    M    M  2.7 10 140   M    M   1 1      14 140
17  93  64  79   6   0  14 0.00    M    M  2.8 13 140   M    M   1 1      16 140
18  85  65  75   2   0  10    T    M    M  4.3 16 180   M    M   3 18     24 190
19  88  70  79   6   0  14 0.01    M    M  5.3 16 170   M    M   7 1      23 170
20  85  69  77   4   0  12 0.97    M    M  3.6 21 290   M    M   8 1      25 290
21  83  57  70  -2   0   5 0.00    M    M  4.2 14 340   M    M   0        18 340
22  83  53  68  -4   0   3 0.00    M    M  1.9 13 350   M    M   0 1      19  10
23  83  53  68  -4   0   3 0.00    M    M  2.3 10 150   M    M   2 1      14 150
24  87  62  75   3   0  10    T    M    M  3.0 13 290   M    M   3 1      16 290
25  82  59  71  -1   0   6 0.00    M    M  6.6 17 300   M    M   3        25 280
26  78  56  67  -5   0   2 0.00    M    M  4.8 13 320   M    M   4        18 270
27  78  54  66  -5   0   1 0.00    M    M  3.8 14 330   M    M   4        20 320
================================================================================
SM 2291 1648         0 221  1.36    M    120.2          M       86
================================================================================
AV 84.9 61.0                               4.5 FASTST   M    M   3    MAX(MPH)
                                 MISC ---->  # 21 290               # 28  290
================================================================================
NOTES:
# LAST OF SEVERAL OCCURRENCES

COLUMN 17 PEAK WIND IN M.P.H.

PRELIMINARY LOCAL CLIMATOLOGICAL DATA (WS FORM: F-6) , PAGE 2

                                          STATION:  MARTINSBURG WV
                                          MONTH:    AUGUST
                                          YEAR:     2015
                                          LATITUDE:   39 24 N
                                          LONGITUDE:  77 59 W

[TEMPERATURE DATA]      [PRECIPITATION DATA]       SYMBOLS USED IN COLUMN 16

AVERAGE MONTHLY: 72.9   TOTAL FOR MONTH:   1.36    1 = FOG OR MIST
DPTR FM NORMAL:  -0.2   DPTR FM NORMAL:   -1.33    2 = FOG REDUCING VISIBILITY
HIGHEST:    93 ON 17,16 GRTST 24HR  0.97 ON 20-20      TO 1/4 MILE OR LESS
LOWEST:     52 ON 14                               3 = THUNDER
                        SNOW, ICE PELLETS, HAIL    4 = ICE PELLETS
                        TOTAL MONTH:    M          5 = HAIL
                        GRTST 24HR    M  ON   M    6 = FREEZING RAIN OR DRIZZLE
                        GRTST DEPTH:  M  ON   M    7 = DUSTSTORM OR SANDSTORM:
                                                       VSBY 1/2 MILE OR LESS
                                                   8 = SMOKE OR HAZE
[NO. OF DAYS WITH]      [WEATHER - DAYS WITH]      9 = BLOWING SNOW
                                                   X = TORNADO
MAX 32 OR BELOW:   0    0.01 INCH OR MORE:   8
MAX 90 OR ABOVE:   5    0.10 INCH OR MORE:   2
MIN 32 OR BELOW:   0    0.50 INCH OR MORE:   1
MIN  0 OR BELOW:   0    1.00 INCH OR MORE:   0

[HDD (BASE 65) ]
TOTAL THIS MO.     0    CLEAR  (SCALE 0-3)  16
DPTR FM NORMAL     0    PTCLDY (SCALE 4-7)  10
TOTAL FM JUL 1     0    CLOUDY (SCALE 8-10)  1
DPTR FM NORMAL    -1

[CDD (BASE 65) ]
TOTAL THIS MO.   221
DPTR FM NORMAL    -2    [PRESSURE DATA]
TOTAL FM JAN 1   934    HIGHEST SLP M ON M
DPTR FM NORMAL   168    LOWEST  SLP 29.75 ON 11

[REMARKS]
