000
CXUS51 KLWX 200620
CF6MRB
PRELIMINARY LOCAL CLIMATOLOGICAL DATA (WS FORM: F-6)

                                          STATION:   MARTINSBURG WV
                                          MONTH:     FEBRUARY
                                          YEAR:      2017
                                          LATITUDE:   39 24 N
                                          LONGITUDE:  77 59 W

  TEMPERATURE IN F:       :PCPN:    SNOW:  WIND      :SUNSHINE: SKY     :PK WND
================================================================================
1   2   3   4   5  6A  6B    7    8   9   10  11  12  13   14  15   16   17  18
                                     12Z  AVG MX 2MIN
DY MAX MIN AVG DEP HDD CDD  WTR  SNW DPTH SPD SPD DIR MIN PSBL S-S WX    SPD DR
================================================================================

 1  49  36  43  11  22   0 0.00    M    M 10.6 24 260   M    M   4 8      29 260
 2  47  27  37   5  28   0 0.00    M    M  9.8 25 270   M    M   5        32 270
 3  35  24  30  -2  35   0 0.00    M    M 10.3 26 290   M    M   6        36 280
 4  38  17  28  -4  37   0 0.00    M    M  5.4 16 250   M    M   1        24 230
 5  51  26  39   7  26   0 0.00    M    M  9.5 24 280   M    M   5        32 260
 6  63  34  49  17  16   0 0.00    M    M  6.1 21 280   M    M   0        25 280
 7  72  45  59  27   6   0 0.03    M    M  8.3 17 230   M    M   6 1      26 200
 8  66  46  56  24   9   0    T    M    M  9.4 18 280   M    M   6        28 330
 9  46  21  34   1  31   0 0.34    M    M 17.1 33 320   M    M   9 18     42 300
10  34  20  27  -6  38   0 0.00    M    M  8.8 21 300   M    M   5        27 300
11  69  26  48  15  17   0 0.00    M    M  5.8 21 270   M    M   0        28 260
12  52  40  46  13  19   0 0.29    M    M  9.5 39 310   M    M   9 18     52 300
13  44  26  35   2  30   0    T    M    M 16.0 37 290   M    M   4        51 290
14  50  22  36   2  29   0 0.00    M    M  4.7 15 200   M    M   2 8      18 200
15  49  30  40   6  25   0    T    M    M 10.0 26 280   M    M   7 8      36 330
16  36  23  30  -4  35   0    T    M    M 13.9 24 280   M    M   6 8      34 300
17  51  17  34   0  31   0 0.00    M    M  0.8  7  70   M    M   2        10  20
18  71  25  48  14  17   0 0.00    M    M  6.2 17 260   M    M   0        23 250
19  67  53  60  26   5   0 0.00    M    M 10.9 22 280   M    M   4        27 270
================================================================================
SM  990  558       456   0  0.66    M    173.1          M       81
================================================================================
AV 52.1 29.4                               9.1 FASTST   M    M   4    MAX(MPH)
                                 MISC ---->  # 39 310               # 52  300
================================================================================
NOTES:
# LAST OF SEVERAL OCCURRENCES

COLUMN 17 PEAK WIND IN M.P.H.

PRELIMINARY LOCAL CLIMATOLOGICAL DATA (WS FORM: F-6) , PAGE 2

                                          STATION:  MARTINSBURG WV
                                          MONTH:    FEBRUARY
                                          YEAR:     2017
                                          LATITUDE:   39 24 N
                                          LONGITUDE:  77 59 W

[TEMPERATURE DATA]      [PRECIPITATION DATA]       SYMBOLS USED IN COLUMN 16

AVERAGE MONTHLY: 40.7   TOTAL FOR MONTH:   0.66    1 = FOG OR MIST
DPTR FM NORMAL:   7.8   DPTR FM NORMAL:   -0.90    2 = FOG REDUCING VISIBILITY
HIGHEST:    72 ON  7    GRTST 24HR  0.34 ON  9- 9      TO 1/4 MILE OR LESS
LOWEST:     17 ON 17, 4                            3 = THUNDER
                        SNOW, ICE PELLETS, HAIL    4 = ICE PELLETS
                        TOTAL MONTH:    M          5 = HAIL
                        GRTST 24HR    M  ON   M    6 = FREEZING RAIN OR DRIZZLE
                        GRTST DEPTH:  M  ON   M    7 = DUSTSTORM OR SANDSTORM:
                                                       VSBY 1/2 MILE OR LESS
                                                   8 = SMOKE OR HAZE
[NO. OF DAYS WITH]      [WEATHER - DAYS WITH]      9 = BLOWING SNOW
                                                   X = TORNADO
MAX 32 OR BELOW:   0    0.01 INCH OR MORE:   3
MAX 90 OR ABOVE:   0    0.10 INCH OR MORE:   2
MIN 32 OR BELOW:  13    0.50 INCH OR MORE:   0
MIN  0 OR BELOW:   0    1.00 INCH OR MORE:   0

[HDD (BASE 65) ]
TOTAL THIS MO.   456    CLEAR  (SCALE 0-3)   6
DPTR FM NORMAL  -154    PTCLDY (SCALE 4-7)  11
TOTAL FM JUL 1  2951    CLOUDY (SCALE 8-10)  2
DPTR FM NORMAL  -742

[CDD (BASE 65) ]
TOTAL THIS MO.     0
DPTR FM NORMAL     0    [PRESSURE DATA]
TOTAL FM JAN 1     0    HIGHEST SLP M ON M
DPTR FM NORMAL     0    LOWEST  SLP 29.44 ON 15

[REMARKS]
