000
CXUS52 KMHX 240700
CF6MRH
PRELIMINARY LOCAL CLIMATOLOGICAL DATA (WS FORM: F-6)

                                          STATION:   BEAUFORT/SMITH FIELD NC
                                          MONTH:     JANUARY
                                          YEAR:      2018
                                          LATITUDE:   34 43 N
                                          LONGITUDE:  76 39 W

  TEMPERATURE IN F:       :PCPN:    SNOW:  WIND      :SUNSHINE: SKY     :PK WND
================================================================================
1   2   3   4   5  6A  6B    7    8   9   10  11  12  13   14  15   16   17  18
                                     12Z  AVG MX 2MIN
DY MAX MIN AVG DEP HDD CDD  WTR  SNW DPTH SPD SPD DIR MIN PSBL S-S WX    SPD DR
================================================================================

 1  30  19  25 -20  40   0 0.00  0.0    0 14.6 28  20   M    M   3        34  10
 2  33  17  25 -20  40   0 0.00  0.0    0  8.6 21  20   M    M   0        27  10
 3  43  17  30 -15  35   0 1.13  0.0    0 14.3 33 330   M    M   7 1      42 340
 4  33  23  28 -17  37   0 0.28    M    M 20.6 38 320   M    M   5 16     46 320
 5  31  17  24 -21  41   0 0.00  0.0    0 13.3 22 300   M    M   0        27 300
 6  27  17  22 -23  43   0 0.00  0.0    0 10.0 23 330   M    M   0        28 330
 7  28  15  22 -23  43   0 0.00  0.0    0  9.0 20  20   M    M   0        26  10
 8  55  18  37  -8  28   0 0.00  0.0    0  3.0  8  20   M    M   0        10  50
 9  64  34  49   5  16   0 0.00  0.0    0  4.7 13 340   M    M   1        15  50
10  67  36  52   8  13   0 0.00  0.0    0  6.8 13  20   M    M   2        19  40
11  69  57  63  19   2   0 0.01  0.0    0 10.9 18 140   M    M   8 1      25 140
12  71  61  66  22   0   1 1.55  0.0    0 15.7 33 220   M    M   9 1      44 200
13  62  38  50   6  15   0    T    M    0 15.1 24 220   M    M   4 8      33 220
14  38  28  33 -11  32   0 0.00  0.0    0 15.5 24  10   M    M   4        32  10
15  45  29  37  -7  28   0 0.01    M    0 12.7 20 340   M    M   6 16     26 360
16  54  28  41  -3  24   0 0.00  0.0    0  4.7 15 320   M    M   1        17 320
17  50  28  39  -5  26   0 0.25    M    0 10.7 25 340   M    M   6 16     32 340
18  38  23  31 -13  34   0 0.04    M    0 13.7 22 330   M    M   3 18     37 340
19  50  30  40  -4  25   0 0.00  0.0    0  7.9 15 220   M    M   0        19 240
20  54  38  46   2  19   0 0.00  0.0    0 10.0 21 230   M    M   0        26 220
21  59  35  47   3  18   0 0.00  0.0    0  2.7  9 200   M    M   0        12 190
22  66  36  51   7  14   0    T  0.0    0  4.2 15 170   M    M   3 1      21 170
23  64  50  57  12   8   0 0.39  0.0    0 15.3 24 220   M    M   6 128    33 230
================================================================================
SM 1131  694       581   1  3.66     0.0 244.0          M       68
================================================================================
AV 49.2 30.2                              10.6 FASTST   M    M   3    MAX(MPH)
                                 MISC ---->  # 38 320               # 46  320
================================================================================
NOTES:
# LAST OF SEVERAL OCCURRENCES

COLUMN 17 PEAK WIND IN M.P.H.

PRELIMINARY LOCAL CLIMATOLOGICAL DATA (WS FORM: F-6) , PAGE 2

                                          STATION:  BEAUFORT/SMITH FIELD NC
                                          MONTH:    JANUARY
                                          YEAR:     2018
                                          LATITUDE:   34 43 N
                                          LONGITUDE:  76 39 W

[TEMPERATURE DATA]      [PRECIPITATION DATA]       SYMBOLS USED IN COLUMN 16

AVERAGE MONTHLY: 39.7   TOTAL FOR MONTH:   3.66    1 = FOG OR MIST
DPTR FM NORMAL:  -4.7   DPTR FM NORMAL:    0.84    2 = FOG REDUCING VISIBILITY
HIGHEST:    71 ON 12    GRTST 24HR  1.55 ON 12-12      TO 1/4 MILE OR LESS
LOWEST:     15 ON  7                               3 = THUNDER
                        SNOW, ICE PELLETS, HAIL    4 = ICE PELLETS
                        TOTAL MONTH:   0.0 INCH    5 = HAIL
                        GRTST 24HR     0.0         6 = FREEZING RAIN OR DRIZZLE
                        GRTST DEPTH:   0           7 = DUSTSTORM OR SANDSTORM:
                                                       VSBY 1/2 MILE OR LESS
                                                   8 = SMOKE OR HAZE
[NO. OF DAYS WITH]      [WEATHER - DAYS WITH]      9 = BLOWING SNOW
                                                   X = TORNADO
MAX 32 OR BELOW:   4    0.01 INCH OR MORE:   8
MAX 90 OR ABOVE:   0    0.10 INCH OR MORE:   5
MIN 32 OR BELOW:  14    0.50 INCH OR MORE:   2
MIN  0 OR BELOW:   0    1.00 INCH OR MORE:   2

[HDD (BASE 65) ]
TOTAL THIS MO.   581    CLEAR  (SCALE 0-3)  14
DPTR FM NORMAL   109    PTCLDY (SCALE 4-7)   8
TOTAL FM JUL 1  1419    CLOUDY (SCALE 8-10)  1
DPTR FM NORMAL    77

[CDD (BASE 65) ]
TOTAL THIS MO.     1
DPTR FM NORMAL     1    [PRESSURE DATA]
TOTAL FM JAN 1     1    HIGHEST SLP M ON M
DPTR FM NORMAL     1    LOWEST  SLP 29.25 ON  4

[REMARKS]
