000
CXUS52 KMHX 270700
CF6MRH
PRELIMINARY LOCAL CLIMATOLOGICAL DATA (WS FORM: F-6)

                                          STATION:   BEAUFORT/SMITH FIELD NC
                                          MONTH:     AUGUST
                                          YEAR:      2016
                                          LATITUDE:   34 43 N
                                          LONGITUDE:  76 39 W

  TEMPERATURE IN F:       :PCPN:    SNOW:  WIND      :SUNSHINE: SKY     :PK WND
================================================================================
1   2   3   4   5  6A  6B    7    8   9   10  11  12  13   14  15   16   17  18
                                     12Z  AVG MX 2MIN
DY MAX MIN AVG DEP HDD CDD  WTR  SNW DPTH SPD SPD DIR MIN PSBL S-S WX    SPD DR
================================================================================

 1  87  79  83   3   0  18    T  0.0    0 12.3 22 210   M    M   1        29 280
 2  86  73  80   0   0  15 0.44  0.0    0 11.9 22 220   M    M   2 13     27 240
 3  86  74  80   0   0  15 0.07  0.0    0  7.4 14  70   M    M   3 1      22  60
 4  88  76  82   2   0  17 0.00  0.0    0  7.2 14  50   M    M   1        19  40
 5  87  75  81   1   0  16 0.03  0.0    0  7.2 16 230   M    M   5 1      23  10
 6  88  80  84   4   0  19 0.00  0.0    0 15.8 25 230   M    M   3        34 210
 7  88  82  85   5   0  20 0.00  0.0    0 13.4 22 230   M    M   3        39 210
 8  89  79  84   5   0  19 0.00  0.0    0  8.5 16 210   M    M   3        25 250
 9  89  79  84   5   0  19 0.01  0.0    0  5.8 13 150   M    M   2 1      18 170
10  89  75  82   3   0  17 0.00  0.0    0  4.6 14 150   M    M   1        18 150
11  88  80  84   5   0  19 0.00  0.0    0  6.3 13 150   M    M   2        15 150
12  88  82  85   6   0  20    T  0.0    0 10.3 16 200   M    M   2        28 230
13  89  82  86   7   0  21 0.02  0.0    0 13.7 21 210   M    M   1 1      28 200
14  89  83  86   7   0  21 0.00  0.0    0 13.2 20 220   M    M   2        23 230
15  89  82  86   7   0  21 0.00  0.0    0  8.7 15 220   M    M   2        19 220
16  89  76  83   4   0  18    T  0.0    0  6.3 14 200   M    M   2        20 150
17  88  79  84   5   0  19 0.00  0.0    0 11.7 20 220   M    M   0        24 220
18  89  75  82   3   0  17 0.03  0.0    0 11.2 33 310   M    M   2 1      45 310
19  86  74  80   1   0  15 0.29  0.0    0  6.7 14 350   M    M   2 1      24  30
20  86  73  80   2   0  15    T  0.0    0  5.9 15 200   M    M   0        18 200
21  89  77  83   5   0  18 0.00  0.0    0 10.7 21 220   M    M   0        26 220
22  89  74  82   4   0  17 0.00  0.0    0  7.4 17 360   M    M   1        21  20
23  86  71  79   1   0  14 0.00  0.0    0  6.4 14  40   M    M   1        20  70
24  84  66  75  -3   0  10 0.04  0.0    0  6.1 16  30   M    M   4 1      20  30
25  86  69  78   0   0  13 0.00  0.0    0  4.8 12 120   M    M   1        16 120
26  86  70  78   0   0  13 0.00  0.0    0  3.1 12 190   M    M   2        15 190
================================================================================
SM 2278 1985         0 446  0.93     0.0 226.6          M       48
================================================================================
AV 87.6 76.3                               8.7 FASTST   M    M   2    MAX(MPH)
                                 MISC ---->  # 33 310               # 45  310
================================================================================
NOTES:
# LAST OF SEVERAL OCCURRENCES

COLUMN 17 PEAK WIND IN M.P.H.

PRELIMINARY LOCAL CLIMATOLOGICAL DATA (WS FORM: F-6) , PAGE 2

                                          STATION:  BEAUFORT/SMITH FIELD NC
                                          MONTH:    AUGUST
                                          YEAR:     2016
                                          LATITUDE:   34 43 N
                                          LONGITUDE:  76 39 W

[TEMPERATURE DATA]      [PRECIPITATION DATA]       SYMBOLS USED IN COLUMN 16

AVERAGE MONTHLY: 82.0   TOTAL FOR MONTH:   0.93    1 = FOG OR MIST
DPTR FM NORMAL:   3.0   DPTR FM NORMAL:   -5.62    2 = FOG REDUCING VISIBILITY
HIGHEST:    89 ON 22,21 GRTST 24HR  0.51 ON  2- 3      TO 1/4 MILE OR LESS
LOWEST:     66 ON 24                               3 = THUNDER
                        SNOW, ICE PELLETS, HAIL    4 = ICE PELLETS
                        TOTAL MONTH:   0.0 INCH    5 = HAIL
                        GRTST 24HR     0.0         6 = FREEZING RAIN OR DRIZZLE
                        GRTST DEPTH:   0           7 = DUSTSTORM OR SANDSTORM:
                                                       VSBY 1/2 MILE OR LESS
                                                   8 = SMOKE OR HAZE
[NO. OF DAYS WITH]      [WEATHER - DAYS WITH]      9 = BLOWING SNOW
                                                   X = TORNADO
MAX 32 OR BELOW:   0    0.01 INCH OR MORE:   8
MAX 90 OR ABOVE:   0    0.10 INCH OR MORE:   2
MIN 32 OR BELOW:   0    0.50 INCH OR MORE:   0
MIN  0 OR BELOW:   0    1.00 INCH OR MORE:   0

[HDD (BASE 65) ]
TOTAL THIS MO.     0    CLEAR  (SCALE 0-3)  23
DPTR FM NORMAL     0    PTCLDY (SCALE 4-7)   3
TOTAL FM JUL 1     0    CLOUDY (SCALE 8-10)  0
DPTR FM NORMAL     0

[CDD (BASE 65) ]
TOTAL THIS MO.   446
DPTR FM NORMAL    81    [PRESSURE DATA]
TOTAL FM JAN 1  1566    HIGHEST SLP M ON M
DPTR FM NORMAL   231    LOWEST  SLP 29.82 ON 21

[REMARKS]
