000
CXUS54 KHUN 271617 CCA
CF6MSL

PRELIMINARY LOCAL CLIMATOLOGICAL DATA (WS FORM: F-6)...CORRECTED

                                          STATION:   MUSCLE SHOALS
                                          MONTH:     FEBRUARY
                                          YEAR:      2015
                                          LATITUDE:   34 45 N
                                          LONGITUDE:  87 37 W

  TEMPERATURE IN F:       :PCPN:    SNOW:  WIND      :SUNSHINE: SKY     :PK WND
================================================================================
1   2   3   4   5  6A  6B    7    8   9   10  11  12  13   14  15   16   17  18
                                     12Z  AVG MX 2MIN
DY MAX MIN AVG DEP HDD CDD  WTR  SNW DPTH SPD SPD DIR MIN PSBL S-S WX    SPD DR
================================================================================

 1  58  43  51   9  14   0 0.41  0.0    0 12.6 30 300   M    M   9 18     38 300
 2  44  27  36  -6  29   0 0.00  0.0    0 10.4 25 300   M    M   6        35 300
 3  46  23  35  -8  30   0 0.00  0.0    0  1.7  7 150   M    M   0         8 150
 4  51  26  39  -4  26   0 0.00  0.0    0  3.0 12 190   M    M   1        14 190
 5  46  28  37  -6  28   0    T    T    0  7.7 17  10   M    M   3        25  30
 6  54  19  37  -6  28   0 0.00  0.0    0  1.2  8 220   M    M   0         9 230
 7  67  30  49   6  16   0 0.00  0.0    0  7.6 21 240   M    M   0        25 240
 8  66  48  57  13   8   0 0.00  0.0    0  8.3 25 240   M    M   8        31 240
 9  59  37  48   4  17   0 0.00  0.0    0  8.2 17 340   M    M   9 18     23 340
10  51  31  41  -3  24   0 0.00  0.0    0  7.5 16  20   M    M   M        24  10
11  59  26  43  -1  22   0 0.00  0.0    0  3.4 10 290   M    M   0 18     13 320
12  44  25  35  -9  30   0 0.00  0.0    0 10.4 20 330   M    M   3        28  20
13  41  21  31 -14  34   0 0.00  0.0    0  2.7 12  10   M    M   0        16  20
14  63  25  44  -1  21   0 0.00  0.0    0  8.3 21 300   M    M   2        25 300
15  33  17  25 -20  40   0 0.00  0.0    0  8.4 16  60   M    M   5        23  20
16  34  23  29 -16  36   0 0.76    T    0  7.4 17 330   M    M  10 168    24 340
17  32  20  26 -20  39   0 0.00  0.0    0  5.4 15 340   M    M   8 8      18  10
18  33  20  27 -19  38   0    T    T    0 12.9 29 290   M    M   6 18     39 290
19  27  11  19 -27  46   0 0.00  0.0    0  4.7 13 290   M    M   1        17  10
20  35  21  28 -18  37   0 0.11    T    0  9.6 17 150   M    M  10 68     23 150
21  58  35  47   0  18   0 1.17  0.0    0 13.4 26 180   M    M  10 1      36 180
22  42  33  38  -9  27   0 0.21  0.0    0  6.9 16  20   M    M  10 18     22  20
23  37  27  32 -15  33   0 0.04    T    0  9.3 16  30   M    M   8 168    25  10
24  38  27  33 -15  32   0 0.00  0.0    0  4.5 13 290   M    M   8        15 280
25  37  25  31 -17  34   0 0.41  3.5    0  3.2 10 120   M    M   5 12     14  70
26  45  22  34 -14  31   0    T    T    4  6.7 15 340   M    M   8 12     23 350
================================================================================
SM 1200  690       738   0  3.11     3.5 185.4          M      130
================================================================================
AV 46.2 26.5                               7.1 FASTST   M    M   5    MAX(MPH)
                                 MISC ---->  # 30 300               # 39  290
================================================================================
NOTES:
# LAST OF SEVERAL OCCURRENCES

COLUMN 17 PEAK WIND IN M.P.H.

PRELIMINARY LOCAL CLIMATOLOGICAL DATA (WS FORM: F-6) , PAGE 2

                                          STATION:  MUSCLE SHOALS
                                          MONTH:    FEBRUARY
                                          YEAR:     2015
                                          LATITUDE:   34 45 N
                                          LONGITUDE:  87 37 W

[TEMPERATURE DATA]      [PRECIPITATION DATA]       SYMBOLS USED IN COLUMN 16

AVERAGE MONTHLY: 36.3   TOTAL FOR MONTH:   3.11    1 = FOG OR MIST
DPTR FM NORMAL:  -8.6   DPTR FM NORMAL:   -1.21    2 = FOG REDUCING VISIBILITY
HIGHEST:    67 ON  7    GRTST 24HR  1.17 ON 21-21      TO 1/4 MILE OR LESS
LOWEST:     11 ON 19                               3 = THUNDER
                        SNOW, ICE PELLETS, HAIL    4 = ICE PELLETS
                        TOTAL MONTH:   3.5 INCHES  5 = HAIL
                        GRTST 24HR   3.5 ON 25-25  6 = FREEZING RAIN OR DRIZZLE
                        GRTST DEPTH:   4 ON 26     7 = DUSTSTORM OR SANDSTORM:
                                                       VSBY 1/2 MILE OR LESS
                                                   8 = SMOKE OR HAZE
[NO. OF DAYS WITH]      [WEATHER - DAYS WITH]      9 = BLOWING SNOW
                                                   X = TORNADO
MAX 32 OR BELOW:   2    0.01 INCH OR MORE:   7
MAX 90 OR ABOVE:   0    0.10 INCH OR MORE:   6
MIN 32 OR BELOW:  21    0.50 INCH OR MORE:   2
MIN  0 OR BELOW:   0    1.00 INCH OR MORE:   1

[HDD (BASE 65) ]
TOTAL THIS MO.   738    CLEAR  (SCALE 0-3)   9
DPTR FM NORMAL   216    PTCLDY (SCALE 4-7)  10
TOTAL FM JUL 1  2713    CLOUDY (SCALE 8-10)  6
DPTR FM NORMAL   211

[CDD (BASE 65) ]
TOTAL THIS MO.     0
DPTR FM NORMAL     0    [PRESSURE DATA]
TOTAL FM JAN 1     0    HIGHEST SLP M ON M
DPTR FM NORMAL     0    LOWEST  SLP 29.68 ON  1

[REMARKS]
SNOWFALL AND PRECIPITATION DATA FOR FEBRUARY 25TH WERE TAKEN FROM
THE MUSCLE SHOALS COOPERATIVE OBSERVER (GHCND:USC00015751, MWPA1) AT
THE MUSCLE SHOALS WATER TREATMENT PLANT, WHICH IS LOCATED
APPROXIMATELY 1.6 MILES NORTHWEST OF THE MUSCLE SHOALS ASOS (KMSL).
