000
CXUS51 KBTV 250700
CF6MSS
PRELIMINARY LOCAL CLIMATOLOGICAL DATA (WS FORM: F-6)

                                          STATION:   MASSENA NY
                                          MONTH:     APRIL
                                          YEAR:      2017
                                          LATITUDE:   44 55 N
                                          LONGITUDE:  74 51 W

  TEMPERATURE IN F:       :PCPN:    SNOW:  WIND      :SUNSHINE: SKY     :PK WND
================================================================================
1   2   3   4   5  6A  6B    7    8   9   10  11  12  13   14  15   16   17  18
                                     12Z  AVG MX 2MIN
DY MAX MIN AVG DEP HDD CDD  WTR  SNW DPTH SPD SPD DIR MIN PSBL S-S WX    SPD DR
================================================================================

 1  37  30  34  -2  31   0 0.03    M    0  5.7 13  50   M    M   9 1      16  60
 2  50  25  38   1  27   0 0.00  0.0    0  6.4 17 290   M    M   3 1      20 290
 3  50  24  37   0  28   0    T    M    0  9.7 18  60   M    M   2        24  60
 4  49  36  43   5  22   0 0.58    M    0 11.1 28 220   M    M  10 1      35 220
 5  45  40  43   5  22   0    T    M    0  8.7 21 210   M    M  10 1      27 220
 6  42  38  40   1  25   0 1.34    M    0 17.0 28  50   M    M   9 1      36  50
 7   M   M   M   M   M   M 0.09    M    0 11.1 20 300   M    M  10 1      29 310
 8  48  32  40   0  25   0 0.00  0.0    0 13.7 20 270   M    M   6        30 260
 9  64  30  47   7  18   0 0.00  0.0    0  9.6 21 230   M    M   1        26 230
10  78  50  64  23   1   0    T  0.0    0 12.4 31 240   M    M   2        44 250
11  61  43  52  11  13   0 0.20    M    0  5.3 12 310   M    M   9 1      13 300
12  50  40  45   3  20   0    T    M    0 12.3 24 220   M    M  10 12     32 220
13  57  32  45   3  20   0 0.00  0.0    0  8.5 16 310   M    M   3        22 260
14  60  28  44   1  21   0 0.00  0.0    0  2.3 13 320   M    M   0        16 290
15  68  29  49   6  16   0 0.40    M    0  4.4 22 240   M    M   4 1      32 230
16  72  50  61  17   4   0 0.10  0.0    0 10.8 29 230   M    M   9 3      39 230
17  51  37  44   0  21   0 0.00  0.0    0 12.0 21 280   M    M  10        26 280
18  51  27  39  -6  26   0 0.00  0.0    0  6.0 15  50   M    M   2        20  30
19  55  37  46   1  19   0 0.42    M    0  8.8 18 210   M    M   7 1      24 210
20  50  42  46   0  19   0 0.04    M    0 11.6 23  70   M    M   8        29  40
21  64  44  54   8  11   0 0.11    M    0 12.9 24 210   M    M  10 1      35 190
22  50  32  41  -6  24   0    T    M    0  6.4 13 270   M    M   9 1       M  M
23  65  27  46  -1  19   0 0.00  0.0    0  9.7 25 200   M    M   3 12     31 210
24  50  37  44  -4  21   0 0.00  0.0    0 10.4 17  60   M    M   4        23  40
================================================================================
SM 1267  810       453   0  3.31     0.0 226.8          M      150
================================================================================
AV 55.1 35.2                               9.4 FASTST   M    M   6    MAX(MPH)
                                 MISC ---->  # 31 240               # 44  250
================================================================================
NOTES:
# LAST OF SEVERAL OCCURRENCES

COLUMN 17 PEAK WIND IN M.P.H.

PRELIMINARY LOCAL CLIMATOLOGICAL DATA (WS FORM: F-6) , PAGE 2

                                          STATION:  MASSENA NY
                                          MONTH:    APRIL
                                          YEAR:     2017
                                          LATITUDE:   44 55 N
                                          LONGITUDE:  74 51 W

[TEMPERATURE DATA]      [PRECIPITATION DATA]       SYMBOLS USED IN COLUMN 16

AVERAGE MONTHLY: 45.2   TOTAL FOR MONTH:   3.31    1 = FOG OR MIST
DPTR FM NORMAL:   3.2   DPTR FM NORMAL:    1.07    2 = FOG REDUCING VISIBILITY
HIGHEST:    78 ON 10    GRTST 24HR  1.36 ON  6- 7      TO 1/4 MILE OR LESS
LOWEST:     24 ON  3                               3 = THUNDER
                        SNOW, ICE PELLETS, HAIL    4 = ICE PELLETS
                        TOTAL MONTH:   0.0 INCH    5 = HAIL
                        GRTST 24HR     0.0         6 = FREEZING RAIN OR DRIZZLE
                        GRTST DEPTH:   0           7 = DUSTSTORM OR SANDSTORM:
                                                       VSBY 1/2 MILE OR LESS
                                                   8 = SMOKE OR HAZE
[NO. OF DAYS WITH]      [WEATHER - DAYS WITH]      9 = BLOWING SNOW
                                                   X = TORNADO
MAX 32 OR BELOW:   0    0.01 INCH OR MORE:  10
MAX 90 OR ABOVE:   0    0.10 INCH OR MORE:   7
MIN 32 OR BELOW:  11    0.50 INCH OR MORE:   2
MIN  0 OR BELOW:   0    1.00 INCH OR MORE:   1

[HDD (BASE 65) ]
TOTAL THIS MO.   453    CLEAR  (SCALE 0-3)   8
DPTR FM NORMAL  -100    PTCLDY (SCALE 4-7)   5
TOTAL FM JUL 1  6635    CLOUDY (SCALE 8-10) 11
DPTR FM NORMAL -1049

[CDD (BASE 65) ]
TOTAL THIS MO.     0
DPTR FM NORMAL     0    [PRESSURE DATA]
TOTAL FM JAN 1     0    HIGHEST SLP M ON M
DPTR FM NORMAL     0    LOWEST  SLP 29.21 ON  6

[REMARKS]
