000
CXUS55 KLIX 271000
CF6MSY
PRELIMINARY LOCAL CLIMATOLOGICAL DATA (WS FORM: F-6)

                                          STATION:   NEW ORLEANS
                                          MONTH:     MARCH
                                          YEAR:      2015
                                          LATITUDE:   29 58 N
                                          LONGITUDE:  90 15 W

  TEMPERATURE IN F:       :PCPN:    SNOW:  WIND      :SUNSHINE: SKY     :PK WND
================================================================================
1   2   3   4   5  6A  6B    7    8   9   10  11  12  13   14  15   16   17  18
                                     12Z  AVG MX 2MIN
DY MAX MIN AVG DEP HDD CDD  WTR  SNW DPTH SPD SPD DIR MIN PSBL S-S WX    SPD DR
================================================================================

 1  67  56  62   2   3   0 0.13  0.0    0  9.1 17  80   M    M  10 128    23  80
 2  76  59  68   8   0   3 0.99  0.0    0  5.9 15 190   M    M   9 128    19  80
 3  80  65  73  13   0   8 0.00  0.0    0  9.5 24 170   M    M   8 12     30 180
 4  82  67  75  15   0  10 0.01  0.0    0  9.6 24 180   M    M   6 1      30 170
 5  72  34  53  -7  12   0 0.01  0.0    0 19.7 30  10   M    M   8 1      38  20
 6  53  31  42 -19  23   0 0.00  0.0    0 14.2 24  20   M    M   7        30 360
 7  62  40  51 -10  14   0 0.00  0.0    0  7.5 15  50   M    M   4        25 200
 8  71  44  58  -3   7   0 0.00  0.0    0  5.9 14 100   M    M   6 18     17  80
 9  69  59  64   3   1   0 0.08  0.0    0  8.6 17  90   M    M   9 1      24  80
10  78  63  71   9   0   6 2.27  0.0    0  5.0 13  40   M    M   9 138    22 340
11  68  61  65   3   0   0 0.20  0.0    0  6.7 12  60   M    M  10 128    15  70
12  72  65  69   7   0   4 0.49  0.0    0  9.9 17 100   M    M  10 1      23 100
13  77  61  69   7   0   4 1.03  0.0    0  9.4 17 250   M    M   7 1      26 170
14  73  60  67   5   0   2 0.00  0.0    0  6.9 14 290   M    M   8        15 290
15  78  61  70   8   0   5 0.00  0.0    0  3.7 10 180   M    M   7 18     15 120
16  82  59  71   8   0   6 0.00  0.0    0  4.1 10  20   M    M   7 1      13  30
17  86  62  74  11   0   9 0.00  0.0    0  6.4 14 320   M    M   7        18 280
18  81  67  74  11   0   9 0.01  0.0    0  4.5  9 290   M    M   9 138    15  30
19  81  66  74  11   0   9 0.60  0.0    0  4.5 10  90   M    M   6 18     21  30
20  83  66  75  12   0  10 0.00  0.0    0  4.0 10 230   M    M   5 18     17 260
21  82  68  75  11   0  10 0.18  0.0    0  8.4 16 180   M    M   6 18     23 180
22  81  64  73   9   0   8 0.01  0.0    0  9.7 23 250   M    M   8 18     27 260
23  68  59  64   0   1   0    T  0.0    0 11.6 17  20   M    M   9        23 330
24  73  63  68   4   0   3 0.00  0.0    0  5.9 12 110   M    M   8 1      15 130
25  77  58  68   4   0   3 0.00  0.0    0  5.0 12 170   M    M   7 128    15 330
26  70  59  65   0   0   0 0.35  0.0    0  6.9 24 310   M    M   9 13     31 310
================================================================================
SM 1942 1517        61 109  6.36     0.0 202.6          M      199
================================================================================
AV 74.7 58.3                               7.8 FASTST   M    M   8    MAX(MPH)
                                 MISC ---->  # 30  10               # 38   20
================================================================================
NOTES:
# LAST OF SEVERAL OCCURRENCES

COLUMN 17 PEAK WIND IN M.P.H.

PRELIMINARY LOCAL CLIMATOLOGICAL DATA (WS FORM: F-6) , PAGE 2

                                          STATION:  NEW ORLEANS
                                          MONTH:    MARCH
                                          YEAR:     2015
                                          LATITUDE:   29 58 N
                                          LONGITUDE:  90 15 W

[TEMPERATURE DATA]      [PRECIPITATION DATA]       SYMBOLS USED IN COLUMN 16

AVERAGE MONTHLY: 66.5   TOTAL FOR MONTH:   6.36    1 = FOG OR MIST
DPTR FM NORMAL:   4.4   DPTR FM NORMAL:    2.57    2 = FOG REDUCING VISIBILITY
HIGHEST:    86 ON 17    GRTST 24HR  2.27 ON 10-10      TO 1/4 MILE OR LESS
LOWEST:     31 ON  6                               3 = THUNDER
                        SNOW, ICE PELLETS, HAIL    4 = ICE PELLETS
                        TOTAL MONTH:   0.0 INCH    5 = HAIL
                        GRTST 24HR     0.0         6 = FREEZING RAIN OR DRIZZLE
                        GRTST DEPTH:   0           7 = DUSTSTORM OR SANDSTORM:
                                                       VSBY 1/2 MILE OR LESS
                                                   8 = SMOKE OR HAZE
[NO. OF DAYS WITH]      [WEATHER - DAYS WITH]      9 = BLOWING SNOW
                                                   X = TORNADO
MAX 32 OR BELOW:   0    0.01 INCH OR MORE:  14
MAX 90 OR ABOVE:   0    0.10 INCH OR MORE:   9
MIN 32 OR BELOW:   1    0.50 INCH OR MORE:   4
MIN  0 OR BELOW:   0    1.00 INCH OR MORE:   2

[HDD (BASE 65) ]
TOTAL THIS MO.    61    CLEAR  (SCALE 0-3)   0
DPTR FM NORMAL   -61    PTCLDY (SCALE 4-7)  15
TOTAL FM JUL 1  1265    CLOUDY (SCALE 8-10) 11
DPTR FM NORMAL    34

[CDD (BASE 65) ]
TOTAL THIS MO.   109
DPTR FM NORMAL    61    [PRESSURE DATA]
TOTAL FM JAN 1   127    HIGHEST SLP M ON M
DPTR FM NORMAL    42    LOWEST  SLP 29.80 ON 26

[REMARKS]
