271
CXUS56 KOTX 221500
CF6MWH
PRELIMINARY LOCAL CLIMATOLOGICAL DATA (WS FORM: F-6)

                                          STATION:   MOSES LAKE WA AIRPORT
                                          MONTH:     MAY
                                          YEAR:      2015
                                          LATITUDE:   47 12 N
                                          LONGITUDE: 119 19 W

  TEMPERATURE IN F:       :PCPN:    SNOW:  WIND      :SUNSHINE: SKY     :PK WND
================================================================================
1   2   3   4   5  6A  6B    7    8   9   10  11  12  13   14  15   16   17  18
                                     12Z  AVG MX 2MIN
DY MAX MIN AVG DEP HDD CDD  WTR  SNW DPTH SPD SPD DIR MIN PSBL S-S WX    SPD DR
================================================================================

 1  79  49  64  10   1   0 0.00    M    M  8.8 24 310   M    M   0        31 310
 2  72  43  58   3   7   0 0.00    M    M  8.2 16 350   M    M   0        22  20
 3  75  36  56   1   9   0 0.00    M    M  5.4 13  10   M    M   0 8      16  20
 4  80  39  60   5   5   0 0.00    M    M  9.3 24 250   M    M   0        31 240
 5  68  44  56   0   9   0 0.00    M    M 11.1 25 260   M    M   2        33 260
 6  66  37  52  -4  13   0    T    M    M  8.9 25  50   M    M   2        39  80
 7  75  42  59   3   6   0 0.00    M    M  8.7 20  10   M    M   0        27  10
 8  79  42  61   4   4   0 0.00    M    M 10.5 25  10   M    M   0        30 360
 9  79  41  60   3   5   0 0.00    M    M  6.0 14  10   M    M   0        18  10
10  80  41  61   4   4   0 0.00    M    M  4.6 15 150   M    M   0        23  70
11  80  52  66   8   0   1    T    M    M  8.2 21 160   M    M   3        27 120
12  65  49  57  -1   8   0 0.09    M    M  6.9 14 360   M    M   8 1      22 350
13  55  50  53  -5  12   0 0.38    M    M 10.9 22  50   M    M  10 1      26  50
14  68  49  59   0   6   0 0.00    M    M  5.1 12 160   M    M   5 1      14 150
15  79  44  62   3   3   0 0.00    M    M  6.2 15 260   M    M   0        18 260
16  81  58  70  11   0   5 0.00    M    M 10.5 18 250   M    M   2        22 260
17  75  54  65   5   0   0 0.00    M    M  9.4 22  20   M    M   8 3      27  30
18  79  51  65   5   0   0 0.00    M    M  9.5 20  40   M    M   0        25  40
19  83  53  68   8   0   3 0.00    M    M  7.7 17  30   M    M   2        27  10
20  83  54  69   9   0   4 0.00    M    M  8.5 20  60   M    M   0        26  70
21  86  53  70   9   0   5 0.00    M    M  5.2 15 180   M    M   1        24  80
================================================================================
SM 1587  981        92  18  0.47    M    169.6          M       43
================================================================================
AV 75.6 46.7                               8.1 FASTST   M    M   2    MAX(MPH)
                                 MISC ---->  # 25 260               # 39   80
================================================================================
NOTES:
# LAST OF SEVERAL OCCURRENCES

COLUMN 17 PEAK WIND IN M.P.H.

PRELIMINARY LOCAL CLIMATOLOGICAL DATA (WS FORM: F-6) , PAGE 2

                                          STATION:  MOSES LAKE WA AIRPORT
                                          MONTH:    MAY
                                          YEAR:     2015
                                          LATITUDE:   47 12 N
                                          LONGITUDE: 119 19 W

[TEMPERATURE DATA]      [PRECIPITATION DATA]       SYMBOLS USED IN COLUMN 16

AVERAGE MONTHLY: 61.1   TOTAL FOR MONTH:   0.47    1 = FOG OR MIST
DPTR FM NORMAL:   3.5   DPTR FM NORMAL:    0.07    2 = FOG REDUCING VISIBILITY
HIGHEST:    86 ON 21    GRTST 24HR  0.38 ON 13-13      TO 1/4 MILE OR LESS
LOWEST:     36 ON  3                               3 = THUNDER
                        SNOW, ICE PELLETS, HAIL    4 = ICE PELLETS
                        TOTAL MONTH:    M          5 = HAIL
                        GRTST 24HR    M  ON   M    6 = FREEZING RAIN OR DRIZZLE
                        GRTST DEPTH:  M  ON   M    7 = DUSTSTORM OR SANDSTORM:
                                                       VSBY 1/2 MILE OR LESS
                                                   8 = SMOKE OR HAZE
[NO. OF DAYS WITH]      [WEATHER - DAYS WITH]      9 = BLOWING SNOW
                                                   X = TORNADO
MAX 32 OR BELOW:   0    0.01 INCH OR MORE:   2
MAX 90 OR ABOVE:   0    0.10 INCH OR MORE:   1
MIN 32 OR BELOW:   0    0.50 INCH OR MORE:   0
MIN  0 OR BELOW:   0    1.00 INCH OR MORE:   0

[HDD (BASE 65) ]
TOTAL THIS MO.    92    CLEAR  (SCALE 0-3)  17
DPTR FM NORMAL   -75    PTCLDY (SCALE 4-7)   3
TOTAL FM JUL 1  4791    CLOUDY (SCALE 8-10)  1
DPTR FM NORMAL  -993

[CDD (BASE 65) ]
TOTAL THIS MO.    18
DPTR FM NORMAL     7    [PRESSURE DATA]
TOTAL FM JAN 1    18    HIGHEST SLP M ON M
DPTR FM NORMAL     6    LOWEST  SLP  0.00 ON M

[REMARKS]
