000
CXUS54 KLZK 271130
CF6MWT
PRELIMINARY LOCAL CLIMATOLOGICAL DATA (WS FORM: F-6)

                                          STATION:   Mount Ida
                                          MONTH:     AUGUST
                                          YEAR:      2015
                                          LATITUDE:   34 32 N
                                          LONGITUDE:  93 35 W

  TEMPERATURE IN F:       :PCPN:    SNOW:  WIND      :SUNSHINE: SKY     :PK WND
================================================================================
1   2   3   4   5  6A  6B    7    8   9   10  11  12  13   14  15   16   17  18
                                     12Z  AVG MX 2MIN
DY MAX MIN AVG DEP HDD CDD  WTR  SNW DPTH SPD SPD DIR MIN PSBL S-S WX    SPD DR
================================================================================

 1  98  64  81   1   0  16 0.00  0.0    0  1.0  6 320   M    M   1 1      11 150
 2  97  64  81   1   0  16 0.00  0.0    0  0.7  9 120   M    M   0 1      12 210
 3  98  65  82   2   0  17 0.00  0.0    0  1.2  8 170   M    M   0        12 130
 4  95  68  82   2   0  17 0.00  0.0    0  0.8  8 190   M    M   1 1      13 130
 5  99  72  86   6   0  21 0.00  0.0    0  4.0 13 270   M    M   3 1      21 260
 6 102  75  89   9   0  24    T  0.0    0  2.1  9 300   M    M   2        15 260
 7 103  74  89   9   0  24 0.00  0.0    0  2.6 10 280   M    M   0 1      16 260
 8 104  74  89   9   0  24 0.00  0.0    0  3.6 12 140   M    M   0        20 140
 9 105  75  90  10   0  25 0.00  0.0    0  1.8  9 150   M    M   0 1      19 160
10  98  70  84   4   0  19 0.00  0.0    0  0.9 12 140   M    M   0        15 150
11 101  73  87   7   0  22 0.00  0.0    0  2.3 10 350   M    M   1 1      16 330
12  93  66  80   0   0  15 0.00  0.0    0  1.6 12 110   M    M   2        17 140
13  93  61  77  -3   0  12 0.00  0.0    0  1.4 10 130   M    M   0 1      17 140
14  93  60  77  -3   0  12 0.00  0.0    0  2.2 12 130   M    M   0 1      17 150
15  94  61  78  -2   0  13 0.00  0.0    0  1.8 10 120   M    M   0 18     18 140
16  96  66  81   1   0  16 0.00  0.0    0  2.4  9 140   M    M   2 18     15 110
17  98  68  83   3   0  18 0.00  0.0    0  1.5 10 130   M    M   2 18     17 320
18  94  69  82   2   0  17 0.00  0.0    0  2.5 10 180   M    M   1 1      17 150
19  83  63  73  -7   0   8 0.79  0.0    0  3.1 13 320   M    M   6 1      20 310
20  82  58  70 -10   0   5 0.00  0.0    0  1.3  6 130   M    M   2 1      12  10
21  88  67  78  -2   0  13 0.00  0.0    0  2.4 10 140   M    M   5        15 150
22  84  70  77  -2   0  12 0.33  0.0    0  2.3 13 140   M    M   5 1      18 140
23  85  70  78  -1   0  13 0.30  0.0    0  1.2  8  10   M    M   4 1      12  10
24  86  70  78  -1   0  13 0.00  0.0    0  0.9  7 100   M    M   8 1      10 110
25  89  61  75  -4   0  10 0.00  0.0    0  1.4  8  70   M    M   3        13 120
26  92  57  75  -4   0  10 0.00  0.0    0  1.5  7  20   M    M   0        11  20
================================================================================
SM 2450 1741         0 412  1.42     0.0  48.5          M       48
================================================================================
AV 94.2 67.0                               1.9 FASTST   M    M   2    MAX(MPH)
                                 MISC ---->  # 13 270               # 21  260
================================================================================
NOTES:
# LAST OF SEVERAL OCCURRENCES

COLUMN 17 PEAK WIND IN M.P.H.

PRELIMINARY LOCAL CLIMATOLOGICAL DATA (WS FORM: F-6) , PAGE 2

                                          STATION:  Mount Ida
                                          MONTH:    AUGUST
                                          YEAR:     2015
                                          LATITUDE:   34 32 N
                                          LONGITUDE:  93 35 W

[TEMPERATURE DATA]      [PRECIPITATION DATA]       SYMBOLS USED IN COLUMN 16

AVERAGE MONTHLY: 80.6   TOTAL FOR MONTH:   1.42    1 = FOG OR MIST
DPTR FM NORMAL:   0.8   DPTR FM NORMAL:   -0.56    2 = FOG REDUCING VISIBILITY
HIGHEST:   105 ON  9    GRTST 24HR  0.79 ON 19-19      TO 1/4 MILE OR LESS
LOWEST:     57 ON 26                               3 = THUNDER
                        SNOW, ICE PELLETS, HAIL    4 = ICE PELLETS
                        TOTAL MONTH:   0.0 INCH    5 = HAIL
                        GRTST 24HR     0.0         6 = FREEZING RAIN OR DRIZZLE
                        GRTST DEPTH:   0           7 = DUSTSTORM OR SANDSTORM:
                                                       VSBY 1/2 MILE OR LESS
                                                   8 = SMOKE OR HAZE
[NO. OF DAYS WITH]      [WEATHER - DAYS WITH]      9 = BLOWING SNOW
                                                   X = TORNADO
MAX 32 OR BELOW:   0    0.01 INCH OR MORE:   3
MAX 90 OR ABOVE:  19    0.10 INCH OR MORE:   3
MIN 32 OR BELOW:   0    0.50 INCH OR MORE:   1
MIN  0 OR BELOW:   0    1.00 INCH OR MORE:   0

[HDD (BASE 65) ]
TOTAL THIS MO.     0    CLEAR  (SCALE 0-3)  21
DPTR FM NORMAL     0    PTCLDY (SCALE 4-7)   5
TOTAL FM JUL 1     0    CLOUDY (SCALE 8-10)  0
DPTR FM NORMAL     0

[CDD (BASE 65) ]
TOTAL THIS MO.   412
DPTR FM NORMAL    27    [PRESSURE DATA]
TOTAL FM JAN 1  1651    HIGHEST SLP M ON M
DPTR FM NORMAL   261    LOWEST  SLP 29.70 ON 18

[REMARKS]
ALL SNOWFALL DATA IS FROM THE MT IDA 1 SSE COOPERATIVE OBSERVER SITE
ALL SNOWFALL DATA IS FROM THE MT IDA 1 SSE COOPERATIVE OBSERVER SITE
