000
CXUS54 KLZK 281130
CF6MWT
PRELIMINARY LOCAL CLIMATOLOGICAL DATA (WS FORM: F-6)

                                          STATION:   Mount Ida
                                          MONTH:     MARCH
                                          YEAR:      2017
                                          LATITUDE:   34 32 N
                                          LONGITUDE:  93 35 W

  TEMPERATURE IN F:       :PCPN:    SNOW:  WIND      :SUNSHINE: SKY     :PK WND
================================================================================
1   2   3   4   5  6A  6B    7    8   9   10  11  12  13   14  15   16   17  18
                                     12Z  AVG MX 2MIN
DY MAX MIN AVG DEP HDD CDD  WTR  SNW DPTH SPD SPD DIR MIN PSBL S-S WX    SPD DR
================================================================================

 1  72  37  55   7  10   0 0.11    M    0  7.0 17 320   M    M   2        28 320
 2  64  28  46  -3  19   0 0.00  0.0    0  1.3 10 300   M    M   0        16 300
 3  67  30  49   0  16   0 0.00  0.0    0  2.4 12 150   M    M   0        15 140
 4  68  35  52   3  13   0 0.00  0.0    0  3.8 13 170   M    M   2        21 220
 5  61  49  55   5  10   0 0.28  0.0    0  4.3 13 140   M    M  10 1      20 150
 6  71  56  64  14   1   0 0.37  0.0    0  7.8 10 180   M    M   9 1      25 180
 7  71  37  54   4  11   0 0.57    M    0  5.6 22 320   M    M   4 1      37 330
 8  71  30  51   1  14   0 0.00  0.0    0  2.2 16 140   M    M   0        22 150
 9  69  45  57   6   8   0 0.00  0.0    0  1.7 12 220   M    M   6        17 250
10  69  48  59   8   6   0 0.00  0.0    0  4.7 13  90   M    M   2        21  90
11  50  36  43  -8  22   0 0.11    M    0  3.9 12  90   M    M  10 1      19  80
12  55  31  43  -8  22   0 0.00  0.0    0  2.8  9 150   M    M   3        16 360
13  56  35  46  -6  19   0 0.25    M    0  4.8 17 330   M    M   6 1      29 320
14  52  30  41 -11  24   0 0.00  0.0    0  2.8  8  40   M    M   7        12 160
15  53  32  43  -9  22   0 0.00  0.0    0  3.4  9 130   M    M   5        14  80
16  58  42  50  -2  15   0 0.00  0.0    0  4.5 10 140   M    M  10        14 210
17  70  58  64  11   1   0    T  0.0    0  3.5 12 180   M    M  10 1      18 220
18  80  57  69  16   0   4 0.00  0.0    0  1.3  8 140   M    M   6 12     14 110
19  83  51  67  14   0   2 0.00  0.0    0  2.2 12 210   M    M   1 1      18 260
20  86  65  76  22   0  11 0.00  0.0    0  3.7 13 230   M    M   1        22 240
21  86  56  71  17   0   6 0.00  0.0    0  2.7 12 200   M    M   0 8      20  80
22  67  54  61   7   4   0 0.00  0.0    0  4.9 12  90   M    M   2        20  80
23  82  46  64  10   1   0 0.00  0.0    0  4.8 14 170   M    M   2        25 150
24  76  59  68  14   0   3 1.73  0.0    0  7.4 20 150   M    M   6 1      32 160
25  70  49  60   5   5   0    T    M    0  3.9 12 230   M    M   6        19 270
26  78  43  61   6   4   0 0.00  0.0    0  2.8 12 130   M    M   1        18 170
27  80  53  67  12   0   2 0.50  0.0    0  4.5 18 280   M    M   4 1      30 270
================================================================================
SM 1865 1192       247  28  3.92     0.0 104.7          M      115
================================================================================
AV 69.1 44.2                               3.9 FASTST   M    M   4    MAX(MPH)
                                 MISC ---->  # 22 320               # 37  330
================================================================================
NOTES:
# LAST OF SEVERAL OCCURRENCES

COLUMN 17 PEAK WIND IN M.P.H.

PRELIMINARY LOCAL CLIMATOLOGICAL DATA (WS FORM: F-6) , PAGE 2

                                          STATION:  Mount Ida
                                          MONTH:    MARCH
                                          YEAR:     2017
                                          LATITUDE:   34 32 N
                                          LONGITUDE:  93 35 W

[TEMPERATURE DATA]      [PRECIPITATION DATA]       SYMBOLS USED IN COLUMN 16

AVERAGE MONTHLY: 56.6   TOTAL FOR MONTH:   3.92    1 = FOG OR MIST
DPTR FM NORMAL:   4.7   DPTR FM NORMAL:   -0.43    2 = FOG REDUCING VISIBILITY
HIGHEST:    86 ON 21,20 GRTST 24HR  1.73 ON 24-24      TO 1/4 MILE OR LESS
LOWEST:     28 ON  2                               3 = THUNDER
                        SNOW, ICE PELLETS, HAIL    4 = ICE PELLETS
                        TOTAL MONTH:   0.0 INCH    5 = HAIL
                        GRTST 24HR     0.0         6 = FREEZING RAIN OR DRIZZLE
                        GRTST DEPTH:   0           7 = DUSTSTORM OR SANDSTORM:
                                                       VSBY 1/2 MILE OR LESS
                                                   8 = SMOKE OR HAZE
[NO. OF DAYS WITH]      [WEATHER - DAYS WITH]      9 = BLOWING SNOW
                                                   X = TORNADO
MAX 32 OR BELOW:   0    0.01 INCH OR MORE:   8
MAX 90 OR ABOVE:   0    0.10 INCH OR MORE:   8
MIN 32 OR BELOW:   6    0.50 INCH OR MORE:   3
MIN  0 OR BELOW:   0    1.00 INCH OR MORE:   1

[HDD (BASE 65) ]
TOTAL THIS MO.   247    CLEAR  (SCALE 0-3)  13
DPTR FM NORMAL  -117    PTCLDY (SCALE 4-7)   9
TOTAL FM JUL 1  2099    CLOUDY (SCALE 8-10)  5
DPTR FM NORMAL  -936

[CDD (BASE 65) ]
TOTAL THIS MO.    28
DPTR FM NORMAL    24    [PRESSURE DATA]
TOTAL FM JAN 1    42    HIGHEST SLP M ON M
DPTR FM NORMAL    35    LOWEST  SLP 29.69 ON  1

[REMARKS]
ALL SNOWFALL DATA IS FROM THE MT IDA 4 S COOPERATIVE OBSERVER SITE
