000
CXUS54 KLZK 221330
CF6MWT
PRELIMINARY LOCAL CLIMATOLOGICAL DATA (WS FORM: F-6)

                                          STATION:   Mount Ida
                                          MONTH:     APRIL
                                          YEAR:      2014
                                          LATITUDE:   34 32 N
                                          LONGITUDE:  93 35 W

  TEMPERATURE IN F:       :PCPN:    SNOW:  WIND      :SUNSHINE: SKY     :PK WND
================================================================================
1   2   3   4   5  6A  6B    7    8   9   10  11  12  13   14  15   16   17  18
                                     12Z  AVG MX 2MIN
DY MAX MIN AVG DEP HDD CDD  WTR  SNW DPTH SPD SPD DIR MIN PSBL S-S WX    SPD DR
================================================================================

 1  72  47  60   4   5   0 0.00  0.0    0  2.9 12 140   M    M   5 1      16 130
 2  74  66  70  13   0   5 0.01  0.0    0  6.8 16 160   M    M   9 1      25 160
 3  79  62  71  14   0   6    T  0.0    0  7.8 21 310   M    M   6        37 320
 4  63  42  53  -4  12   0 0.00  0.0    0  7.1 17 340   M    M   1        29 300
 5  56  37  47 -10  18   0    T    M    0  2.1 10 130   M    M   1        16 130
 6  50  44  47 -11  18   0 0.46    M    0  2.0  9 130   M    M   9 1      14 120
 7  64  45  55  -3  10   0 0.11    M    0  4.3  8 340   M    M   7 1      20 350
 8  64  38  51  -7  14   0 0.01    M    0  5.6 26 330   M    M   3 1      45 320
 9  75  32  54  -4  11   0 0.00  0.0    0  2.4  9 210   M    M   0        18 190
10  82  60  71  12   0   6 0.00  0.0    0  6.3 15 180   M    M   0        29 250
11  74  59  67   8   0   2 0.00  0.0    0  3.8 10 220   M    M   5        20 230
12  78  63  71  12   0   6 0.00  0.0    0  6.8 15 200   M    M   5        23 190
13  71  56  64   4   1   0 1.42  0.0    0  4.3 16 200   M    M   6 12     31 200
14  56  38  47 -13  18   0 0.21    M    0  6.6 17 340   M    M   9 1      26 340
15  60  30  45 -15  20   0 0.00    M    0  3.1 13 340   M    M   0        18 350
16  62  35  49 -11  16   0 0.00  0.0    0  5.8 16 140   M    M   0        22 130
17  69  34  52  -9  13   0 0.00  0.0    0  2.0 10 130   M    M   4 8      14 130
18  73  43  58  -3   7   0 0.00  0.0    0  1.6 12 130   M    M   0        16 130
19  76  43  60  -1   5   0 0.00  0.0    0  0.7 10 140   M    M   2 1      17 200
20  77  50  64   2   1   0    T  0.0    0  2.0 10 140   M    M   5 1      15 150
21  73  58  66   4   0   1 0.50  0.0    0  1.0  9 140   M    M   7 12     15 290
================================================================================
SM 1448  982       169  26  2.72     0.0  85.0          M       84
================================================================================
AV 69.0 46.8                               4.0 FASTST   M    M   4    MAX(MPH)
                                 MISC ---->  # 26 330               # 45  320
================================================================================
NOTES:
# LAST OF SEVERAL OCCURRENCES

COLUMN 17 PEAK WIND IN M.P.H.

PRELIMINARY LOCAL CLIMATOLOGICAL DATA (WS FORM: F-6) , PAGE 2

                                          STATION:  Mount Ida
                                          MONTH:    APRIL
                                          YEAR:     2014
                                          LATITUDE:   34 32 N
                                          LONGITUDE:  93 35 W

[TEMPERATURE DATA]      [PRECIPITATION DATA]       SYMBOLS USED IN COLUMN 16

AVERAGE MONTHLY: 57.9   TOTAL FOR MONTH:   2.72    1 = FOG OR MIST
DPTR FM NORMAL:  -1.2   DPTR FM NORMAL:   -0.91    2 = FOG REDUCING VISIBILITY
HIGHEST:    82 ON 10    GRTST 24HR  1.63 ON 13-14      TO 1/4 MILE OR LESS
LOWEST:     30 ON 15                               3 = THUNDER
                        SNOW, ICE PELLETS, HAIL    4 = ICE PELLETS
                        TOTAL MONTH:   0.0 INCH    5 = HAIL
                        GRTST 24HR     0.0         6 = FREEZING RAIN OR DRIZZLE
                        GRTST DEPTH:   0           7 = DUSTSTORM OR SANDSTORM:
                                                       VSBY 1/2 MILE OR LESS
                                                   8 = SMOKE OR HAZE
[NO. OF DAYS WITH]      [WEATHER - DAYS WITH]      9 = BLOWING SNOW
                                                   X = TORNADO
MAX 32 OR BELOW:   0    0.01 INCH OR MORE:   7
MAX 90 OR ABOVE:   0    0.10 INCH OR MORE:   5
MIN 32 OR BELOW:   2    0.50 INCH OR MORE:   2
MIN  0 OR BELOW:   0    1.00 INCH OR MORE:   1

[HDD (BASE 65) ]
TOTAL THIS MO.   169    CLEAR  (SCALE 0-3)   9
DPTR FM NORMAL    21    PTCLDY (SCALE 4-7)   9
TOTAL FM JUL 1  3667    CLOUDY (SCALE 8-10)  3
DPTR FM NORMAL   445

[CDD (BASE 65) ]
TOTAL THIS MO.    26
DPTR FM NORMAL     5    [PRESSURE DATA]
TOTAL FM JAN 1    26    HIGHEST SLP M ON M
DPTR FM NORMAL    -9    LOWEST  SLP 29.61 ON 13

[REMARKS]
ALL SNOWFALL DATA IS FROM THE MT IDA 5SE COOPERATIVE OBSERVER SITE
