000
CXUS55 KPSR 221005
CF6NYL
PRELIMINARY LOCAL CLIMATOLOGICAL DATA (WS FORM: F-6)

                                          STATION:   YUMA AZ
                                          MONTH:     FEBRUARY
                                          YEAR:      2017
                                          LATITUDE:   32 39 N
                                          LONGITUDE: 114 37 W

  TEMPERATURE IN F:       :PCPN:    SNOW:  WIND      :SUNSHINE: SKY     :PK WND
================================================================================
1   2   3   4   5  6A  6B    7    8   9   10  11  12  13   14  15   16   17  18
                                     12Z  AVG MX 2MIN
DY MAX MIN AVG DEP HDD CDD  WTR  SNW DPTH SPD SPD DIR MIN PSBL S-S WX    SPD DR
================================================================================

 1  77  46  62   2   3   0 0.00  0.0    0  3.3  9 170   M    M   1        12 110
 2  76  49  63   3   2   0 0.00  0.0    0  2.2  8  40   M    M   3        15 360
 3  77  51  64   4   1   0 0.00  0.0    0  3.5  9  40   M    M   3        11  30
 4  75  50  63   3   2   0 0.00  0.0    0  2.4  8 260   M    M   0        10 280
 5  75  49  62   2   3   0 0.00  0.0    0  4.6 12 270   M    M   0        13  30
 6  71  53  62   1   3   0 0.00  0.0    0  4.4 14 180   M    M   3        18 210
 7  79  53  66   5   0   1 0.00  0.0    0  6.9 24 270   M    M   3        28 270
 8  82  54  68   7   0   3 0.00  0.0    0  3.7 10  30   M    M   2        14  30
 9  86  59  73  12   0   8 0.00  0.0    0  4.5 12  30   M    M   1 8      14  30
10  85  59  72  11   0   7 0.00  0.0    0  4.3 17 270   M    M   3        17 270
11  71  60  66   5   0   1 0.02  0.0    0  5.2 13 310   M    M   3        16 320
12  75  56  66   5   0   1 0.01  0.0    0 10.4 20 350   M    M   4        27  20
13  79  60  70   8   0   5 0.00  0.0    0  8.6 18 360   M    M   1        22 360
14  79  56  68   6   0   3 0.00  0.0    0  4.6 14 350   M    M   3        18 360
15  80  56  68   6   0   3 0.00  0.0    0  7.7 20  80   M    M   0        25  50
16  81  53  67   5   0   2 0.00  0.0    0  5.5 12 180   M    M   2        14  30
17  73  61  67   5   0   2 0.00  0.0    0 21.8 37 160   M    M   6 78     43 170
18  65  52  59  -3   6   0 0.83  0.0    0 11.1 36 160   M    M  10 17     43 160
19  68  54  61  -2   4   0    T  0.0    0  5.1 12 180   M    M   6        15 180
20  72  53  63   0   2   0 0.00  0.0    0  4.5 12 180   M    M   0        14 150
21  80  55  68   5   0   3 0.00  0.0    0  4.1 10  20   M    M   2        13  20
================================================================================
SM 1606 1139        26  39  0.86     0.0 128.4          M       56
================================================================================
AV 76.5 54.2                               6.1 FASTST   M    M   3    MAX(MPH)
                                 MISC ---->  # 37 160               # 43  170
================================================================================
NOTES:
# LAST OF SEVERAL OCCURRENCES

COLUMN 17 PEAK WIND IN M.P.H.

PRELIMINARY LOCAL CLIMATOLOGICAL DATA (WS FORM: F-6) , PAGE 2

                                          STATION:  YUMA AZ
                                          MONTH:    FEBRUARY
                                          YEAR:     2017
                                          LATITUDE:   32 39 N
                                          LONGITUDE: 114 37 W

[TEMPERATURE DATA]      [PRECIPITATION DATA]       SYMBOLS USED IN COLUMN 16

AVERAGE MONTHLY: 65.4   TOTAL FOR MONTH:   0.86    1 = FOG OR MIST
DPTR FM NORMAL:   4.0   DPTR FM NORMAL:    0.57    2 = FOG REDUCING VISIBILITY
HIGHEST:    86 ON  9    GRTST 24HR  0.83 ON 18-18      TO 1/4 MILE OR LESS
LOWEST:     46 ON  1                               3 = THUNDER
                        SNOW, ICE PELLETS, HAIL    4 = ICE PELLETS
                        TOTAL MONTH:   0.0 INCH    5 = HAIL
                        GRTST 24HR     0.0         6 = FREEZING RAIN OR DRIZZLE
                        GRTST DEPTH:   0           7 = DUSTSTORM OR SANDSTORM:
                                                       VSBY 1/2 MILE OR LESS
                                                   8 = SMOKE OR HAZE
[NO. OF DAYS WITH]      [WEATHER - DAYS WITH]      9 = BLOWING SNOW
                                                   X = TORNADO
MAX 32 OR BELOW:   0    0.01 INCH OR MORE:   3
MAX 90 OR ABOVE:   0    0.10 INCH OR MORE:   1
MIN 32 OR BELOW:   0    0.50 INCH OR MORE:   1
MIN  0 OR BELOW:   0    1.00 INCH OR MORE:   0

[HDD (BASE 65) ]
TOTAL THIS MO.    26    CLEAR  (SCALE 0-3)  14
DPTR FM NORMAL   -67    PTCLDY (SCALE 4-7)   6
TOTAL FM JUL 1   477    CLOUDY (SCALE 8-10)  1
DPTR FM NORMAL  -124

[CDD (BASE 65) ]
TOTAL THIS MO.    39
DPTR FM NORMAL    19    [PRESSURE DATA]
TOTAL FM JAN 1    39    HIGHEST SLP M ON M
DPTR FM NORMAL    13    LOWEST  SLP 29.51 ON 18

[REMARKS]
