000
CXUS53 KGID 300730
CF6ODX
PRELIMINARY LOCAL CLIMATOLOGICAL DATA (WS FORM: F-6)

                                          STATION:   ORD NE
                                          MONTH:     OCTOBER
                                          YEAR:      2014
                                          LATITUDE:   41 37 N
                                          LONGITUDE:  98 57 W

  TEMPERATURE IN F:       :PCPN:    SNOW:  WIND      :SUNSHINE: SKY     :PK WND
================================================================================
1   2   3   4   5  6A  6B    7    8   9   10  11  12  13   14  15   16   17  18
                                     12Z  AVG MX 2MIN
DY MAX MIN AVG DEP HDD CDD  WTR  SNW DPTH SPD SPD DIR MIN PSBL S-S WX    SPD DR
================================================================================

 1  77  53  65   9   0   0 0.23    M    M  4.9 16  70   M    M   3 13     20  70
 2  68  44  56   0   9   0 0.66    M    M 12.7 31 330   M    M   4 1      42 330
 3  54  33  44 -11  21   0 0.01    M    M 19.8 35 320   M    M   4        46 310
 4  60  30  45 -10  20   0 0.00    M    M  3.5 13 290   M    M   1        20 300
 5  69  42  56   2   9   0    T    M    M 11.8 36 340   M    M   3        50 330
 6  74  46  60   6   5   0 0.00    M    M  7.6 25 310   M    M   2        35 290
 7  74  44  59   6   6   0 0.00    M    M  8.9 24 310   M    M   4        32 320
 8  68  41  55   2  10   0 0.00    M    M  3.9 13 170   M    M   7        17 140
 9  67  42  55   3  10   0 0.00    M    M  6.6 15  90   M    M   3        22  80
10  59  33  46  -6  19   0 0.00    M    M  2.9 10  40   M    M   1        13  40
11  63  30  47  -5  18   0 0.00    M    M  8.3 20 190   M    M   0        24 180
12  58  44  51   0  14   0 0.09    M    M 10.2 24 330   M    M   5        31 330
13  63  43  53   2  12   0 0.01    M    M 17.6 33 350   M    M   3 8      46 350
14  67  33  50   0  15   0 0.00    M    M  8.1 21 340   M    M   0        25 340
15  74  29  52   2  13   0 0.00    M    M  6.4 17 190   M    M   0        22 180
16  72  34  53   3  12   0 0.00    M    M  9.7 29 330   M    M   0        37 330
17  63  37  50   1  15   0 0.00    M    M 12.7 25 330   M    M   0        32 320
18  62  27  45  -4  20   0 0.00    M    M  5.9 15 200   M    M   0        18 170
19  77  38  58  10   7   0 0.00    M    M  5.0 14 230   M    M   0 8      20 230
20  74  36  55   7  10   0 0.00    M    M  3.7  9 190   M    M   0        12 170
21  76  34  55   7  10   0 0.00    M    M  8.1 24 180   M    M   0 8      31 160
22  66  41  54   7  11   0 0.14    M    M  5.5 18 200   M    M   5 12     23 200
23  73  37  55   8  10   0 0.00    M    M  5.0 14 200   M    M   5 12     18 190
24  79  40  60  14   5   0 0.00    M    M  2.7  9 300   M    M   0 12     11 310
25  72  37  55   9  10   0 0.00    M    M  4.6 13 110   M    M   0        16 120
26  77  39  58  12   7   0 0.00    M    M  2.7  8 320   M    M   0        13 150
27  64  34  49   4  16   0 0.00    M    M 13.8 29 330   M    M   3        37 330
28  57  26  42  -3  23   0 0.00    M    M  9.7 25 320   M    M   0        33 330
29  62  19  41  -3  24   0 0.00    M    M  4.9 20 180   M    M   0        26 170
================================================================================
SM 1969 1066       361   0  1.14    M    227.2          M       53
================================================================================
AV 67.9 36.8                               7.8 FASTST   M    M   2    MAX(MPH)
                                 MISC ---->  # 36 340               # 50  330
================================================================================
NOTES:
# LAST OF SEVERAL OCCURRENCES

COLUMN 17 PEAK WIND IN M.P.H.

PRELIMINARY LOCAL CLIMATOLOGICAL DATA (WS FORM: F-6) , PAGE 2

                                          STATION:  ORD NE
                                          MONTH:    OCTOBER
                                          YEAR:     2014
                                          LATITUDE:   41 37 N
                                          LONGITUDE:  98 57 W

[TEMPERATURE DATA]      [PRECIPITATION DATA]       SYMBOLS USED IN COLUMN 16

AVERAGE MONTHLY: 52.3   TOTAL FOR MONTH:   1.14    1 = FOG OR MIST
DPTR FM NORMAL:   2.3   DPTR FM NORMAL:   -0.71    2 = FOG REDUCING VISIBILITY
HIGHEST:    79 ON 24    GRTST 24HR  0.89 ON  1- 2      TO 1/4 MILE OR LESS
LOWEST:     19 ON 29                               3 = THUNDER
                        SNOW, ICE PELLETS, HAIL    4 = ICE PELLETS
                        TOTAL MONTH:    M          5 = HAIL
                        GRTST 24HR    M  ON   M    6 = FREEZING RAIN OR DRIZZLE
                        GRTST DEPTH:  M  ON   M    7 = DUSTSTORM OR SANDSTORM:
                                                       VSBY 1/2 MILE OR LESS
                                                   8 = SMOKE OR HAZE
[NO. OF DAYS WITH]      [WEATHER - DAYS WITH]      9 = BLOWING SNOW
                                                   X = TORNADO
MAX 32 OR BELOW:   0    0.01 INCH OR MORE:   6
MAX 90 OR ABOVE:   0    0.10 INCH OR MORE:   3
MIN 32 OR BELOW:   6    0.50 INCH OR MORE:   1
MIN  0 OR BELOW:   0    1.00 INCH OR MORE:   0

[HDD (BASE 65) ]
TOTAL THIS MO.   361    CLEAR  (SCALE 0-3)  21
DPTR FM NORMAL   -80    PTCLDY (SCALE 4-7)   8
TOTAL FM JUL 1   517    CLOUDY (SCALE 8-10)  0
DPTR FM NORMAL   -61

[CDD (BASE 65) ]
TOTAL THIS MO.     0
DPTR FM NORMAL    -6    [PRESSURE DATA]
TOTAL FM JAN 1   692    HIGHEST SLP M ON M
DPTR FM NORMAL  -152    LOWEST  SLP 29.54 ON M

[REMARKS]
