000
CXUS53 KOAX 271000
CF6OFK
PRELIMINARY LOCAL CLIMATOLOGICAL DATA (WS FORM: F-6)

                                          STATION:   NORFOLK, NEBRASKA
                                          MONTH:     SEPTEMBER
                                          YEAR:      2016
                                          LATITUDE:   41 58 N
                                          LONGITUDE:  97 26 W

  TEMPERATURE IN F:       :PCPN:    SNOW:  WIND      :SUNSHINE: SKY     :PK WND
================================================================================
1   2   3   4   5  6A  6B    7    8   9   10  11  12  13   14  15   16   17  18
                                     12Z  AVG MX 2MIN
DY MAX MIN AVG DEP HDD CDD  WTR  SNW DPTH SPD SPD DIR MIN PSBL S-S WX    SPD DR
================================================================================

 1  80  52  66  -4   0   1 0.00  0.0    0  5.0 14 120   M    M   2 12     17 110
 2  77  54  66  -3   0   1 0.00  0.0    0 12.8 24 150   M    M   1        29 150
 3  75  60  68  -1   0   3 0.00  0.0    0 17.4 28 160   M    M   6        37 150
 4  77  64  71   2   0   6    T  0.0    0 15.3 29 160   M    M   7        37 150
 5  87  70  79  11   0  14    T  0.0    0 13.0 22 190   M    M   7 3      30 270
 6  80  67  74   6   0   9 0.00  0.0    0  8.5 21 280   M    M   7 3      28 270
 7  81  65  73   5   0   8 0.01  0.0    0  6.7 22 160   M    M   7 12     27 160
 8  82  56  69   2   0   4 0.00  0.0    0  7.8 15 160   M    M   3 12     19  10
 9  72  53  63  -4   2   0 0.84  0.0    0 10.0 25 360   M    M   7 13     36  10
10  74  49  62  -4   3   0 0.00  0.0    0  8.7 16 300   M    M   0        22 290
11  82  55  69   3   0   4 0.00  0.0    0 15.9 29 200   M    M   0        36 190
12  73  59  66   0   0   1    T  0.0    0 11.7 23 250   M    M   M 13     26 250
13  61  51  56  -9   9   0 0.12  0.0    0 11.2 20 350   M    M  10 1      25 360
14  62  50  56  -9   9   0 0.02  0.0    0  7.3 13 110   M    M  10 18     15 150
15  79  62  71   7   0   6 0.37  0.0    0  9.8 22 190   M    M   9 13     26 200
16  78  53  66   2   0   1 0.17  0.0    0  8.4 21 200   M    M   0 13     24 200
17  82  49  66   3   0   1 0.00  0.0    0  6.5 14 210   M    M   0        18 220
18  86  51  69   6   0   4 0.00  0.0    0 12.2 23 190   M    M   0        31 210
19  83  54  69   7   0   4 0.00  0.0    0  7.2 25  30   M    M   0 12     32  40
20  94  50  72  10   0   7 0.00  0.0    0 11.5 23 150   M    M   0        29 140
21  88  71  80  18   0  15 0.17  0.0    0 15.1 36 220   M    M   0 3      45 220
22  82  67  75  14   0  10 0.01  0.0    0  7.5 14 150   M    M   4 3      18 160
23  91  65  78  17   0  13 0.00  0.0    0 12.5 28 160   M    M   0        34 170
24  75  63  69   9   0   4 0.33  0.0    0 10.5 22 210   M    M   5 138    26 220
25  70  48  59  -1   6   0 0.00  0.0    0 13.5 30 310   M    M   1        39 310
26  76  39  58  -1   7   0 0.00  0.0    0  9.6 21 280   M    M   0        28 280
================================================================================
SM 2047 1477        36 116  2.04     0.0 275.6          M       86
================================================================================
AV 78.7 56.8                              10.6 FASTST   M    M   3    MAX(MPH)
                                 MISC ---->  # 36 220               # 45  220
================================================================================
NOTES:
# LAST OF SEVERAL OCCURRENCES

COLUMN 17 PEAK WIND IN M.P.H.

PRELIMINARY LOCAL CLIMATOLOGICAL DATA (WS FORM: F-6) , PAGE 2

                                          STATION:  NORFOLK, NEBRASKA
                                          MONTH:    SEPTEMBER
                                          YEAR:     2016
                                          LATITUDE:   41 58 N
                                          LONGITUDE:  97 26 W

[TEMPERATURE DATA]      [PRECIPITATION DATA]       SYMBOLS USED IN COLUMN 16

AVERAGE MONTHLY: 67.8   TOTAL FOR MONTH:   2.04    1 = FOG OR MIST
DPTR FM NORMAL:   3.0   DPTR FM NORMAL:   -0.30    2 = FOG REDUCING VISIBILITY
HIGHEST:    94 ON 20    GRTST 24HR  0.84 ON  9- 9      TO 1/4 MILE OR LESS
LOWEST:     39 ON 26                               3 = THUNDER
                        SNOW, ICE PELLETS, HAIL    4 = ICE PELLETS
                        TOTAL MONTH:   0.0 INCH    5 = HAIL
                        GRTST 24HR     0.0         6 = FREEZING RAIN OR DRIZZLE
                        GRTST DEPTH:   0           7 = DUSTSTORM OR SANDSTORM:
                                                       VSBY 1/2 MILE OR LESS
                                                   8 = SMOKE OR HAZE
[NO. OF DAYS WITH]      [WEATHER - DAYS WITH]      9 = BLOWING SNOW
                                                   X = TORNADO
MAX 32 OR BELOW:   0    0.01 INCH OR MORE:   9
MAX 90 OR ABOVE:   2    0.10 INCH OR MORE:   6
MIN 32 OR BELOW:   0    0.50 INCH OR MORE:   1
MIN  0 OR BELOW:   0    1.00 INCH OR MORE:   0

[HDD (BASE 65) ]
TOTAL THIS MO.    36    CLEAR  (SCALE 0-3)  14
DPTR FM NORMAL   -59    PTCLDY (SCALE 4-7)   8
TOTAL FM JUL 1    49    CLOUDY (SCALE 8-10)  3
DPTR FM NORMAL   -62

[CDD (BASE 65) ]
TOTAL THIS MO.   116
DPTR FM NORMAL    29    [PRESSURE DATA]
TOTAL FM JAN 1   959    HIGHEST SLP M ON M
DPTR FM NORMAL    56    LOWEST  SLP 29.75 ON  5

[REMARKS]
