000
CXUS53 KOAX 251000
CF6OFK
PRELIMINARY LOCAL CLIMATOLOGICAL DATA (WS FORM: F-6)

                                          STATION:   NORFOLK, NEBRASKA
                                          MONTH:     AUGUST
                                          YEAR:      2016
                                          LATITUDE:   41 58 N
                                          LONGITUDE:  97 26 W

  TEMPERATURE IN F:       :PCPN:    SNOW:  WIND      :SUNSHINE: SKY     :PK WND
================================================================================
1   2   3   4   5  6A  6B    7    8   9   10  11  12  13   14  15   16   17  18
                                     12Z  AVG MX 2MIN
DY MAX MIN AVG DEP HDD CDD  WTR  SNW DPTH SPD SPD DIR MIN PSBL S-S WX    SPD DR
================================================================================

 1  82  71  77   2   0  12 0.01  0.0    0 12.7 29 150   M    M   7 13     40 140
 2  87  65  76   1   0  11 0.15  0.0    0  5.9 23 130   M    M   2 13     25 130
 3  88  67  78   4   0  13 0.00  0.0    0 10.5 20 140   M    M   3 12     24 150
 4  87  68  78   4   0  13    T  0.0    0 11.1 23 340   M    M   4        37 330
 5  79  57  68  -6   0   3 0.00  0.0    0  4.8 13 350   M    M   0        17 330
 6  77  64  71  -3   0   6    T  0.0    0  4.0 12 100   M    M   6        14  80
 7  78  62  70  -4   0   5 0.00  0.0    0  6.0 14 130   M    M   8        19 120
 8  78  54  66  -8   0   1 0.00  0.0    0  8.1 18 160   M    M   4 12     24 160
 9  90  63  77   3   0  12 0.00  0.0    0  9.5 20 140   M    M   2 12     24 140
10  92  73  83   9   0  18 0.00  0.0    0 13.7 25 150   M    M   0        31 150
11  89  67  78   4   0  13 0.88  0.0    0  9.7 38 340   M    M   4 13     51 330
12  84  61  73  -1   0   8 0.04  0.0    0 10.4 29  10   M    M   2 3      37 350
13  84  60  72  -2   0   7 0.00  0.0    0  6.7 18 340   M    M   0        22 340
14  84  55  70  -3   0   5 0.00  0.0    0  5.1 14 120   M    M   0 1      17 130
15  84  57  71  -2   0   6 0.00  0.0    0  9.3 20 140   M    M   0        25 170
16  85  65  75   2   0  10 0.06  0.0    0  6.0 16 200   M    M   2 13     19 120
17  87  61  74   1   0   9 0.00  0.0    0  5.8 14 140   M    M   3 12     17 140
18  92  67  80   7   0  15 0.00  0.0    0 12.6 22 200   M    M   0        31 240
19  79  60  70  -3   0   5 0.01  0.0    0 10.4 21 340   M    M   5        26 340
20  76  52  64  -8   1   0 0.00  0.0    0 13.3 25 330   M    M   5        31 350
21  80  45  63  -9   2   0 0.00  0.0    0  6.7 17 190   M    M   0        24 200
22  86  64  75   3   0  10 0.00  0.0    0 19.3 28 170   M    M   0        36 170
23  87  63  75   3   0  10 1.15  0.0    0 10.5 24 250   M    M   4 13     29 250
24  74  57  66  -6   0   1 0.00  0.0    0  5.6 16 330   M    M   0        19 320
================================================================================
SM 2009 1478         3 193  2.30     0.0 217.7          M       61
================================================================================
AV 83.7 61.6                               9.1 FASTST   M    M   3    MAX(MPH)
                                 MISC ---->  # 38 340               # 51  330
================================================================================
NOTES:
# LAST OF SEVERAL OCCURRENCES

COLUMN 17 PEAK WIND IN M.P.H.

PRELIMINARY LOCAL CLIMATOLOGICAL DATA (WS FORM: F-6) , PAGE 2

                                          STATION:  NORFOLK, NEBRASKA
                                          MONTH:    AUGUST
                                          YEAR:     2016
                                          LATITUDE:   41 58 N
                                          LONGITUDE:  97 26 W

[TEMPERATURE DATA]      [PRECIPITATION DATA]       SYMBOLS USED IN COLUMN 16

AVERAGE MONTHLY: 72.6   TOTAL FOR MONTH:   2.30    1 = FOG OR MIST
DPTR FM NORMAL:  -0.8   DPTR FM NORMAL:   -0.29    2 = FOG REDUCING VISIBILITY
HIGHEST:    92 ON 18,10 GRTST 24HR  1.15 ON 23-23      TO 1/4 MILE OR LESS
LOWEST:     45 ON 21                               3 = THUNDER
                        SNOW, ICE PELLETS, HAIL    4 = ICE PELLETS
                        TOTAL MONTH:   0.0 INCH    5 = HAIL
                        GRTST 24HR     0.0         6 = FREEZING RAIN OR DRIZZLE
                        GRTST DEPTH:   0           7 = DUSTSTORM OR SANDSTORM:
                                                       VSBY 1/2 MILE OR LESS
                                                   8 = SMOKE OR HAZE
[NO. OF DAYS WITH]      [WEATHER - DAYS WITH]      9 = BLOWING SNOW
                                                   X = TORNADO
MAX 32 OR BELOW:   0    0.01 INCH OR MORE:   7
MAX 90 OR ABOVE:   3    0.10 INCH OR MORE:   3
MIN 32 OR BELOW:   0    0.50 INCH OR MORE:   2
MIN  0 OR BELOW:   0    1.00 INCH OR MORE:   1

[HDD (BASE 65) ]
TOTAL THIS MO.     3    CLEAR  (SCALE 0-3)  14
DPTR FM NORMAL     2    PTCLDY (SCALE 4-7)  10
TOTAL FM JUL 1    10    CLOUDY (SCALE 8-10)  0
DPTR FM NORMAL     5

[CDD (BASE 65) ]
TOTAL THIS MO.   193
DPTR FM NORMAL   -17    [PRESSURE DATA]
TOTAL FM JAN 1   802    HIGHEST SLP M ON M
DPTR FM NORMAL    31    LOWEST  SLP 29.69 ON 11

[REMARKS]
