000
CXUS55 KCAE 271400
CF6OGB
PRELIMINARY LOCAL CLIMATOLOGICAL DATA (WS FORM: F-6)

                                          STATION:   ORANGEBURG AIRPORT SC
                                          MONTH:     MAY
                                          YEAR:      2017
                                          LATITUDE:   33 27 N
                                          LONGITUDE:  80 51 W

  TEMPERATURE IN F:       :PCPN:    SNOW:  WIND      :SUNSHINE: SKY     :PK WND
================================================================================
1   2   3   4   5  6A  6B    7    8   9   10  11  12  13   14  15   16   17  18
                                     12Z  AVG MX 2MIN
DY MAX MIN AVG DEP HDD CDD  WTR  SNW DPTH SPD SPD DIR MIN PSBL S-S WX    SPD DR
================================================================================

 1  86  66  76   9   0  11 0.55    M    M 11.6 30 250   M    M   7 13     38 260
 2  80  58  69   1   0   4 0.00    M    M  8.0 18 270   M    M   0        21 280
 3  85  53  69   1   0   4 0.00    M    M  4.0 12  30   M    M   0        15  30
 4  82  60  71   3   0   6 0.61    M    M  8.8 23 160   M    M   3 13     32 170
 5  65  54  60  -8   5   0 0.04    M    M 14.4 24 240   M    M   9 1      33 240
 6  72  51  62  -7   3   0    T    M    M 12.4 25 270   M    M   4        33 360
 7  74  50  62  -7   3   0 0.03    M    M  6.4 17 270   M    M   1 1      22 260
 8  79  49  64  -5   1   0 0.00    M    M  4.9 17 270   M    M   0        24 290
 9  88  53  71   1   0   6 0.00    M    M  5.2 17 260   M    M   0        21 270
10  90  59  75   5   0  10 0.00    M    M  3.9 14 250   M    M   0        18 290
11  92  64  78   8   0  13 0.00    M    M  8.2 21 260   M    M   0 8      26 270
12  87  70  79   9   0  14    T    M    M  5.8 14 250   M    M   1 3      19 250
13  75  64  70  -1   0   5    M    M    M  3.9 14  30   M    M   8 13     17  20
14  83  58  71   0   0   6 0.00    M    M  4.1  9 330   M    M   1 1      19 360
15  91  59  75   4   0  10 0.00    M    M  2.6 10 350   M    M   0        14 270
16  91  62  77   5   0  12 0.00    M    M  4.7 10 180   M    M   0        14 200
17  89  64  77   5   0  12 0.00    M    M  6.8 16 210   M    M   2 12     23 200
18  86  63  75   3   0  10 0.00    M    M  5.6 14 160   M    M   2 1      17 160
19  87  63  75   3   0  10 0.00    M    M  3.7 10 170   M    M   0 1      14 280
20  90  65  78   5   0  13 0.00    M    M  4.0 15 160   M    M   4 12     19 140
21  88  69  79   6   0  14 0.09    M    M  8.0 16 160   M    M   6 123    21 180
22  86  70  78   5   0  13 0.35    M    M  6.1 23 190   M    M   7 13     28 190
23  74  68  71  -3   0   6 0.54    M    M  4.6 20 290   M    M   9 1      26 290
24  77  65  71  -3   0   6 0.30    M    M 10.3 32 170   M    M   9 1      40 160
25  76  60  68  -6   0   3 0.08    M    M 11.5 24 270   M    M   4 38     32 290
26  84  56  70  -4   0   5 0.00    M    M  5.9 16 250   M    M   0        23 240
================================================================================
SM 2157 1573        12 193  2.59    M    175.4          M       77
================================================================================
AV 83.0 60.5                               6.7 FASTST   M    M   3    MAX(MPH)
                                 MISC ---->  # 32 170               # 40  160
================================================================================
NOTES:
# LAST OF SEVERAL OCCURRENCES

COLUMN 17 PEAK WIND IN M.P.H.

PRELIMINARY LOCAL CLIMATOLOGICAL DATA (WS FORM: F-6) , PAGE 2

                                          STATION:  ORANGEBURG AIRPORT SC
                                          MONTH:    MAY
                                          YEAR:     2017
                                          LATITUDE:   33 27 N
                                          LONGITUDE:  80 51 W

[TEMPERATURE DATA]      [PRECIPITATION DATA]       SYMBOLS USED IN COLUMN 16

AVERAGE MONTHLY: 71.7   TOTAL FOR MONTH:   2.59    1 = FOG OR MIST
DPTR FM NORMAL:   0.9   DPTR FM NORMAL:    0.14    2 = FOG REDUCING VISIBILITY
HIGHEST:    92 ON 11    GRTST 24HR  0.61 ON  4- 4      TO 1/4 MILE OR LESS
LOWEST:     49 ON  8                               3 = THUNDER
                        SNOW, ICE PELLETS, HAIL    4 = ICE PELLETS
                        TOTAL MONTH:    M          5 = HAIL
                        GRTST 24HR    M  ON   M    6 = FREEZING RAIN OR DRIZZLE
                        GRTST DEPTH:  M  ON   M    7 = DUSTSTORM OR SANDSTORM:
                                                       VSBY 1/2 MILE OR LESS
                                                   8 = SMOKE OR HAZE
[NO. OF DAYS WITH]      [WEATHER - DAYS WITH]      9 = BLOWING SNOW
                                                   X = TORNADO
MAX 32 OR BELOW:   0    0.01 INCH OR MORE:   9
MAX 90 OR ABOVE:   5    0.10 INCH OR MORE:   5
MIN 32 OR BELOW:   0    0.50 INCH OR MORE:   3
MIN  0 OR BELOW:   0    1.00 INCH OR MORE:   0

[HDD (BASE 65) ]
TOTAL THIS MO.    12    CLEAR  (SCALE 0-3)  16
DPTR FM NORMAL     2    PTCLDY (SCALE 4-7)   7
TOTAL FM JUL 1  1630    CLOUDY (SCALE 8-10)  3
DPTR FM NORMAL  -697

[CDD (BASE 65) ]
TOTAL THIS MO.   193
DPTR FM NORMAL    25    [PRESSURE DATA]
TOTAL FM JAN 1   404    HIGHEST SLP M ON M
DPTR FM NORMAL   151    LOWEST  SLP 29.47 ON 24

[REMARKS]
