000
CXUS55 KCAE 251400
CF6OGB
PRELIMINARY LOCAL CLIMATOLOGICAL DATA (WS FORM: F-6)

                                          STATION:   ORANGEBURG AIRPORT SC
                                          MONTH:     FEBRUARY
                                          YEAR:      2017
                                          LATITUDE:   33 27 N
                                          LONGITUDE:  80 51 W

  TEMPERATURE IN F:       :PCPN:    SNOW:  WIND      :SUNSHINE: SKY     :PK WND
================================================================================
1   2   3   4   5  6A  6B    7    8   9   10  11  12  13   14  15   16   17  18
                                     12Z  AVG MX 2MIN
DY MAX MIN AVG DEP HDD CDD  WTR  SNW DPTH SPD SPD DIR MIN PSBL S-S WX    SPD DR
================================================================================

 1  73  49  61  14   4   0 0.00    M    M  9.1 24 240   M    M   0        29 230
 2  75  46  61  14   4   0    T    M    M  6.0 17 240   M    M   2        22 240
 3  61  45  53   5  12   0 0.05    M    M  5.5 16  40   M    M   9 1      21  40
 4  47  32  40  -8  25   0 0.00    M    M  7.4 20  40   M    M   2 8      27  30
 5  59  32  46  -2  19   0    T    M    M  5.0 16 240   M    M   5        20 250
 6  69  36  53   5  12   0 0.00    M    M  2.3  9 220   M    M   3 12     12 180
 7  77  47  62  14   3   0 0.11    M    M  7.9 22 220   M    M   2 123    27 210
 8  69  58  64  16   1   0 0.19    M    M  8.8 16 230   M    M   7 1      20 230
 9  66  38  52   4  13   0 0.24    M    M 13.2 29 290   M    M   3 13     39 320
10  56  29  43  -6  22   0 0.00    M    M  5.5 14 220   M    M   0        16 200
11  74  41  58   9   7   0 0.00    M    M  9.7 22 260   M    M   1        30 250
12  75  60  68  19   0   3 0.00    M    M 12.2 23 250   M    M   6        29 250
13  68  42  55   6  10   0 0.00    M    M  6.8 16  20   M    M   0        23 350
14  73  36  55   6  10   0 0.00    M    M  4.9 17 220   M    M   0        22 220
15  66  49  58   8   7   0 0.82    M    M  9.7 38 300   M    M   4 13     62 300
16  63  36  50   0  15   0 0.00    M    M  6.0 16 270   M    M   0        21 280
17  72  35  54   4  11   0 0.00    M    M  6.2 16 230   M    M   0        21 250
18  68  41  55   5  10   0    T    M    M  3.8 15 220   M    M   2 8      19 220
19  73  50  62  12   3   0    T    M    M  4.9 16 300   M    M   1 1      21 310
20  74  45  60  10   5   0 0.00    M    M  2.6 12  50   M    M   0 1      16  40
21  69  50  60   9   5   0 0.00    M    M  4.9 13 140   M    M   5        16 130
22  74  54  64  13   1   0 0.00    M    M  4.2  9 100   M    M   5        14 140
23  77  57  67  16   0   2 0.00    M    M  5.4 15  50   M    M   1        19  40
24  80  61  71  20   0   6 0.00    M    M  3.5 12 170   M    M   1 1      14 160
================================================================================
SM 1658 1069       199  11  1.41    M    155.5          M       59
================================================================================
AV 69.1 44.5                               6.5 FASTST   M    M   2    MAX(MPH)
                                 MISC ---->  # 38 300               # 62  300
================================================================================
NOTES:
# LAST OF SEVERAL OCCURRENCES

COLUMN 17 PEAK WIND IN M.P.H.

PRELIMINARY LOCAL CLIMATOLOGICAL DATA (WS FORM: F-6) , PAGE 2

                                          STATION:  ORANGEBURG AIRPORT SC
                                          MONTH:    FEBRUARY
                                          YEAR:     2017
                                          LATITUDE:   33 27 N
                                          LONGITUDE:  80 51 W

[TEMPERATURE DATA]      [PRECIPITATION DATA]       SYMBOLS USED IN COLUMN 16

AVERAGE MONTHLY: 56.8   TOTAL FOR MONTH:   1.41    1 = FOG OR MIST
DPTR FM NORMAL:   7.7   DPTR FM NORMAL:   -1.57    2 = FOG REDUCING VISIBILITY
HIGHEST:    80 ON 24    GRTST 24HR  0.82 ON 15-15      TO 1/4 MILE OR LESS
LOWEST:     29 ON 10                               3 = THUNDER
                        SNOW, ICE PELLETS, HAIL    4 = ICE PELLETS
                        TOTAL MONTH:    M          5 = HAIL
                        GRTST 24HR    M  ON   M    6 = FREEZING RAIN OR DRIZZLE
                        GRTST DEPTH:  M  ON   M    7 = DUSTSTORM OR SANDSTORM:
                                                       VSBY 1/2 MILE OR LESS
                                                   8 = SMOKE OR HAZE
[NO. OF DAYS WITH]      [WEATHER - DAYS WITH]      9 = BLOWING SNOW
                                                   X = TORNADO
MAX 32 OR BELOW:   0    0.01 INCH OR MORE:   5
MAX 90 OR ABOVE:   0    0.10 INCH OR MORE:   4
MIN 32 OR BELOW:   3    0.50 INCH OR MORE:   1
MIN  0 OR BELOW:   0    1.00 INCH OR MORE:   0

[HDD (BASE 65) ]
TOTAL THIS MO.   199    CLEAR  (SCALE 0-3)  16
DPTR FM NORMAL  -184    PTCLDY (SCALE 4-7)   7
TOTAL FM JUL 1  1286    CLOUDY (SCALE 8-10)  1
DPTR FM NORMAL  -594

[CDD (BASE 65) ]
TOTAL THIS MO.    11
DPTR FM NORMAL    11    [PRESSURE DATA]
TOTAL FM JAN 1    18    HIGHEST SLP M ON M
DPTR FM NORMAL    17    LOWEST  SLP 29.52 ON 15

[REMARKS]
