000
CXHW52 PHFO 271250
CF6OGG
PRELIMINARY LOCAL CLIMATOLOGICAL DATA (WS FORM: F-6)

                                          STATION:   KAHULUI HI
                                          MONTH:     JULY
                                          YEAR:      2014
                                          LATITUDE:   20 53 N
                                          LONGITUDE: 156 26 W

  TEMPERATURE IN F:       :PCPN:    SNOW:  WIND      :SUNSHINE: SKY     :PK WND
================================================================================
1   2   3   4   5  6A  6B    7    8   9   10  11  12  13   14  15   16   17  18
                                     12Z  AVG MX 2MIN
DY MAX MIN AVG DEP HDD CDD  WTR  SNW DPTH SPD SPD DIR MIN PSBL S-S WX    SPD DR
================================================================================

 1  89  73  81   2   0  16 0.02  0.0    0 13.4 25  40   M    M   5 1      32  40
 2  90  75  83   4   0  18 0.02  0.0    0 15.6 25  60   M    M   6        32  50
 3  91  74  83   4   0  18 0.01  0.0    0 16.6 29  70   M    M   5        38  60
 4  88  74  81   2   0  16    T  0.0    M 16.0 30  40   M    M   3        36  40
 5  90  71  81   2   0  16 0.00  0.0    0 14.4 29  40   M    M   3        33  40
 6  88  73  81   2   0  16 0.00  0.0    0 17.4 31  50   M    M   4        37  40
 7  87  72  80   1   0  15 0.01  0.0    0 13.6 25  40   M    M   7        31  60
 8  89  72  81   2   0  16 0.00  0.0    0 14.2 31  40   M    M   5        37  40
 9  87  70  79   0   0  14    T  0.0    0 16.1 31  60   M    M   3        41  70
10  89  74  82   3   0  17 0.02  0.0    0 17.3 29  70   M    M   3        37  80
11  88  74  81   2   0  16    T  0.0    0 14.7 29  40   M    M   4        37  50
12  89  73  81   2   0  16 0.00  0.0    0 15.3 30  40   M    M   3        37  40
13  88  74  81   2   0  16    T  0.0    0 15.9 31  70   M    M   5 1      41  80
14  91  73  82   3   0  17    T  0.0    0 13.5 26  70   M    M   6        33  70
15  87  76  82   3   0  17    T  0.0    0 16.8 26  40   M    M   5 18     32  70
16  89  74  82   3   0  17    T  0.0    0 15.6 28  50   M    M   3        33  50
17  88  72  80   1   0  15 0.01  0.0    0 15.5 25  50   M    M   4 18     32  40
18  89  73  81   2   0  16 0.00  0.0    0 16.2 29  70   M    M   2        38  60
19  87  73  80   1   0  15 0.08  0.0    0 13.9 25  40   M    M   6 18     31  40
20  80  71  76  -3   0  11 0.60  0.0    0 11.6 39  10   M    M   9 138    53  10
21  88  70  79   0   0  14 0.04  0.0    0  4.6 15  50   M    M   5        18  60
22  89  74  82   3   0  17 0.00  0.0    0 12.2 28  40   M    M   4        37  60
23  89  74  82   3   0  17 0.01  0.0    0 17.5 29  40   M    M   4        38  60
24  87  73  80   1   0  15 0.04  0.0    0 15.8 28  40   M    M   5 1      33  40
25  89  64  77  -3   0  12 0.00  0.0    0 13.1 25  70   M    M   3        35  70
26  88  70  79  -1   0  14 0.01  0.0    0 11.1 25  40   M    M   4        30  40
================================================================================
SM 2294 1886         0 407  0.87     0.0 377.9          M      116
================================================================================
AV 88.2 72.5                              14.5 FASTST   M    M   4    MAX(MPH)
                                 MISC ---->  # 39  10               # 53   10
================================================================================
NOTES:
# LAST OF SEVERAL OCCURRENCES

COLUMN 17 PEAK WIND IN M.P.H.

PRELIMINARY LOCAL CLIMATOLOGICAL DATA (WS FORM: F-6) , PAGE 2

                                          STATION:  KAHULUI HI
                                          MONTH:    JULY
                                          YEAR:     2014
                                          LATITUDE:   20 53 N
                                          LONGITUDE: 156 26 W

[TEMPERATURE DATA]      [PRECIPITATION DATA]       SYMBOLS USED IN COLUMN 16

AVERAGE MONTHLY: 80.4   TOTAL FOR MONTH:   0.87    1 = FOG OR MIST
DPTR FM NORMAL:   1.3   DPTR FM NORMAL:    0.47    2 = FOG REDUCING VISIBILITY
HIGHEST:    91 ON 14, 3 GRTST 24HR  0.63 ON 19-20      TO 1/4 MILE OR LESS
LOWEST:     64 ON 25                               3 = THUNDER
                        SNOW, ICE PELLETS, HAIL    4 = ICE PELLETS
                        TOTAL MONTH:   0.0 INCH    5 = HAIL
                        GRTST 24HR     0.0         6 = FREEZING RAIN OR DRIZZLE
                        GRTST DEPTH:   0           7 = DUSTSTORM OR SANDSTORM:
                                                       VSBY 1/2 MILE OR LESS
                                                   8 = SMOKE OR HAZE
[NO. OF DAYS WITH]      [WEATHER - DAYS WITH]      9 = BLOWING SNOW
                                                   X = TORNADO
MAX 32 OR BELOW:   0    0.01 INCH OR MORE:  12
MAX 90 OR ABOVE:   4    0.10 INCH OR MORE:   1
MIN 32 OR BELOW:   0    0.50 INCH OR MORE:   1
MIN  0 OR BELOW:   0    1.00 INCH OR MORE:   0

[HDD (BASE 65) ]
TOTAL THIS MO.     0    CLEAR  (SCALE 0-3)   4
DPTR FM NORMAL     0    PTCLDY (SCALE 4-7)  21
TOTAL FM JUL 1     0    CLOUDY (SCALE 8-10)  1
DPTR FM NORMAL     0

[CDD (BASE 65) ]
TOTAL THIS MO.   407
DPTR FM NORMAL    43    [PRESSURE DATA]
TOTAL FM JAN 1  2322    HIGHEST SLP M ON M
DPTR FM NORMAL   311    LOWEST  SLP 29.92 ON 20

[REMARKS]
