000
CXHW52 PHFO 171250
CF6OGG
PRELIMINARY LOCAL CLIMATOLOGICAL DATA (WS FORM: F-6)

                                          STATION:   KAHULUI HI
                                          MONTH:     FEBRUARY
                                          YEAR:      2018
                                          LATITUDE:   20 53 N
                                          LONGITUDE: 156 26 W

  TEMPERATURE IN F:       :PCPN:    SNOW:  WIND      :SUNSHINE: SKY     :PK WND
================================================================================
1   2   3   4   5  6A  6B    7    8   9   10  11  12  13   14  15   16   17  18
                                     12Z  AVG MX 2MIN
DY MAX MIN AVG DEP HDD CDD  WTR  SNW DPTH SPD SPD DIR MIN PSBL S-S WX    SPD DR
================================================================================

 1  84  73  79   7   0  14 0.02  0.0    M 14.4 26 200   M    M   M        33 200
 2  84  67  76   4   0  11    T  0.0    M  5.4 13  30   M    M   M        16  60
 3  85  65  75   3   0  10 0.00  0.0    M  5.5 13  20   M    M   M 1      15  30
 4  83  67  75   3   0  10 0.00  0.0    M  5.1 12  40   M    M   M 18     15 200
 5  79  66  73   1   0   8 0.65  0.0    M  7.6 23 350   M    M   M 138    28 350
 6  80  62  71  -1   0   6 0.03  0.0    M  5.8 21 230   M    M   M 13     27 240
 7  82  61  72   0   0   7 0.00  0.0    M  7.6 18 200   M    M   M        22 200
 8  77  62  70  -2   0   5    T  0.0    M 10.6 23  10   M    M   M 1      30 360
 9  78  64  71  -1   0   6    T  0.0    M 15.2 23  10   M    M   M        29  20
10  77  62  70  -2   0   5 0.00  0.0    M 12.2 17 360   M    M   M        22 360
11  79  61  70  -2   0   5 0.02  0.0    M  6.9 14  10   M    M   M 1      19  10
12  83  57  70  -2   0   5 0.00  0.0    M  5.4 15  30   M    M   M 8      18 330
13  81  65  73   1   0   8 0.00  0.0    M  6.1 13  30   M    M   M 18     17 350
14  86  63  75   3   0  10 1.04  0.0    M 16.0 32 190   M    M   M 18     40 200
15  78  69  74   2   0   9 2.15  0.0    M 12.3 28 200   M    M   M 1      33 210
16  80  65  73   1   0   8 0.00  0.0    M  4.1 13 320   M    M   M        17 340
================================================================================
SM 1296 1029         0 127  3.91     0.0 140.2          M        M
================================================================================
AV 81.0 64.3                               8.8 FASTST   M    M -nan   MAX(MPH)
                                 MISC ---->  # 32 190               # 40  200
================================================================================
NOTES:
# LAST OF SEVERAL OCCURRENCES

COLUMN 17 PEAK WIND IN M.P.H.

PRELIMINARY LOCAL CLIMATOLOGICAL DATA (WS FORM: F-6) , PAGE 2

                                          STATION:  KAHULUI HI
                                          MONTH:    FEBRUARY
                                          YEAR:     2018
                                          LATITUDE:   20 53 N
                                          LONGITUDE: 156 26 W

[TEMPERATURE DATA]      [PRECIPITATION DATA]       SYMBOLS USED IN COLUMN 16

AVERAGE MONTHLY: 72.7   TOTAL FOR MONTH:   3.91    1 = FOG OR MIST
DPTR FM NORMAL:   0.7   DPTR FM NORMAL:    2.80    2 = FOG REDUCING VISIBILITY
HIGHEST:    86 ON 14    GRTST 24HR  2.15 ON 15-15      TO 1/4 MILE OR LESS
LOWEST:     57 ON 12                               3 = THUNDER
                        SNOW, ICE PELLETS, HAIL    4 = ICE PELLETS
                        TOTAL MONTH:   0.0 INCH    5 = HAIL
                        GRTST 24HR     0.0         6 = FREEZING RAIN OR DRIZZLE
                        GRTST DEPTH:  M  ON   M    7 = DUSTSTORM OR SANDSTORM:
                                                       VSBY 1/2 MILE OR LESS
                                                   8 = SMOKE OR HAZE
[NO. OF DAYS WITH]      [WEATHER - DAYS WITH]      9 = BLOWING SNOW
                                                   X = TORNADO
MAX 32 OR BELOW:   0    0.01 INCH OR MORE:   6
MAX 90 OR ABOVE:   0    0.10 INCH OR MORE:   3
MIN 32 OR BELOW:   0    0.50 INCH OR MORE:   3
MIN  0 OR BELOW:   0    1.00 INCH OR MORE:   2

[HDD (BASE 65) ]
TOTAL THIS MO.     0    CLEAR  (SCALE 0-3)   0
DPTR FM NORMAL     0    PTCLDY (SCALE 4-7)   0
TOTAL FM JUL 1     0    CLOUDY (SCALE 8-10)  0
DPTR FM NORMAL     0

[CDD (BASE 65) ]
TOTAL THIS MO.   127
DPTR FM NORMAL    15    [PRESSURE DATA]
TOTAL FM JAN 1   345    HIGHEST SLP M ON M
DPTR FM NORMAL    16    LOWEST  SLP 29.73 ON  6

[REMARKS]
