000
CXUS55 KEAX 010736
CF6OJC
PRELIMINARY LOCAL CLIMATOLOGICAL DATA (WS FORM: F-6)

                                          STATION:   Johnson County Executive KS
                                          MONTH:     SEPTEMBER
                                          YEAR:      2014
                                          LATITUDE:   38 50 N
                                          LONGITUDE:  94 44 W

  TEMPERATURE IN F:       :PCPN:    SNOW:  WIND      :SUNSHINE: SKY     :PK WND
================================================================================
1   2   3   4   5  6A  6B    7    8   9   10  11  12  13   14  15   16   17  18
                                     12Z  AVG MX 2MIN
DY MAX MIN AVG DEP HDD CDD  WTR  SNW DPTH SPD SPD DIR MIN PSBL S-S WX    SPD DR
================================================================================

 1  79  64  72  -2   0   7 0.76    M    M  7.7 25 150   M    M   8 13     32 150
 2  80  68  74   0   0   9 0.00    M    M  3.9 12 210   M    M   5 1      15 210
 3  84  64  74   0   0   9 0.22    M    M 12.1 23 150   M    M   4 13     31 140
 4  91  74  83  10   0  18 0.00    M    M 13.0 25 200   M    M   0        33 210
 5  79  61  70  -3   0   5 0.20    M    M 10.0 22 350   M    M   4 1      28 350
 6  74  57  66  -6   0   1 0.00    M    M  7.5 14 350   M    M   2        19  10
 7  75  54  65  -7   0   0 0.00    M    M  5.3 10 160   M    M   0        15 100
 8  82  57  70  -2   0   5 0.00    M    M  8.0 17 180   M    M   2        24 170
 9  90  71  81  10   0  16 0.00    M    M 14.6 29 190   M    M   1 18     40 200
10  81  60  71   0   0   6 0.22    M    M 10.8 30 200   M    M   9 138    41 200
11  60  53  57 -13   8   0    T    M    M 10.6 18  10   M    M  10 1      23  10
12  54  44  49 -21  16   0 0.01    M    M 10.7 18  10   M    M   9 1      25  50
13  62  38  50 -20  15   0 0.00    M    M  5.0 13 150   M    M   1 1      19  90
14  70  52  61  -8   4   0 0.00    M    M  6.7 15 170   M    M   7        19 170
15  71  53  62  -7   3   0    T    M    M  8.5 20  10   M    M   7 1      25  20
16  71  47  59  -9   6   0 0.00    M    M  5.2  9 150   M    M   1        12 120
17  74  62  68   0   0   3 1.19    M    M  5.3 14  20   M    M   9 123    17  70
18  69  60  65  -3   0   0 0.00    M    M  7.7 14  80   M    M   8 1      17  80
19  79  60  70   3   0   5 0.00    M    M  8.1 14 170   M    M   6 128    27 190
20  83  66  75   8   0  10 0.00    M    M  6.8 18 210   M    M   1 18     26 210
21  77  56  67   1   0   2 0.00    M    M  8.1 20 350   M    M   0        25 360
22  73  50  62  -4   3   0 0.00    M    M  3.3  9 120   M    M   0        14 110
23  74  54  64  -2   1   0 0.01    M    M  8.1 20 170   M    M   1        27 160
24  70  57  64  -1   1   0 0.08    M    M  6.5 14 170   M    M   7 1      18 180
25  81  59  70   5   0   5 0.00    M    M  6.3 14 170   M    M   4        17 220
26  80  59  70   6   0   5 0.00    M    M  6.1 15 150   M    M   3        19 170
27  80  58  69   5   0   4 0.00    M    M  5.0 15 140   M    M   1 1      23 120
28  83  59  71   7   0   6 0.00    M    M  1.3 10 210   M    M   1 18     15 190
29  84  58  71   8   0   6 0.00    M    M  2.4  9 180   M    M   1 1      14 110
30  83  60  72   9   0   7 0.01    M    M  9.0 20 160   M    M   1        24 180
================================================================================
SM 2293 1735        57 129  2.70    M    223.6          M      113
================================================================================
AV 76.4 57.8                               7.5 FASTST   M    M   4    MAX(MPH)
                                 MISC ---->  # 30 200               # 41  200
================================================================================
NOTES:
# LAST OF SEVERAL OCCURRENCES

COLUMN 17 PEAK WIND IN M.P.H.

PRELIMINARY LOCAL CLIMATOLOGICAL DATA (WS FORM: F-6) , PAGE 2

                                          STATION:  Johnson County Executive KS
                                          MONTH:    SEPTEMBER
                                          YEAR:     2014
                                          LATITUDE:   38 50 N
                                          LONGITUDE:  94 44 W

[TEMPERATURE DATA]      [PRECIPITATION DATA]       SYMBOLS USED IN COLUMN 16

AVERAGE MONTHLY: 67.1   TOTAL FOR MONTH:   2.70    1 = FOG OR MIST
DPTR FM NORMAL:  -1.5   DPTR FM NORMAL:   -1.81    2 = FOG REDUCING VISIBILITY
HIGHEST:    91 ON  4    GRTST 24HR  1.76 ON 31- 1      TO 1/4 MILE OR LESS
LOWEST:     38 ON 13                               3 = THUNDER
                        SNOW, ICE PELLETS, HAIL    4 = ICE PELLETS
                        TOTAL MONTH:    M          5 = HAIL
                        GRTST 24HR    M  ON   M    6 = FREEZING RAIN OR DRIZZLE
                        GRTST DEPTH:  M  ON   M    7 = DUSTSTORM OR SANDSTORM:
                                                       VSBY 1/2 MILE OR LESS
                                                   8 = SMOKE OR HAZE
[NO. OF DAYS WITH]      [WEATHER - DAYS WITH]      9 = BLOWING SNOW
                                                   X = TORNADO
MAX 32 OR BELOW:   0    0.01 INCH OR MORE:   9
MAX 90 OR ABOVE:   2    0.10 INCH OR MORE:   5
MIN 32 OR BELOW:   0    0.50 INCH OR MORE:   2
MIN  0 OR BELOW:   0    1.00 INCH OR MORE:   1

[HDD (BASE 65) ]
TOTAL THIS MO.    57    CLEAR  (SCALE 0-3)  16
DPTR FM NORMAL     9    PTCLDY (SCALE 4-7)  10
TOTAL FM JUL 1    58    CLOUDY (SCALE 8-10)  4
DPTR FM NORMAL     9

[CDD (BASE 65) ]
TOTAL THIS MO.   129
DPTR FM NORMAL   -27    [PRESSURE DATA]
TOTAL FM JAN 1  1218    HIGHEST SLP  0.00 ON M
DPTR FM NORMAL  -103    LOWEST  SLP  0.00 ON M

[REMARKS]
#FINAL-09-14#
