017
CXUS56 KSGX 261545
CF6OKB
PRELIMINARY LOCAL CLIMATOLOGICAL DATA (WS FORM: F-6)

                                          STATION:   OCEANSIDE AIRPORT CA
                                          MONTH:     AUGUST
                                          YEAR:      2016
                                          LATITUDE:   33 13 N
                                          LONGITUDE: 117 21 W

  TEMPERATURE IN F:       :PCPN:    SNOW:  WIND      :SUNSHINE: SKY     :PK WND
================================================================================
1   2   3   4   5  6A  6B    7    8   9   10  11  12  13   14  15   16   17  18
                                     12Z  AVG MX 2MIN
DY MAX MIN AVG DEP HDD CDD  WTR  SNW DPTH SPD SPD DIR MIN PSBL S-S WX    SPD DR
================================================================================

 1  80  63  72   3   0   7 0.00  0.0    0  5.2 15 250   M    M   2        19 250
 2  80  65  73   4   0   8 0.00  0.0    0  5.9 15 250   M    M   4        23 110
 3  79  70  75   6   0  10 0.00  0.0    0  6.0 15 240   M    M   6        21 250
 4  79  70  75   6   0  10 0.00  0.0    0  5.1 14 250   M    M   6        20 260
 5  77  66  72   3   0   7 0.00  0.0    0  4.6 14 240   M    M   7        28 210
 6  77  68  73   4   0   8 0.00  0.0    0  6.4 15 250   M    M  10        18 260
 7  78  68  73   4   0   8 0.00  0.0    0  4.1 15 250   M    M   8        26 190
 8  74  67  71   2   0   6 0.00  0.0    0  4.5 12 260   M    M  10 8      22  30
 9  76  59  68  -1   0   3 0.00  0.0    0  4.4 13 240   M    M   4        23 160
10  78  58  68  -1   0   3 0.00  0.0    0  4.9 14 250   M    M   4        19 230
11  78  63  71   1   0   6 0.00  0.0    0  6.5 17 250   M    M   4        22 250
12  79  66  73   3   0   8 0.00  0.0    0  5.2 17 250   M    M   4        23 170
13  80  62  71   1   0   6 0.00  0.0    0  5.1 15 250   M    M   2 1      21 250
14  80  64  72   2   0   7 0.00  0.0    0  5.0 14 240   M    M   2 8       M  M
15  83   M   M   M   M   M 0.00  0.0    0  5.5 14 240   M    M   1 18      M  M
16  80  61  71   1   0   6 0.00  0.0    0  5.1 14 280   M    M   2 128    23 110
17  79  56  68  -2   0   3 0.00  0.0    0  4.5 14 250   M    M   0 128    20 240
18  78  61  70   0   0   5 0.00  0.0    0  4.9 15 240   M    M   4 8      18 240
19  77  60  69  -1   0   4 0.00  0.0    0  5.5 16 260   M    M   2 1      21 280
20  76  58  67  -3   0   2 0.00  0.0    0  5.4 16 280   M    M   1 128    23 250
21  77  59  68  -1   0   3 0.00  0.0    0  5.0 16 250   M    M   2 18     21 240
22  77  63  70   1   0   5 0.00  0.0    0  5.0 14 250   M    M   5 8      19 250
23  76  63  70   1   0   5 0.00  0.0    0  5.1 13 260   M    M   5 18     17 250
24  78  62  70   1   0   5 0.00  0.0    0  4.4 14 250   M    M   4 1      18 250
25  74  59  67  -2   0   2 0.00  0.0    0  4.8 14 240   M    M   6        19 240
================================================================================
SM 1950 1511         0 137  0.00     0.0 128.1          M      105
================================================================================
AV 78.0 63.0                               5.1 FASTST   M    M   4    MAX(MPH)
                                 MISC ---->  # 17 250               # 28  210
================================================================================
NOTES:
# LAST OF SEVERAL OCCURRENCES

COLUMN 17 PEAK WIND IN M.P.H.

PRELIMINARY LOCAL CLIMATOLOGICAL DATA (WS FORM: F-6) , PAGE 2

                                          STATION:  OCEANSIDE AIRPORT CA
                                          MONTH:    AUGUST
                                          YEAR:     2016
                                          LATITUDE:   33 13 N
                                          LONGITUDE: 117 21 W

[TEMPERATURE DATA]      [PRECIPITATION DATA]       SYMBOLS USED IN COLUMN 16

AVERAGE MONTHLY: 70.5   TOTAL FOR MONTH:   0.00    1 = FOG OR MIST
DPTR FM NORMAL:   1.1   DPTR FM NORMAL:   -0.11    2 = FOG REDUCING VISIBILITY
HIGHEST:    83 ON 15    GRTST 24HR  0.00 ON 25-25      TO 1/4 MILE OR LESS
LOWEST:     56 ON 17                               3 = THUNDER
                        SNOW, ICE PELLETS, HAIL    4 = ICE PELLETS
                        TOTAL MONTH:   0.0 INCH    5 = HAIL
                        GRTST 24HR     0.0         6 = FREEZING RAIN OR DRIZZLE
                        GRTST DEPTH:   0           7 = DUSTSTORM OR SANDSTORM:
                                                       VSBY 1/2 MILE OR LESS
                                                   8 = SMOKE OR HAZE
[NO. OF DAYS WITH]      [WEATHER - DAYS WITH]      9 = BLOWING SNOW
                                                   X = TORNADO
MAX 32 OR BELOW:   0    0.01 INCH OR MORE:   0
MAX 90 OR ABOVE:   0    0.10 INCH OR MORE:   0
MIN 32 OR BELOW:   0    0.50 INCH OR MORE:   0
MIN  0 OR BELOW:   0    1.00 INCH OR MORE:   0

[HDD (BASE 65) ]
TOTAL THIS MO.     0    CLEAR  (SCALE 0-3)   9
DPTR FM NORMAL     0    PTCLDY (SCALE 4-7)  13
TOTAL FM JUL 1     0    CLOUDY (SCALE 8-10)  3
DPTR FM NORMAL    -3

[CDD (BASE 65) ]
TOTAL THIS MO.   137
DPTR FM NORMAL    29    [PRESSURE DATA]
TOTAL FM JAN 1   427    HIGHEST SLP M ON M
DPTR FM NORMAL   157    LOWEST  SLP 29.75 ON  7

[REMARKS]
