000
CXUS56 KSGX 281445
CF6OKB
PRELIMINARY LOCAL CLIMATOLOGICAL DATA (WS FORM: F-6)

                                          STATION:   OCEANSIDE AIRPORT CA
                                          MONTH:     FEBRUARY
                                          YEAR:      2015
                                          LATITUDE:   33 13 N
                                          LONGITUDE: 117 21 W

  TEMPERATURE IN F:       :PCPN:    SNOW:  WIND      :SUNSHINE: SKY     :PK WND
================================================================================
1   2   3   4   5  6A  6B    7    8   9   10  11  12  13   14  15   16   17  18
                                     12Z  AVG MX 2MIN
DY MAX MIN AVG DEP HDD CDD  WTR  SNW DPTH SPD SPD DIR MIN PSBL S-S WX    SPD DR
================================================================================

 1  70  43  57   3   8   0 0.00  0.0    0  3.2 13 240   M    M   1 1      17 290
 2  70  39  55   1  10   0 0.00  0.0    0  3.4 12 240   M    M   2 128    14 230
 3  68  40  54   0  11   0 0.00  0.0    0  2.5 12 250   M    M   4 18     14 250
 4  65  45  55   1  10   0 0.00  0.0    0  3.3 12 250   M    M   5 128    16 250
 5  68  46  57   3   8   0 0.00  0.0    0  4.1 15 240   M    M   6 128    16 250
 6  73  45  59   5   6   0 0.00  0.0    0  4.1 10 250   M    M   4 128    12 250
 7  70  43  57   3   8   0 0.00  0.0    0  4.2 13 280   M    M   5 128    19 290
 8  76  49  63   9   2   0 0.00  0.0    0  4.6 22 290   M    M   1 18     28 290
 9  70  48  59   5   6   0 0.00  0.0    0  5.3 23 290   M    M   1 18     30 290
10  68  42  55   1  10   0 0.00  0.0    0  3.0 12 250   M    M   0 18     16 250
11  87  42  65  11   0   0 0.00  0.0    0  4.3 14 300   M    M   0 1      18 300
12  87  41  64  10   1   0 0.00  0.0    0  4.1 17 100   M    M   0        23 120
13  84  43  64  10   1   0 0.00  0.0    0  4.2 15 280   M    M   0        19 290
14  84  46  65  11   0   0 0.00  0.0    0  3.5 14 280   M    M   0 8      17 300
15  76  41  59   5   6   0 0.00  0.0    0  3.5 13 240   M    M   2 1      16 240
16  67  46  57   3   8   0 0.00  0.0    0  3.4 12 250   M    M   6 12     15 240
17  67  46  57   3   8   0 0.00  0.0    0  3.9 12 230   M    M   5 18     14 230
18  67  43  55   1  10   0 0.00  0.0    0  3.5 15 240   M    M   3 18     19 240
19  66  47  57   3   8   0 0.00  0.0    0  2.9 12 240   M    M   5 128    16 250
20  68  55  62   8   3   0 0.00  0.0    0  3.7 12 240   M    M   7 18     14 220
21  68  58  63   9   2   0 0.00  0.0    0  5.7 15 240   M    M   8 8      22 240
22  67  57  62   8   3   0 0.17  0.0    0  7.3 22 230   M    M  10 1      35 240
23  66  45  56   2   9   0    T    M    0  6.0 18 240   M    M   3        24 250
24  69  38  54   0  11   0 0.00  0.0    0  4.6 17 290   M    M   0        22 290
25  69  37  53  -1  12   0 0.00  0.0    0  3.1 12 240   M    M   0        17 280
26  68  37  53  -2  12   0 0.00  0.0    0  2.8 14 230   M    M   1 1      18 240
27  67  47  57   2   8   0 0.00  0.0    0  6.0 16 210   M    M   8        22 200
================================================================================
SM 1925 1209       181   0  0.17     0.0 110.2          M       87
================================================================================
AV 71.3 44.8                               4.1 FASTST   M    M   3    MAX(MPH)
                                 MISC ---->  # 23 290               # 35  240
================================================================================
NOTES:
# LAST OF SEVERAL OCCURRENCES

COLUMN 17 PEAK WIND IN M.P.H.

PRELIMINARY LOCAL CLIMATOLOGICAL DATA (WS FORM: F-6) , PAGE 2

                                          STATION:  OCEANSIDE AIRPORT CA
                                          MONTH:    FEBRUARY
                                          YEAR:     2015
                                          LATITUDE:   33 13 N
                                          LONGITUDE: 117 21 W

[TEMPERATURE DATA]      [PRECIPITATION DATA]       SYMBOLS USED IN COLUMN 16

AVERAGE MONTHLY: 58.0   TOTAL FOR MONTH:   0.17    1 = FOG OR MIST
DPTR FM NORMAL:   4.0   DPTR FM NORMAL:   -2.80    2 = FOG REDUCING VISIBILITY
HIGHEST:    87 ON 12,11 GRTST 24HR  0.17 ON 22-22      TO 1/4 MILE OR LESS
LOWEST:     37 ON 26,25                            3 = THUNDER
                        SNOW, ICE PELLETS, HAIL    4 = ICE PELLETS
                        TOTAL MONTH:   0.0 INCH    5 = HAIL
                        GRTST 24HR     0.0         6 = FREEZING RAIN OR DRIZZLE
                        GRTST DEPTH:   0           7 = DUSTSTORM OR SANDSTORM:
                                                       VSBY 1/2 MILE OR LESS
                                                   8 = SMOKE OR HAZE
[NO. OF DAYS WITH]      [WEATHER - DAYS WITH]      9 = BLOWING SNOW
                                                   X = TORNADO
MAX 32 OR BELOW:   0    0.01 INCH OR MORE:   1
MAX 90 OR ABOVE:   0    0.10 INCH OR MORE:   1
MIN 32 OR BELOW:   0    0.50 INCH OR MORE:   0
MIN  0 OR BELOW:   0    1.00 INCH OR MORE:   0

[HDD (BASE 65) ]
TOTAL THIS MO.   181    CLEAR  (SCALE 0-3)  14
DPTR FM NORMAL  -113    PTCLDY (SCALE 4-7)  11
TOTAL FM JUL 1   867    CLOUDY (SCALE 8-10)  2
DPTR FM NORMAL  -532

[CDD (BASE 65) ]
TOTAL THIS MO.     0
DPTR FM NORMAL     0    [PRESSURE DATA]
TOTAL FM JAN 1     0    HIGHEST SLP M ON M
DPTR FM NORMAL     0    LOWEST  SLP 29.74 ON 27

[REMARKS]
