280
CXUS56 KSGX 301545
CF6OKB
PRELIMINARY LOCAL CLIMATOLOGICAL DATA (WS FORM: F-6)

                                          STATION:   OCEANSIDE AIRPORT CA
                                          MONTH:     JULY
                                          YEAR:      2016
                                          LATITUDE:   33 13 N
                                          LONGITUDE: 117 21 W

  TEMPERATURE IN F:       :PCPN:    SNOW:  WIND      :SUNSHINE: SKY     :PK WND
================================================================================
1   2   3   4   5  6A  6B    7    8   9   10  11  12  13   14  15   16   17  18
                                     12Z  AVG MX 2MIN
DY MAX MIN AVG DEP HDD CDD  WTR  SNW DPTH SPD SPD DIR MIN PSBL S-S WX    SPD DR
================================================================================

 1  73  65  69   2   0   4 0.00  0.0    0  6.8 14 230   M    M   8 8      25 220
 2  75  59  67  -1   0   2 0.00  0.0    0  4.3 14 250   M    M   5        20 230
 3  74  63  69   1   0   4 0.00  0.0    0  5.8 14 240   M    M   6        19 270
 4  76  65  71   3   0   6 0.00  0.0    0  7.3 17 250   M    M   6        23 250
 5  76  66  71   3   0   6 0.00  0.0    0  7.3 18 250   M    M   6        25 220
 6  74  60  67  -1   0   2 0.00  0.0    0  6.2 15 240   M    M   7        27 210
 7  76  59  68   0   0   3 0.00  0.0    0  4.8 14 250   M    M   4        25 180
 8  76  59  68   0   0   3 0.00  0.0    0  5.6 14 250   M    M   4        26 310
 9  78  57  68   0   0   3 0.00  0.0    0  4.8 16 240   M    M   1        24 180
10  78  60  69   1   0   4 0.00  0.0    0  5.7 15 240   M    M   4        20 210
11  75  60  68   0   0   3 0.00  0.0    0  7.4 15 220   M    M   5        25 180
12  76  65  71   3   0   6 0.00  0.0    0  5.9 14 240   M    M   5        24 170
13  77  62  70   2   0   5 0.00  0.0    0  5.1 15 250   M    M   5        19 250
14  78  63  71   2   0   6 0.00  0.0    0  5.1 15 250   M    M   4        22 250
15  77  63  70   1   0   5 0.00  0.0    0  6.1 16 250   M    M   6        20 240
16  77  63  70   1   0   5 0.00  0.0    0  5.6 16 260   M    M   5        21 240
17  78  66  72   3   0   7 0.00  0.0    0  5.0 14 240   M    M   6        18 250
18  78  63  71   2   0   6 0.00  0.0    0  5.4 14 240   M    M   4        22 170
19  80  64  72   3   0   7 0.00  0.0    0  6.2 16 220   M    M   4        27 180
20  82  63  73   4   0   8 0.00  0.0    0  6.0 16 240   M    M   2 18     19 260
21  86  60  73   4   0   8 0.00  0.0    0  5.1 15 280   M    M   0 1      18 250
22  87  59  73   4   0   8 0.00  0.0    0  4.4 15 250   M    M   0 18     33 100
23  85  64  75   6   0  10 0.00  0.0    0  6.0 18 210   M    M   2 18     24 210
24  83  64  74   5   0   9 0.00  0.0    0  5.0 13 240   M    M   2 18     19 240
25  81  66  74   5   0   9 0.00  0.0    0  4.1 15 250   M    M   2 18     23 170
26  81  64  73   4   0   8 0.00  0.0    0  5.4 16 240   M    M   0 18     20 240
27  82  66  74   5   0   9 0.00  0.0    0  5.4 15 250   M    M   0 8      18 230
28  82  65  74   5   0   9 0.00  0.0    0  4.8 14 240   M    M   1 18     23 180
29  80  66  73   4   0   8 0.00  0.0    0  4.6 14 250   M    M   2 18     17 260
================================================================================
SM 2281 1819         0 173  0.00     0.0 161.2          M      106
================================================================================
AV 78.7 62.7                               5.6 FASTST   M    M   4    MAX(MPH)
                                 MISC ---->  # 18 250               # 33  100
================================================================================
NOTES:
# LAST OF SEVERAL OCCURRENCES

COLUMN 17 PEAK WIND IN M.P.H.

PRELIMINARY LOCAL CLIMATOLOGICAL DATA (WS FORM: F-6) , PAGE 2

                                          STATION:  OCEANSIDE AIRPORT CA
                                          MONTH:    JULY
                                          YEAR:     2016
                                          LATITUDE:   33 13 N
                                          LONGITUDE: 117 21 W

[TEMPERATURE DATA]      [PRECIPITATION DATA]       SYMBOLS USED IN COLUMN 16

AVERAGE MONTHLY: 70.7   TOTAL FOR MONTH:   0.00    1 = FOG OR MIST
DPTR FM NORMAL:   2.2   DPTR FM NORMAL:   -0.12    2 = FOG REDUCING VISIBILITY
HIGHEST:    87 ON 22    GRTST 24HR  0.00 ON 29-29      TO 1/4 MILE OR LESS
LOWEST:     57 ON  9                               3 = THUNDER
                        SNOW, ICE PELLETS, HAIL    4 = ICE PELLETS
                        TOTAL MONTH:   0.0 INCH    5 = HAIL
                        GRTST 24HR     0.0         6 = FREEZING RAIN OR DRIZZLE
                        GRTST DEPTH:   0           7 = DUSTSTORM OR SANDSTORM:
                                                       VSBY 1/2 MILE OR LESS
                                                   8 = SMOKE OR HAZE
[NO. OF DAYS WITH]      [WEATHER - DAYS WITH]      9 = BLOWING SNOW
                                                   X = TORNADO
MAX 32 OR BELOW:   0    0.01 INCH OR MORE:   0
MAX 90 OR ABOVE:   0    0.10 INCH OR MORE:   0
MIN 32 OR BELOW:   0    0.50 INCH OR MORE:   0
MIN  0 OR BELOW:   0    1.00 INCH OR MORE:   0

[HDD (BASE 65) ]
TOTAL THIS MO.     0    CLEAR  (SCALE 0-3)  11
DPTR FM NORMAL     0    PTCLDY (SCALE 4-7)  17
TOTAL FM JUL 1     0    CLOUDY (SCALE 8-10)  1
DPTR FM NORMAL     0

[CDD (BASE 65) ]
TOTAL THIS MO.   173
DPTR FM NORMAL    68    [PRESSURE DATA]
TOTAL FM JAN 1   273    HIGHEST SLP M ON M
DPTR FM NORMAL   120    LOWEST  SLP 29.75 ON 29

[REMARKS]
