000
CXUS54 KOUN 270800
CF6OKC
PRELIMINARY LOCAL CLIMATOLOGICAL DATA (WS FORM: F-6)

                                          STATION:   OKLAHOMA CITY
                                          MONTH:     DECEMBER
                                          YEAR:      2014
                                          LATITUDE:   35 24 N
                                          LONGITUDE:  97 36 W

  TEMPERATURE IN F:       :PCPN:    SNOW:  WIND      :SUNSHINE: SKY     :PK WND
================================================================================
1   2   3   4   5  6A  6B    7    8   9   10  11  12  13   14  15   16   17  18
                                     12Z  AVG MX 2MIN
DY MAX MIN AVG DEP HDD CDD  WTR  SNW DPTH SPD SPD DIR MIN PSBL S-S WX    SPD DR
================================================================================

 1  29  24  27 -17  38   0 0.00  0.0    0 14.5 29 360   M    M  10        35 360
 2  45  21  33 -11  32   0 0.00  0.0    0  7.7 17 180   M    M   8        21 180
 3  47  36  42  -1  23   0 0.01  0.0    0  8.6 16  70   M    M  10 18     20  80
 4  57  44  51   8  14   0 0.10  0.0    0  4.7  9 150   M    M  10 12     12 150
 5  62  49  56  13   9   0 0.02  0.0    0 10.3 21 340   M    M  10 128    24 340
 6  50  43  47   5  18   0    T  0.0    0  8.0 14  30   M    M  10 12     16  30
 7  50  41  46   4  19   0    T  0.0    0  7.0 14 220   M    M   9 128    17 220
 8  63  41  52  10  13   0 0.00  0.0    0  4.1 15 230   M    M   7 128    17 230
 9  59  37  48   6  17   0 0.00  0.0    0  6.3 13  90   M    M   6 18     15 100
10  58  33  46   5  19   0 0.00  0.0    0  8.3 16 180   M    M   7        21 150
11  57  42  50   9  15   0 0.00  0.0    0  5.4 10 160   M    M   9 18     12 160
12  52  47  50   9  15   0 0.00  0.0    0  8.0 12 130   M    M  10 128    15 140
13  67  50  59  18   6   0 0.00  0.0    0 12.8 21 160   M    M   9 12     26 170
14  63  53  58  18   7   0 0.11  0.0    0 18.0 29 170   M    M   8 1358   37 170
15  54  39  47   7  18   0 0.00  0.0    0 17.2 35 320   M    M   3        41 330
16  47  33  40   0  25   0 0.00  0.0    0 11.0 32 330   M    M   5        41 330
17  39  37  38  -2  27   0 0.27  0.0    0  8.7 17 130   M    M  10 1      22 120
18  43  38  41   1  24   0 0.02  0.0    0  5.1 12  30   M    M  10 18     15 170
19  43  38  41   1  24   0    T  0.0    0  4.6 12  10   M    M  10 18     13  20
20  45  38  42   2  23   0 0.00  0.0    0  6.9 14 190   M    M  10 1      17 160
21  48  41  45   6  20   0 0.01  0.0    0 14.5 22 170   M    M  10 18     30 170
22  58  43  51  12  14   0 0.00  0.0    0 10.3 22 310   M    M   8 1      28 320
23  47  37  42   3  23   0    T  0.0    0 16.0 25 330   M    M  10        31 330
24  50  30  40   1  25   0    T    T    0 12.8 24 340   M    M   5        31 320
25  60  29  45   6  20   0 0.00  0.0    0 19.4 37 200   M    M   6        46 190
26  63  37  50  11  15   0 0.00  0.0    0 15.5 26 190   M    M   7        32 190
================================================================================
SM 1356 1001       503   0  0.54    T    265.7          M      217
================================================================================
AV 52.2 38.5                              10.2 FASTST   M    M   8    MAX(MPH)
                                 MISC ---->  # 37 200               # 46  190
================================================================================
NOTES:
# LAST OF SEVERAL OCCURRENCES

COLUMN 17 PEAK WIND IN M.P.H.

PRELIMINARY LOCAL CLIMATOLOGICAL DATA (WS FORM: F-6) , PAGE 2

                                          STATION:  OKLAHOMA CITY
                                          MONTH:    DECEMBER
                                          YEAR:     2014
                                          LATITUDE:   35 24 N
                                          LONGITUDE:  97 36 W

[TEMPERATURE DATA]      [PRECIPITATION DATA]       SYMBOLS USED IN COLUMN 16

AVERAGE MONTHLY: 45.3   TOTAL FOR MONTH:   0.54    1 = FOG OR MIST
DPTR FM NORMAL:   4.4   DPTR FM NORMAL:   -1.09    2 = FOG REDUCING VISIBILITY
HIGHEST:    67 ON 13    GRTST 24HR  0.27 ON 17-17      TO 1/4 MILE OR LESS
LOWEST:     21 ON  2                               3 = THUNDER
                        SNOW, ICE PELLETS, HAIL    4 = ICE PELLETS
                        TOTAL MONTH:    T          5 = HAIL
                        GRTST 24HR    T  ON 24-24  6 = FREEZING RAIN OR DRIZZLE
                        GRTST DEPTH:   0           7 = DUSTSTORM OR SANDSTORM:
                                                       VSBY 1/2 MILE OR LESS
                                                   8 = SMOKE OR HAZE
[NO. OF DAYS WITH]      [WEATHER - DAYS WITH]      9 = BLOWING SNOW
                                                   X = TORNADO
MAX 32 OR BELOW:   1    0.01 INCH OR MORE:   7
MAX 90 OR ABOVE:   0    0.10 INCH OR MORE:   3
MIN 32 OR BELOW:   4    0.50 INCH OR MORE:   0
MIN  0 OR BELOW:   0    1.00 INCH OR MORE:   0

[HDD (BASE 65) ]
TOTAL THIS MO.   503    CLEAR  (SCALE 0-3)   1
DPTR FM NORMAL  -124    PTCLDY (SCALE 4-7)   9
TOTAL FM JUL 1  1130    CLOUDY (SCALE 8-10) 16
DPTR FM NORMAL   -96

[CDD (BASE 65) ]
TOTAL THIS MO.     0
DPTR FM NORMAL     0    [PRESSURE DATA]
TOTAL FM JAN 1  2126    HIGHEST SLP M ON M
DPTR FM NORMAL    27    LOWEST  SLP 29.50 ON 22

[REMARKS]
