000
CXUS55 KSEW 220945
CF6OLM

PRELIMINARY LOCAL CLIMATOLOGICAL DATA (WS FORM: F-6)

                                          STATION:   OLYMPIA WA AIRPORT
                                          MONTH:     NOVEMBER
                                          YEAR:      2014
                                          LATITUDE:   46 58 N
                                          LONGITUDE: 122 54 W

  TEMPERATURE IN F:       :PCPN:    SNOW:  WIND      :SUNSHINE: SKY     :PK WND
================================================================================
1   2   3   4   5  6A  6B    7    8   9   10  11  12  13   14  15   16   17  18
                                     12Z  AVG MX 2MIN
DY MAX MIN AVG DEP HDD CDD  WTR  SNW DPTH SPD SPD DIR MIN PSBL S-S WX    SPD DR
================================================================================

 1  55  39  47   1  18   0    T  0.0    0  1.1  7 100   M    M   9 12      8  30
 2  52  36  44  -2  21   0 0.18  0.0    0  7.2 14 210   M    M  10 12     21 210
 3  56  51  54   8  11   0 0.40  0.0    0 13.5 24 180   M    M   9 1      33 180
 4  59  50  55   9  10   0 0.37  0.0    0  8.7 20 200   M    M   8 1      28 220
 5  57  49  53   7  12   0 0.23  0.0    0  0.8  6 350   M    M  10 1       8 240
 6  59  46  53   7  12   0 0.49  0.0    0  8.6 24 190   M    M   9 1      32 230
 7  54  35  45   0  20   0 0.00  0.0    0  2.0 10 230   M    M   7 12     13 230
 8  53  34  44  -1  21   0 0.00  0.0    0  2.5  8  80   M    M   7 12     13  40
 9  56  43  50   5  15   0 0.23  0.0    0  8.5 20 240   M    M   8 1      29 230
10  53  31  42  -3  23   0 0.00  0.0    0  3.6 14  70   M    M   4 12     19  60
11  48  27  38  -6  27   0 0.00  0.0    0 10.1 21  40   M    M   0 1      28  20
12  45  28  37  -7  28   0 0.00  0.0    0  9.2 15  30   M    M   0        20  20
13  43  22  33 -11  32   0 0.00  0.0    0  5.7 14  10   M    M   5        17  40
14  46  16  31 -13  34   0 0.00  0.0    0  2.1 12  70   M    M   0 1      20  70
15  47  15  31 -12  34   0 0.00  0.0    0  3.7 15  20   M    M   0 1      21  20
16  48  16  32 -11  33   0 0.00  0.0    0  2.8 13  20   M    M   0 1      15  20
17  50  18  34  -9  31   0 0.00  0.0    0  0.7  6  20   M    M   0 1       7  20
18  48  19  34  -9  31   0 0.00  0.0    0  0.7  5 220   M    M   2 12      5 230
19  50  30  40  -2  25   0 0.03  0.0    0  1.6 12 210   M    M   5 1      14 220
20  50  41  46   4  19   0 0.04  0.0    0  5.0 16 210   M    M  10 1      20 210
21  51  46  49   7  16   0 0.84  0.0    0 10.9 24 210   M    M  10 1      33 180
================================================================================
SM 1080  692       473   0  2.81     0.0 109.0          M      113
================================================================================
AV 51.4 33.0                               5.2 FASTST   M    M   5    MAX(MPH)
                                 MISC ---->  # 24 180               # 33  180
================================================================================
NOTES:
# LAST OF SEVERAL OCCURRENCES

COLUMN 17 PEAK WIND IN M.P.H.

PRELIMINARY LOCAL CLIMATOLOGICAL DATA (WS FORM: F-6) , PAGE 2

                                          STATION:  OLYMPIA WA AIRPORT
                                          MONTH:    NOVEMBER
                                          YEAR:     2014
                                          LATITUDE:   46 58 N
                                          LONGITUDE: 122 54 W

[TEMPERATURE DATA]      [PRECIPITATION DATA]       SYMBOLS USED IN COLUMN 16

AVERAGE MONTHLY: 42.2   TOTAL FOR MONTH:   2.81    1 = FOG OR MIST
DPTR FM NORMAL:  -2.1   DPTR FM NORMAL:   -3.12    2 = FOG REDUCING VISIBILITY
HIGHEST:    59 ON  6, 4 GRTST 24HR  0.84 ON 21-21      TO 1/4 MILE OR LESS
LOWEST:     15 ON 15                               3 = THUNDER
                        SNOW, ICE PELLETS, HAIL    4 = ICE PELLETS
                        TOTAL MONTH:   0.0 INCH    5 = HAIL
                        GRTST 24HR     0.0         6 = FREEZING RAIN OR DRIZZLE
                        GRTST DEPTH:   0           7 = DUSTSTORM OR SANDSTORM:
                                                       VSBY 1/2 MILE OR LESS
                                                   8 = SMOKE OR HAZE
[NO. OF DAYS WITH]      [WEATHER - DAYS WITH]      9 = BLOWING SNOW
                                                   X = TORNADO
MAX 32 OR BELOW:   0    0.01 INCH OR MORE:   9
MAX 90 OR ABOVE:   0    0.10 INCH OR MORE:   7
MIN 32 OR BELOW:  10    0.50 INCH OR MORE:   1
MIN  0 OR BELOW:   0    1.00 INCH OR MORE:   0

[HDD (BASE 65) ]
TOTAL THIS MO.   473    CLEAR  (SCALE 0-3)   7
DPTR FM NORMAL    39    PTCLDY (SCALE 4-7)   7
TOTAL FM JUL 1   922    CLOUDY (SCALE 8-10)  7
DPTR FM NORMAL  -306

[CDD (BASE 65) ]
TOTAL THIS MO.     0
DPTR FM NORMAL     0    [PRESSURE DATA]
TOTAL FM JAN 1   187    HIGHEST SLP M ON M
DPTR FM NORMAL    81    LOWEST  SLP 29.31 ON 21

[REMARKS]
