000
CXUS55 KSEW 260930
CF6OLM
PRELIMINARY LOCAL CLIMATOLOGICAL DATA (WS FORM: F-6)

                                          STATION:   OLYMPIA WA AIRPORT
                                          MONTH:     JULY
                                          YEAR:      2017
                                          LATITUDE:   46 58 N
                                          LONGITUDE: 122 54 W

  TEMPERATURE IN F:       :PCPN:    SNOW:  WIND      :SUNSHINE: SKY     :PK WND
================================================================================
1   2   3   4   5  6A  6B    7    8   9   10  11  12  13   14  15   16   17  18
                                     12Z  AVG MX 2MIN
DY MAX MIN AVG DEP HDD CDD  WTR  SNW DPTH SPD SPD DIR MIN PSBL S-S WX    SPD DR
================================================================================

 1  76  53  65   3   0   0 0.00  0.0    0  6.1 12 220   M    M   4        26 210
 2  81  48  65   3   0   0 0.00  0.0    0  3.5 14 270   M    M   2        20 250
 3  72  52  62   0   3   0 0.00  0.0    0  5.4 10  30   M    M   7        15  70
 4  79  46  63   1   2   0 0.00  0.0    0  4.1 13 360   M    M   0 1      17  10
 5  87  44  66   4   0   1 0.00  0.0    0  4.2 12 320   M    M   0 128    15 330
 6  87  49  68   6   0   3 0.00  0.0    0  3.6  8 160   M    M   0        11  60
 7  70  52  61  -2   4   0 0.00  0.0    0  7.0 14 190   M    M   3        20 210
 8  84  48  66   3   0   1 0.00  0.0    0  4.3 12 350   M    M   0 1      14 340
 9  79  50  65   2   0   0 0.00  0.0    0  4.2 12  20   M    M   1        15 240
10  75  50  63   0   2   0 0.00  0.0    0  7.7 16 230   M    M   5        22 240
11  77  43  60  -3   5   0 0.00  0.0    0  3.6 10 330   M    M   1 8      16 240
12  78  50  64   0   1   0 0.00  0.0    0  5.1 13 210   M    M   1        16 230
13  72  51  62  -2   3   0 0.00  0.0    0  5.8 13 270   M    M   6        17 280
14  83  45  64   0   1   0 0.00  0.0    0  3.2 13 300   M    M   0 1      16 310
15  74  50  62  -2   3   0 0.00  0.0    0  6.8 16 280   M    M   1        22 260
16  74  51  63  -1   2   0 0.00  0.0    0  6.5 13  30   M    M   2        24 360
17  79  45  62  -2   3   0 0.00  0.0    0  4.3 13 350   M    M   0        22  60
18  83  47  65   1   0   0 0.00  0.0    0  3.9 14 310   M    M   0        17 250
19  79  51  65   1   0   0 0.00  0.0    0  5.9 15 220   M    M   1        19 230
20  72  52  62  -2   3   0 0.05  0.0    0  7.1 15 230   M    M   6 1      26 210
21  80  46  63  -2   2   0 0.00  0.0    0  3.3 13 210   M    M   4 12     17 220
22  86  62  74   9   0   9 0.00  0.0    0  5.0 13 330   M    M   5        17 330
23  79  60  70   5   0   5 0.00  0.0    0  5.7 12 340   M    M   7        15  20
24  83  49  66   1   0   1 0.00  0.0    0  4.7 14  30   M    M   0        17  30
25  89  50  70   5   0   5 0.00  0.0    0  4.2 12  70   M    M   0        15  70
================================================================================
SM 1978 1244        34  25  0.05     0.0 125.2          M       56
================================================================================
AV 79.1 49.8                               5.0 FASTST   M    M   2    MAX(MPH)
                                 MISC ---->  # 16 230               # 26  210
================================================================================
NOTES:
# LAST OF SEVERAL OCCURRENCES

COLUMN 17 PEAK WIND IN M.P.H.

PRELIMINARY LOCAL CLIMATOLOGICAL DATA (WS FORM: F-6) , PAGE 2

                                          STATION:  OLYMPIA WA AIRPORT
                                          MONTH:    JULY
                                          YEAR:     2017
                                          LATITUDE:   46 58 N
                                          LONGITUDE: 122 54 W

[TEMPERATURE DATA]      [PRECIPITATION DATA]       SYMBOLS USED IN COLUMN 16

AVERAGE MONTHLY: 64.4   TOTAL FOR MONTH:   0.05    1 = FOG OR MIST
DPTR FM NORMAL:   0.9   DPTR FM NORMAL:   -0.50    2 = FOG REDUCING VISIBILITY
HIGHEST:    89 ON 25    GRTST 24HR  0.05 ON 20-20      TO 1/4 MILE OR LESS
LOWEST:     43 ON 11                               3 = THUNDER
                        SNOW, ICE PELLETS, HAIL    4 = ICE PELLETS
                        TOTAL MONTH:   0.0 INCH    5 = HAIL
                        GRTST 24HR     0.0         6 = FREEZING RAIN OR DRIZZLE
                        GRTST DEPTH:   0           7 = DUSTSTORM OR SANDSTORM:
                                                       VSBY 1/2 MILE OR LESS
                                                   8 = SMOKE OR HAZE
[NO. OF DAYS WITH]      [WEATHER - DAYS WITH]      9 = BLOWING SNOW
                                                   X = TORNADO
MAX 32 OR BELOW:   0    0.01 INCH OR MORE:   1
MAX 90 OR ABOVE:   0    0.10 INCH OR MORE:   0
MIN 32 OR BELOW:   0    0.50 INCH OR MORE:   0
MIN  0 OR BELOW:   0    1.00 INCH OR MORE:   0

[HDD (BASE 65) ]
TOTAL THIS MO.    34    CLEAR  (SCALE 0-3)  17
DPTR FM NORMAL   -34    PTCLDY (SCALE 4-7)   8
TOTAL FM JUL 1    34    CLOUDY (SCALE 8-10)  0
DPTR FM NORMAL   -34

[CDD (BASE 65) ]
TOTAL THIS MO.    25
DPTR FM NORMAL    -9    [PRESSURE DATA]
TOTAL FM JAN 1    57    HIGHEST SLP M ON M
DPTR FM NORMAL     9    LOWEST  SLP 29.96 ON M

[REMARKS]
