000
CXUS55 KTWC 170855
CF6OLS
PRELIMINARY LOCAL CLIMATOLOGICAL DATA (WS FORM: F-6)

                                          STATION:   NOGALES AZ AIRPORT
                                          MONTH:     DECEMBER
                                          YEAR:      2014
                                          LATITUDE:   31 25 N
                                          LONGITUDE: 110 51 W

  TEMPERATURE IN F:       :PCPN:    SNOW:  WIND      :SUNSHINE: SKY     :PK WND
================================================================================
1   2   3   4   5  6A  6B    7    8   9   10  11  12  13   14  15   16   17  18
                                     12Z  AVG MX 2MIN
DY MAX MIN AVG DEP HDD CDD  WTR  SNW DPTH SPD SPD DIR MIN PSBL S-S WX    SPD DR
================================================================================

 1  71  33  52   0  13   0 0.00  0.0    0  2.6  9 260   M    M   0        11 260
 2  71  36  54   3  11   0    T    M    0  2.1 10  30   M    M   4        12  30
 3  75  46  61  10   4   0 0.00  0.0    0  3.7 12 260   M    M   3        16 270
 4  62  43  53   2  12   0 0.28  0.0    0  4.6 14 340   M    M   M 1      19 330
 5  69  37  53   3  12   0 0.00  0.0    0  3.0  9  80   M    M   0        21 150
 6  66  44  55   5  10   0    T    M    0  4.6 14 220   M    M   2        17 230
 7  75  37  56   6   9   0 0.00  0.0    0  4.7 15  10   M    M   0        19 360
 8  73  46  60  10   5   0 0.00  0.0    0  4.1  9  50   M    M   0        12  40
 9  78  46  62  12   3   0 0.00  0.0    0  3.9 16 220   M    M   0        19 210
10  74  38  56   7   9   0 0.00  0.0    0  4.6 14 210   M    M   0        19 200
11  73  36  55   6  10   0 0.00  0.0    0  4.1 17 220   M    M   0        24 200
12  73  43  58   9   7   0 0.00  0.0    0  9.0 24 200   M    M   0        31 190
13  59  36  48  -1  17   0 0.10    M    0  7.9 22 200   M    M   7 1      26 200
14  60  29  45  -4  20   0 0.00  0.0    0  2.4 10 320   M    M   0        14 340
15  69  30  50   1  15   0 0.00  0.0    0  3.4 14 230   M    M   0        16 230
16  65  40  53   5  12   0 0.00  0.0    0  5.8 21 210   M    M   1        26 220
================================================================================
SM 1113  620       169   0  0.38     0.0  70.5          M       17
================================================================================
AV 69.6 38.8                               4.4 FASTST   M    M   1    MAX(MPH)
                                 MISC ---->  # 24 200               # 31  190
================================================================================
NOTES:
# LAST OF SEVERAL OCCURRENCES

COLUMN 17 PEAK WIND IN M.P.H.

PRELIMINARY LOCAL CLIMATOLOGICAL DATA (WS FORM: F-6) , PAGE 2

                                          STATION:  NOGALES AZ AIRPORT
                                          MONTH:    DECEMBER
                                          YEAR:     2014
                                          LATITUDE:   31 25 N
                                          LONGITUDE: 110 51 W

[TEMPERATURE DATA]      [PRECIPITATION DATA]       SYMBOLS USED IN COLUMN 16

AVERAGE MONTHLY: 54.2   TOTAL FOR MONTH:   0.38    1 = FOG OR MIST
DPTR FM NORMAL:   4.3   DPTR FM NORMAL:   -0.27    2 = FOG REDUCING VISIBILITY
HIGHEST:    78 ON  9    GRTST 24HR  0.28 ON  4- 4      TO 1/4 MILE OR LESS
LOWEST:     29 ON 14                               3 = THUNDER
                        SNOW, ICE PELLETS, HAIL    4 = ICE PELLETS
                        TOTAL MONTH:   0.0 INCH    5 = HAIL
                        GRTST 24HR     0.0         6 = FREEZING RAIN OR DRIZZLE
                        GRTST DEPTH:   0           7 = DUSTSTORM OR SANDSTORM:
                                                       VSBY 1/2 MILE OR LESS
                                                   8 = SMOKE OR HAZE
[NO. OF DAYS WITH]      [WEATHER - DAYS WITH]      9 = BLOWING SNOW
                                                   X = TORNADO
MAX 32 OR BELOW:   0    0.01 INCH OR MORE:   2
MAX 90 OR ABOVE:   0    0.10 INCH OR MORE:   2
MIN 32 OR BELOW:   2    0.50 INCH OR MORE:   0
MIN  0 OR BELOW:   0    1.00 INCH OR MORE:   0

[HDD (BASE 65) ]
TOTAL THIS MO.   169    CLEAR  (SCALE 0-3)  13
DPTR FM NORMAL   -73    PTCLDY (SCALE 4-7)   2
TOTAL FM JUL 1   427    CLOUDY (SCALE 8-10)  0
DPTR FM NORMAL  -153

[CDD (BASE 65) ]
TOTAL THIS MO.     0
DPTR FM NORMAL     0    [PRESSURE DATA]
TOTAL FM JAN 1  1939    HIGHEST SLP M ON M
DPTR FM NORMAL    99    LOWEST  SLP 29.88 ON 10

[REMARKS]
