000
CXUS55 KTWC 280855
CF6OLS
PRELIMINARY LOCAL CLIMATOLOGICAL DATA (WS FORM: F-6)

                                          STATION:   NOGALES AZ AIRPORT
                                          MONTH:     FEBRUARY
                                          YEAR:      2015
                                          LATITUDE:   31 25 N
                                          LONGITUDE: 110 51 W

  TEMPERATURE IN F:       :PCPN:    SNOW:  WIND      :SUNSHINE: SKY     :PK WND
================================================================================
1   2   3   4   5  6A  6B    7    8   9   10  11  12  13   14  15   16   17  18
                                     12Z  AVG MX 2MIN
DY MAX MIN AVG DEP HDD CDD  WTR  SNW DPTH SPD SPD DIR MIN PSBL S-S WX    SPD DR
================================================================================

 1  62  36  49  -2  16   0 0.00  0.0    0  4.4 14 280   M    M   3        18 270
 2  74  36  55   4  10   0 0.00  0.0    0  4.7 14 360   M    M   0 12     19 340
 3  75  36  56   5   9   0 0.00  0.0    0  4.4 15 330   M    M   0        19 320
 4  75  37  56   5   9   0 0.00  0.0    0  4.3 15 310   M    M   0        21 310
 5  81  36  59   8   6   0 0.00  0.0    0  3.2 16 170   M    M   0        21 180
 6  81  40  61  10   4   0 0.00  0.0    0  3.5 13 240   M    M   0        16 230
 7  79  39  59   8   6   0 0.00  0.0    0  3.3 12 250   M    M   0        14 310
 8  82  35  59   8   6   0 0.00  0.0    0  3.0 13 320   M    M   0        19 300
 9  83  38  61  10   4   0 0.00  0.0    0  3.5 10 250   M    M   0        14 330
10  80  39  60   9   5   0 0.00  0.0    0  3.7 13 330   M    M   0        19 310
11  73  37  55   4  10   0 0.00  0.0    0  7.5 32  60   M    M   0        43  50
12  67  45  56   5   9   0 0.00  0.0    0 10.4 22  60   M    M   0        30  80
13  75  43  59   8   6   0 0.00  0.0    0  6.3 16 170   M    M   0        21  90
14  74  47  61  10   4   0    T    M    0  5.1 13  40   M    M   4        18  30
15  66  50  58   6   7   0 0.09  0.0    0  4.5 21 320   M    M   9 3      28 320
16  71  48  60   8   5   0 0.00  0.0    0  4.6 15 280   M    M   5        21 270
17  73  43  58   6   7   0 0.00  0.0    0  3.8 15 320   M    M   0        21 320
18  76  37  57   5   8   0 0.00  0.0    0  4.2 15 270   M    M   0        19 260
19  82  39  61   9   4   0 0.00  0.0    0  4.6 15 220   M    M   0        22 230
20  72  42  57   5   8   0    T    M    0  4.6 26 210   M    M   2        37 190
21  73  44  59   7   6   0 0.00  0.0    0  8.9 21 190   M    M   0        27 190
22  72  51  62  10   3   0 0.00  0.0    0 14.0 26 210   M    M   2        33 220
23  72  44  58   6   7   0 0.00  0.0    0 12.3 26 200   M    M   2        34 210
24  58  36  47  -5  18   0 0.05    M    0  8.6 24 260   M    M   3        31 260
25  66  30  48  -4  17   0 0.00  0.0    0  5.9 17 310   M    M   0        24 310
26  73  33  53   0  12   0 0.00  0.0    0  5.9 20 240   M    M   0        25 250
27  71  37  54   1  11   0 0.00  0.0    0 12.0 28 210   M    M   0        34 220
================================================================================
SM 1986 1078       217   0  0.14     0.0 161.2          M       30
================================================================================
AV 73.6 39.9                               6.0 FASTST   M    M   1    MAX(MPH)
                                 MISC ---->  # 32  60               # 43   50
================================================================================
NOTES:
# LAST OF SEVERAL OCCURRENCES

COLUMN 17 PEAK WIND IN M.P.H.

PRELIMINARY LOCAL CLIMATOLOGICAL DATA (WS FORM: F-6) , PAGE 2

                                          STATION:  NOGALES AZ AIRPORT
                                          MONTH:    FEBRUARY
                                          YEAR:     2015
                                          LATITUDE:   31 25 N
                                          LONGITUDE: 110 51 W

[TEMPERATURE DATA]      [PRECIPITATION DATA]       SYMBOLS USED IN COLUMN 16

AVERAGE MONTHLY: 56.7   TOTAL FOR MONTH:   0.14    1 = FOG OR MIST
DPTR FM NORMAL:   5.2   DPTR FM NORMAL:   -0.71    2 = FOG REDUCING VISIBILITY
HIGHEST:    83 ON  9    GRTST 24HR  0.34 ON 31- 1      TO 1/4 MILE OR LESS
LOWEST:     30 ON 25                               3 = THUNDER
                        SNOW, ICE PELLETS, HAIL    4 = ICE PELLETS
                        TOTAL MONTH:   0.0 INCH    5 = HAIL
                        GRTST 24HR     0.0         6 = FREEZING RAIN OR DRIZZLE
                        GRTST DEPTH:   0           7 = DUSTSTORM OR SANDSTORM:
                                                       VSBY 1/2 MILE OR LESS
                                                   8 = SMOKE OR HAZE
[NO. OF DAYS WITH]      [WEATHER - DAYS WITH]      9 = BLOWING SNOW
                                                   X = TORNADO
MAX 32 OR BELOW:   0    0.01 INCH OR MORE:   2
MAX 90 OR ABOVE:   0    0.10 INCH OR MORE:   0
MIN 32 OR BELOW:   1    0.50 INCH OR MORE:   0
MIN  0 OR BELOW:   0    1.00 INCH OR MORE:   0

[HDD (BASE 65) ]
TOTAL THIS MO.   217    CLEAR  (SCALE 0-3)  24
DPTR FM NORMAL  -148    PTCLDY (SCALE 4-7)   2
TOTAL FM JUL 1  1357    CLOUDY (SCALE 8-10)  1
DPTR FM NORMAL  -324

[CDD (BASE 65) ]
TOTAL THIS MO.     0
DPTR FM NORMAL     0    [PRESSURE DATA]
TOTAL FM JAN 1     0    HIGHEST SLP M ON M
DPTR FM NORMAL     0    LOWEST  SLP 29.61 ON 27

[REMARKS]
