000
CXAK56 PAOM 011702
CF6OME

PRELIMINARY LOCAL CLIMATOLOGICAL DATA (WS FORM: F-6)

                                          STATION:   NOME
                                          MONTH:     09
                                          YEAR:      2014
                                          LATITUDE:   64 31 N
                                          LONGITUDE: 165 27 W

  TEMPERATURE IN F:       :PCPN:    SNOW:  WIND      :SUNSHINE: SKY     :PK WND
================================================================================
1   2   3   4   5  6A  6B    7     8   9   10  11  12  13   14  15   16  17  18
                                      12Z  AVG MX 2MIN
DY MAX MIN AVG DEP HDD CDD  WTR   SNW DPTH SPD SPD DIR MIN PSBL S-S WX   SPD DR
================================================================================

 1  54  38  46  -2  19   0  0.54  0.0   0 16.1 28  240   M    M   M 1    33 240
 2  51  31  41  -7  24   0  0.03  0.0   0  6.8 18  320   M    M   M 1    28 320
 3  48  30  39  -8  26   0  0.00  0.0   0  3.7  9  150   M    M   M      12 140
 4  55  35  45  -2  20   0  0.00  0.0   0  8.9 18   40   M    M   M      22  40
 5  57  37  47   0  18   0  0.00  0.0   0  6.9 15  270   M    M   M      17 270
 6  53  32  43  -4  22   0  0.00  0.0   0  5.1 13  360   M    M   M      15 190
 7  56  35  46   0  19   0  0.00  0.0   0 10.1 18  100   M    M   M 8    24 100
 8  55  41  48   2  17   0  0.11  0.0   0 13.6 24  100   M    M   M 1    30 100
 9  56  49  53   7  12   0  0.05  0.0   0 10.9 17   90   M    M   M 1    20  90
10  54  50  52   7  13   0  0.49  0.0   0  8.1 15  110   M    M   M 1    19 110
11  58  52  55  10  10   0  0.24  0.0   0 17.3 29   90   M    M   M 1    36  90
12  65  53  59  14   6   0  0.21  0.0   0 18.9 26   90   M    M   M 1    35  70
13  56  47  52   8  13   0  0.03  0.0   0  8.3 28  110   M    M   M 1    39 130
14  59  50  55  11  10   0  0.34  0.0   0  9.4 17   40   M    M   M 13   21 100
15  60  48  54  11  11   0     T  0.0   0  5.4 13  330   M    M   M      18 170
16  53  47  50   7  15   0  0.26  0.0   0  2.6  9  340   M    M   M 1    11 340
17  54  43  49   6  16   0  0.04  0.0   0  5.4 15  350   M    M   M      17 350
18  54  42  48   6  17   0  0.00  0.0   0 14.8 25  360   M    M   M      31 360
19  52  37  45   3  20   0  0.00  0.0   0 10.8 23  330   M    M   M      28 330
20  50  34  42   1  23   0  0.00  0.0   0  7.7 17  340   M    M   M      20 340
21  46  35  41   0  24   0  0.00  0.0   0  4.8 16  230   M    M   M      19 230
22  48  35  42   2  23   0  0.07  0.0   0 14.4 25  240   M    M   M 1    30 240
23  43  27  35  -5  30   0  0.00  0.0   0  2.6 10  150   M    M   M      12 150
24  46  27  37  -2  28   0  0.06  0.0   0  3.7 13  250   M    M   M 1    15 240
25  47  36  42   3  23   0     T  0.0   0  3.1  9  280   M    M   M 1    12 290
26  51  32  42   4  23   0  0.00  0.0   0  2.9 10  270   M    M   M      13 260
27  48  30  39   1  26   0  0.10  0.0   0  8.2 17  210   M    M   M 1    24 180
28  48  37  43   6  22   0  0.01  0.0   0 14.6 25  270   M    M   M 1    32 260
29  44  30  37   0  28   0  0.00  0.0   0 12.1 25  250   M    M   M      29 250
30  48  31  40   4  25   0  0.00  0.0   0 11.1 20  250   M    M   M      24 240
================================================================================
SM 1569 1151       583   0  2.58  0.0    268.3           M        M
================================================================================
AV 52.3 38.4                              8.9 FASTST  PSBL  %   M    MAX(MPH)
                                 MISC ---->     29   90                 39 130
================================================================================
NOTES:
# LAST OF SEVERAL OCCURRENCES

COLUMN 17 PEAK WIND IN M.P.H.

PRELIMINARY LOCAL CLIMATOLOGICAL DATA (WS FORM: F-6) , PAGE 2

                                          STATION:   NOME
                                          MONTH:     09
                                          YEAR:      2014
                                          LATITUDE:  64 31 N
                                          LONGITUDE: 165 27 W

[TEMPERATURE DATA]      [PRECIPITATION DATA]       SYMBOLS USED IN COLUMN 16

AVERAGE MONTHLY:45.3   TOTAL FOR MONTH: 2.58       1 = FOG
DPTR FM NORMAL:  2.5   DPTR FM NORMAL: 0.13       2 = FOG REDUCING VISIBILITY
HIGHEST:    65 ON 12    GRTST 24HR   0.54 ON  1        TO 1/4 MILE OR LESS
LOWEST:     27 ON 24                               3 = THUNDER
                        SNOW, ICE PELLETS, HAIL    4 = ICE PELLETS
                        TOTAL MONTH:  0.0         5 = HAIL
                        GRTST 24HR   0.0           6 = GLAZE OR RIME
                        GRTST DEPTH:    0          7 = BLOWING DUST OR SAND:
                                                       VSBY 1/2 MILE OR LESS
                                                   8 = SMOKE OR HAZE
[NO. OF DAYS WITH]      [WEATHER - DAYS WITH]      9 = BLOWING SNOW
                                                   X = TORNADO
MAX 32 OR BELOW:   0    0.01 INCH OR MORE:  15
MAX 70 OR ABOVE:   0    0.10 INCH OR MORE:   8
MIN 32 OR BELOW:   9    0.50 INCH OR MORE:   1
MIN  0 OR BELOW:   0    1.00 INCH OR MORE:   0

[HDD (BASE 65) ]
TOTAL THIS MO.   583    CLEAR  (SCALE 0-3)   M
DPTR FM NORMAL   -83    PTCLDY (SCALE 4-7)   M
SEASONAL TOTAL  1286    CLOUDY (SCALE 8-10)  M
DPTR FM NORMAL  -244

[CDD (BASE 65) ]
TOTAL THIS MO.     0
DPTR FM NORMAL     0    [PRESSURE DATA]
SEASONAL TOTAL     3    HIGHEST SLP     M
DPTR FM NORMAL     3    LOWEST  SLP     M

[REMARKS]
#FINAL-09-14#
