000
CXUS56 KOTX 230900
CF6OMK
PRELIMINARY LOCAL CLIMATOLOGICAL DATA (WS FORM: F-6)

                                          STATION:   OMAK WA AIRPORT
                                          MONTH:     AUGUST
                                          YEAR:      2017
                                          LATITUDE:   48 27 N
                                          LONGITUDE: 119 31 W

  TEMPERATURE IN F:       :PCPN:    SNOW:  WIND      :SUNSHINE: SKY     :PK WND
================================================================================
1   2   3   4   5  6A  6B    7    8   9   10  11  12  13   14  15   16   17  18
                                     12Z  AVG MX 2MIN
DY MAX MIN AVG DEP HDD CDD  WTR  SNW DPTH SPD SPD DIR MIN PSBL S-S WX    SPD DR
================================================================================

 1  97  67  82   7   0  17 0.00    M    M 12.7 21  10   M    M   5 8      26  10
 2 100  63  82   7   0  17 0.00    M    M 10.6 18  20   M    M   2 8      24  20
 3 101  65  83   8   0  18 0.00    M    M  8.0 16 360   M    M   0        21  10
 4  92  66  79   4   0  14 0.00    M    M 11.8 24  10   M    M   4 8      33  20
 5  96  61  79   4   0  14 0.00    M    M  7.1 16  10   M    M   2 8      18  10
 6  95  58  77   2   0  12 0.00    M    M  5.0 13 300   M    M   0 8      14 300
 7  98  63  81   7   0  16 0.00    M    M  6.9 14  10   M    M   0 8      17  20
 8  99  67  83   9   0  18 0.00    M    M 10.3 17 360   M    M   0 8      21 360
 9  94  66  80   6   0  15 0.00    M    M 12.2 17 360   M    M   1 8      22 350
10 101  63  82   8   0  17 0.00    M    M  8.8 15  10   M    M   1 8      20  10
11 103  62  83   9   0  18 0.00    M    M  6.3 13  10   M    M   0 8      16  20
12  94  60  77   3   0  12    T    M    M  8.7 21 140   M    M   0        27 170
13  88  64  76   2   0  11    T    M    M  8.1 20 310   M    M   2        25 310
14  82  50  66  -7   0   1 0.00    M    M  6.6 16 360   M    M   0        21 360
15  86  53  70  -3   0   5 0.00    M    M  8.3 14 360   M    M   0 8      18 210
16  93  55  74   1   0   9 0.00    M    M  8.9 15 220   M    M   1        24 220
17  93  59  76   3   0  11 0.00    M    M  9.0 16 160   M    M   0        21 350
18  92  53  73   1   0   8 0.00    M    M  8.1 28 300   M    M   0        37 300
19  83  54  69  -3   0   4 0.00    M    M  8.1 16 360   M    M   0        20 360
20  86  54  70  -2   0   5 0.00    M    M  7.9 17 340   M    M   2        21 340
21  90  61  76   4   0  11 0.00    M    M  8.2 14 210   M    M   0        18 210
22  95  55  75   4   0  10 0.00    M    M  7.1 14 220   M    M   1        18 230
================================================================================
SM 2058 1319         0 263    T     M    188.7          M       21
================================================================================
AV 93.6 60.0                               8.6 FASTST   M    M   1    MAX(MPH)
                                 MISC ---->  # 28 300               # 37  300
================================================================================
NOTES:
# LAST OF SEVERAL OCCURRENCES

COLUMN 17 PEAK WIND IN M.P.H.

PRELIMINARY LOCAL CLIMATOLOGICAL DATA (WS FORM: F-6) , PAGE 2

                                          STATION:  OMAK WA AIRPORT
                                          MONTH:    AUGUST
                                          YEAR:     2017
                                          LATITUDE:   48 27 N
                                          LONGITUDE: 119 31 W

[TEMPERATURE DATA]      [PRECIPITATION DATA]       SYMBOLS USED IN COLUMN 16

AVERAGE MONTHLY: 76.8   TOTAL FOR MONTH:      T    1 = FOG OR MIST
DPTR FM NORMAL:   3.2   DPTR FM NORMAL:   -0.36    2 = FOG REDUCING VISIBILITY
HIGHEST:   103 ON 11    GRTST 24HR    T  ON 13-13      TO 1/4 MILE OR LESS
LOWEST:     50 ON 14                               3 = THUNDER
                        SNOW, ICE PELLETS, HAIL    4 = ICE PELLETS
                        TOTAL MONTH:    M          5 = HAIL
                        GRTST 24HR    M  ON   M    6 = FREEZING RAIN OR DRIZZLE
                        GRTST DEPTH:  M  ON   M    7 = DUSTSTORM OR SANDSTORM:
                                                       VSBY 1/2 MILE OR LESS
                                                   8 = SMOKE OR HAZE
[NO. OF DAYS WITH]      [WEATHER - DAYS WITH]      9 = BLOWING SNOW
                                                   X = TORNADO
MAX 32 OR BELOW:   0    0.01 INCH OR MORE:   0
MAX 90 OR ABOVE:  17    0.10 INCH OR MORE:   0
MIN 32 OR BELOW:   0    0.50 INCH OR MORE:   0
MIN  0 OR BELOW:   0    1.00 INCH OR MORE:   0

[HDD (BASE 65) ]
TOTAL THIS MO.     0    CLEAR  (SCALE 0-3)  20
DPTR FM NORMAL    -2    PTCLDY (SCALE 4-7)   2
TOTAL FM JUL 1     0    CLOUDY (SCALE 8-10)  0
DPTR FM NORMAL   -17

[CDD (BASE 65) ]
TOTAL THIS MO.   263
DPTR FM NORMAL    68    [PRESSURE DATA]
TOTAL FM JAN 1   720    HIGHEST SLP M ON M
DPTR FM NORMAL   164    LOWEST  SLP 29.68 ON  4

[REMARKS]
