000
CXUS53 KARX 280930
CF6ONA
PRELIMINARY LOCAL CLIMATOLOGICAL DATA (WS FORM: F-6)

                                          STATION:   WINONA_MUNI_(AWOS) MN
                                          MONTH:     AUGUST
                                          YEAR:      2015
                                          LATITUDE:   44  4 N
                                          LONGITUDE:  91 42 W

  TEMPERATURE IN F:       :PCPN:    SNOW:  WIND      :SUNSHINE: SKY     :PK WND
================================================================================
1   2   3   4   5  6A  6B    7    8   9   10  11  12  13   14  15   16   17  18
                                     12Z  AVG MX 2MIN
DY MAX MIN AVG DEP HDD CDD  WTR  SNW DPTH SPD SPD DIR MIN PSBL S-S WX    SPD DR
================================================================================

 1  82  61  72   M   0   7 0.00  0.0    0  1.9  7 250   M    M   2         M  M
 2  90  70  80   M   0  15 0.00  0.0    0  8.7 17 330   M    M   1 3      29 290
 3  79  57  68   M   0   3 0.00  0.0    0  5.2 13 290   M    M   2        20 290
 4  79  54  67   M   0   2 0.00  0.0    0  2.2  8 300   M    M   1         M  M
 5  81  55  68   M   0   3 0.00  0.0    0  1.6  6  90   M    M   1         M  M
 6   M   M   M   M   M   M    M    M    M   M   M   M   M    M   M         M  M
 7   M   M   M   M   M   M    M    M    M   M   M   M   M    M   M         M  M
 8   M   M   M   M   M   M    M    M    M   M   M   M   M    M   M         M  M
 9   M   M   M   M   M   M    M    M    M   M   M   M   M    M   M         M  M
10  81  63  72   M   0   7 0.00  0.0    M  4.3  8 330   M    M   3         M  M
11  81  59  70   M   0   5 0.00  0.0    0  3.0  9 330   M    M   1         M  M
12  82  55  69   M   0   4 0.00  0.0    0  1.7  7 240   M    M   0         M  M
13  88  70  79   M   0  14 0.00  0.0    0  6.7 14 230   M    M   3        21 230
14  95  73  84   M   0  19    M  0.0    0  3.5  8 310   M    M   1         M  M
15  90  70  80   M   0  15 0.00  0.0    0  2.0  8 210   M    M   1         M  M
16  90  72  81   M   0  16 0.00  0.0    0  4.6 10 210   M    M   2        17 220
17   M   M   M   M   M   M    M    M    M   M   M   M   M    M   M         M  M
18  70  66  68   M   0   3 0.34  0.0    0  4.5 10 120   M    M   8         M  M
19  70  55  63   M   2   0 0.06  0.0    0  7.4 14 290   M    M  10 18     18 280
20  73  55  64   M   1   0 0.01  0.0    0  8.2 16 310   M    M   6        27 310
21  81  54  68   M   0   3 0.00  0.0    0  4.8 14 220   M    M   4        24 220
22  81  63  72   M   0   7    T  0.0    0  6.6 14 160   M    M   3 3      24 160
23  72  55  64   M   1   0 0.20  0.0    0 10.4 17 300   M    M   8 3      29 300
24  63  55  59   M   6   0 0.00  0.0    0 11.6 22 320   M    M   7 3      28 320
25  73  55  64   M   1   0 0.00  0.0    0  8.5 17 310   M    M   4        21 330
26  73  54  64   M   1   0 0.00  0.0    0  1.6  7 340   M    M   3 12      M  M
27  77  54  66   M   0   1 0.00  0.0    0  2.1  7 130   M    M   3 13      M  M
================================================================================
SM 1751 1325        12 124  0.61     0.0 111.1          M       74
================================================================================
AV 79.6 60.2                               5.0 FASTST   M    M   3    MAX(MPH)
                                 MISC ---->    22   M                 29    M
================================================================================
NOTES:
# LAST OF SEVERAL OCCURRENCES

COLUMN 17 PEAK WIND IN M.P.H.

PRELIMINARY LOCAL CLIMATOLOGICAL DATA (WS FORM: F-6) , PAGE 2

                                          STATION:  WINONA_MUNI_(AWOS) MN
                                          MONTH:    AUGUST
                                          YEAR:     2015
                                          LATITUDE:   44  4 N
                                          LONGITUDE:  91 42 W

[TEMPERATURE DATA]      [PRECIPITATION DATA]       SYMBOLS USED IN COLUMN 16

AVERAGE MONTHLY: 69.9   TOTAL FOR MONTH:   0.61    1 = FOG OR MIST
DPTR FM NORMAL:     M   DPTR FM NORMAL:       M    2 = FOG REDUCING VISIBILITY
HIGHEST:    95 ON 14    GRTST 24HR  0.34 ON 18-18      TO 1/4 MILE OR LESS
LOWEST:     54 ON 27,26                            3 = THUNDER
                        SNOW, ICE PELLETS, HAIL    4 = ICE PELLETS
                        TOTAL MONTH:   0.0 INCH    5 = HAIL
                        GRTST 24HR     0.0         6 = FREEZING RAIN OR DRIZZLE
                        GRTST DEPTH:   0           7 = DUSTSTORM OR SANDSTORM:
                                                       VSBY 1/2 MILE OR LESS
                                                   8 = SMOKE OR HAZE
[NO. OF DAYS WITH]      [WEATHER - DAYS WITH]      9 = BLOWING SNOW
                                                   X = TORNADO
MAX 32 OR BELOW:   0    0.01 INCH OR MORE:   4
MAX 90 OR ABOVE:   4    0.10 INCH OR MORE:   2
MIN 32 OR BELOW:   0    0.50 INCH OR MORE:   0
MIN  0 OR BELOW:   0    1.00 INCH OR MORE:   0

[HDD (BASE 65) ]
TOTAL THIS MO.    12    CLEAR  (SCALE 0-3)  13
DPTR FM NORMAL     M    PTCLDY (SCALE 4-7)   8
TOTAL FM JUL 1    21    CLOUDY (SCALE 8-10)  1
DPTR FM NORMAL     M

[CDD (BASE 65) ]
TOTAL THIS MO.   124
DPTR FM NORMAL     M    [PRESSURE DATA]
TOTAL FM JAN 1   472    HIGHEST SLP M ON M
DPTR FM NORMAL     M    LOWEST  SLP M ON M

[REMARKS]
