000
CXUS52 KMLB 271233
CF6ORL
PRELIMINARY LOCAL CLIMATOLOGICAL DATA (WS FORM: F-6)

                                          STATION:   ORLANDO EXEC
                                          MONTH:     FEBRUARY
                                          YEAR:      2015
                                          LATITUDE:   28 32 N
                                          LONGITUDE:  81 20 W

  TEMPERATURE IN F:       :PCPN:    SNOW:  WIND      :SUNSHINE: SKY     :PK WND
================================================================================
1   2   3   4   5  6A  6B    7    8   9   10  11  12  13   14  15   16   17  18
                                     12Z  AVG MX 2MIN
DY MAX MIN AVG DEP HDD CDD  WTR  SNW DPTH SPD SPD DIR MIN PSBL S-S WX    SPD DR
================================================================================

 1  74  49  62   0   3   0 0.00  0.0    0  6.6 20 160   M    M   2        26 150
 2  76  52  64   2   1   0 0.05  0.0    0 13.3 26 240   M    M   4        36 220
 3  68  43  56  -6   9   0 0.00  0.0    0  9.6 15  80   M    M   0        19  90
 4  74  53  64   2   1   0    T  0.0    0  6.9 14 110   M    M   3        17 110
 5  67  52  60  -2   5   0 1.38  0.0    0  9.1 21 140   M    M   7 1      27  10
 6  67  50  59  -3   6   0 0.00  0.0    0 10.5 21  30   M    M   0        28  10
 7  72  47  60  -2   5   0 0.00  0.0    0  6.4 13  90   M    M   0        17  80
 8  74  50  62   0   3   0 0.00  0.0    0  4.3 13 200   M    M   1        21 160
 9  72  55  64   2   1   0 0.89  0.0    0  3.8 14 120   M    M   8 1      16 120
10  65  53  59  -4   6   0 0.00  0.0    0 10.2 20 320   M    M   5 8      26 320
11  68  47  58  -5   7   0 0.00  0.0    0  6.3 14  20   M    M   0        17 340
12  71  46  59  -4   6   0 0.00  0.0    0  7.8 18 270   M    M   0 8      24 280
13  61  45  53 -10  12   0 0.00  0.0    0  8.4 14  20   M    M   0 8      17  20
14  64  41  53 -10  12   0 0.00  0.0    0  8.4 21 290   M    M   0        26 280
15  75  50  63   0   2   0 0.00  0.0    0  9.3 20 310   M    M   0        23 300
16  75  49  62  -1   3   0 0.00  0.0    0  7.8 20 190   M    M   2        25 200
17  79  58  69   5   0   4 0.76  0.0    0 11.5 24 300   M    M   5 1      33 220
18  61  48  55  -9  10   0 0.63    M    0 12.2 25 280   M    M   4 1      32 280
19  52  38  45 -19  20   0 0.00  0.0    0 13.6 22 290   M    M   0        32 310
20  57  34  46 -18  19   0 0.00  0.0    0  7.6 16  70   M    M   0        19  80
21  72  42  57  -7   8   0 0.00  0.0    0  6.6 16 150   M    M   4        22 150
22  81  56  69   5   0   4 0.00  0.0    0  4.2 14 190   M    M   2 1      19 170
23  83  60  72   8   0   7 0.00  0.0    0  6.7 18 250   M    M   4 1      24 270
24  77  62  70   6   0   5 0.11  0.0    0  7.1 22 260   M    M   8 18     28 270
25  74  59  67   2   0   2 0.00  0.0    0  7.5 24 200   M    M   8 18     33 190
26  75  56  66   1   0   1 0.18  0.0    0 12.5 30 260   M    M   9 138    40 230
================================================================================
SM 1834 1295       139  23  4.00     0.0 218.2          M       76
================================================================================
AV 70.5 49.8                               8.4 FASTST   M    M   3    MAX(MPH)
                                 MISC ---->  # 30 260               # 40  230
================================================================================
NOTES:
# LAST OF SEVERAL OCCURRENCES

COLUMN 17 PEAK WIND IN M.P.H.

PRELIMINARY LOCAL CLIMATOLOGICAL DATA (WS FORM: F-6) , PAGE 2

                                          STATION:  ORLANDO EXEC
                                          MONTH:    FEBRUARY
                                          YEAR:     2015
                                          LATITUDE:   28 32 N
                                          LONGITUDE:  81 20 W

[TEMPERATURE DATA]      [PRECIPITATION DATA]       SYMBOLS USED IN COLUMN 16

AVERAGE MONTHLY: 60.2   TOTAL FOR MONTH:   4.00    1 = FOG OR MIST
DPTR FM NORMAL:  -2.9   DPTR FM NORMAL:    1.47    2 = FOG REDUCING VISIBILITY
HIGHEST:    83 ON 23    GRTST 24HR  1.39 ON 17-18      TO 1/4 MILE OR LESS
LOWEST:     34 ON 20                               3 = THUNDER
                        SNOW, ICE PELLETS, HAIL    4 = ICE PELLETS
                        TOTAL MONTH:   0.0 INCH    5 = HAIL
                        GRTST 24HR     0.0         6 = FREEZING RAIN OR DRIZZLE
                        GRTST DEPTH:   0           7 = DUSTSTORM OR SANDSTORM:
                                                       VSBY 1/2 MILE OR LESS
                                                   8 = SMOKE OR HAZE
[NO. OF DAYS WITH]      [WEATHER - DAYS WITH]      9 = BLOWING SNOW
                                                   X = TORNADO
MAX 32 OR BELOW:   0    0.01 INCH OR MORE:   7
MAX 90 OR ABOVE:   0    0.10 INCH OR MORE:   6
MIN 32 OR BELOW:   0    0.50 INCH OR MORE:   4
MIN  0 OR BELOW:   0    1.00 INCH OR MORE:   1

[HDD (BASE 65) ]
TOTAL THIS MO.   139    CLEAR  (SCALE 0-3)  14
DPTR FM NORMAL    38    PTCLDY (SCALE 4-7)   9
TOTAL FM JUL 1   448    CLOUDY (SCALE 8-10)  3
DPTR FM NORMAL   -17

[CDD (BASE 65) ]
TOTAL THIS MO.    23
DPTR FM NORMAL   -30    [PRESSURE DATA]
TOTAL FM JAN 1    72    HIGHEST SLP M ON M
DPTR FM NORMAL   -25    LOWEST  SLP 29.63 ON 26

[REMARKS]
