000
CXUS53 KGRB 290800
CF6OSH
PRELIMINARY LOCAL CLIMATOLOGICAL DATA (WS FORM: F-6)

                                          STATION:   OSHKOSH WI
                                          MONTH:     JULY
                                          YEAR:      2014
                                          LATITUDE:   44  0 N
                                          LONGITUDE:  88 34 W

  TEMPERATURE IN F:       :PCPN:    SNOW:  WIND      :SUNSHINE: SKY     :PK WND
================================================================================
1   2   3   4   5  6A  6B    7    8   9   10  11  12  13   14  15   16   17  18
                                     12Z  AVG MX 2MIN
DY MAX MIN AVG DEP HDD CDD  WTR  SNW DPTH SPD SPD DIR MIN PSBL S-S WX    SPD DR
================================================================================

 1  78  64  71   1   0   6 0.20  0.0    0  9.8 17 270   M    M   3 138    25 200
 2  66  57  62  -8   3   0 0.24  0.0    0  7.3 16 340   M    M   8 1      26 340
 3  76  52  64  -7   1   0 0.00  0.0    0  5.8 24 360   M    M   2        29 360
 4  78  53  66  -5   0   1 0.00  0.0    0  4.5 13 140   M    M   1        18 140
 5  78  57  68  -3   0   3 0.00  0.0    0 11.7 21 210   M    M   1        29 190
 6  78  63  71   0   0   6    T  0.0    0  9.0 20 180   M    M   7 18     25 180
 7  85  64  75   4   0  10 0.72  0.0    0  8.1 29 150   M    M   1 13     33 150
 8  76  59  68  -3   0   3 0.06  0.0    0 11.2 25 290   M    M   5 3      34 290
 9  73  53  63  -8   2   0    T  0.0    0  5.8 16 330   M    M   6        23 300
10  79  52  66  -5   0   1 0.00  0.0    0  6.1 16 140   M    M   2        21 140
11  80  61  71   0   0   6 0.00  0.0    0 10.8 22 200   M    M   3        28 200
12  78  65  72   1   0   7 0.08  0.0    0  4.2 22 340   M    M   7 1      27 340
13  79  57  68  -3   0   3 0.00  0.0    0  8.2 18 290   M    M   2        26 280
14  75  54  65  -6   0   0 0.02  0.0    0  7.5 22 290   M    M   4        28 300
15  69  53  61 -10   4   0 0.30  0.0    0 10.9 21 330   M    M   9 1      29 330
16  72  51  62  -9   3   0 0.00  0.0    0  5.0 12 320   M    M   3        15 310
17  76  50  63  -8   2   0 0.00  0.0    0  5.4  9 210   M    M   1        14 210
18  80  56  68  -3   0   3 0.00  0.0    0  8.8 16 140   M    M   2        20 150
19  80  60  70  -1   0   5 0.00  0.0    0  7.6 16 190   M    M   4 18     22 180
20  82  59  71   0   0   6 0.00  0.0    0  9.3 17 190   M    M   1 1      22 190
21  86  64  75   4   0  10 0.00  0.0    0 10.6 22 180   M    M   1 18     24 200
22  91  67  79   8   0  14 0.00  0.0    0 13.9 25 330   M    M   3 18     32 320
23  76  55  66  -5   0   1 0.00  0.0    0  9.2 21  30   M    M   2 8      28  30
24  76  54  65  -6   0   0 0.00  0.0    0  5.8 15 180   M    M   3        21 150
25  74  59  67  -4   0   2    T  0.0    0 10.3 22 200   M    M   6        27 200
26  83  62  73   2   0   8 0.00  0.0    0  5.7 12 250   M    M   3 1      16 270
27  77  59  68  -3   0   3 0.08  0.0    0 11.6 26 340   M    M   3 13     34 330
28  74  54  64  -7   1   0 0.00  0.0    0  9.2 16 350   M    M   4        22 340
================================================================================
SM 2175 1614        16  98  1.70     0.0 233.3          M       97
================================================================================
AV 77.7 57.6                               8.3 FASTST   M    M   3    MAX(MPH)
                                 MISC ---->  # 29 150               # 34  290
================================================================================
NOTES:
# LAST OF SEVERAL OCCURRENCES

COLUMN 17 PEAK WIND IN M.P.H.

PRELIMINARY LOCAL CLIMATOLOGICAL DATA (WS FORM: F-6) , PAGE 2

                                          STATION:  OSHKOSH WI
                                          MONTH:    JULY
                                          YEAR:     2014
                                          LATITUDE:   44  0 N
                                          LONGITUDE:  88 34 W

[TEMPERATURE DATA]      [PRECIPITATION DATA]       SYMBOLS USED IN COLUMN 16

AVERAGE MONTHLY: 67.7   TOTAL FOR MONTH:   1.70    1 = FOG OR MIST
DPTR FM NORMAL:  -3.3   DPTR FM NORMAL:   -1.60    2 = FOG REDUCING VISIBILITY
HIGHEST:    91 ON 22    GRTST 24HR  0.78 ON  7- 8      TO 1/4 MILE OR LESS
LOWEST:     50 ON 17                               3 = THUNDER
                        SNOW, ICE PELLETS, HAIL    4 = ICE PELLETS
                        TOTAL MONTH:   0.0 INCH    5 = HAIL
                        GRTST 24HR     0.0         6 = FREEZING RAIN OR DRIZZLE
                        GRTST DEPTH:   0           7 = DUSTSTORM OR SANDSTORM:
                                                       VSBY 1/2 MILE OR LESS
                                                   8 = SMOKE OR HAZE
[NO. OF DAYS WITH]      [WEATHER - DAYS WITH]      9 = BLOWING SNOW
                                                   X = TORNADO
MAX 32 OR BELOW:   0    0.01 INCH OR MORE:   8
MAX 90 OR ABOVE:   1    0.10 INCH OR MORE:   4
MIN 32 OR BELOW:   0    0.50 INCH OR MORE:   1
MIN  0 OR BELOW:   0    1.00 INCH OR MORE:   0

[HDD (BASE 65) ]
TOTAL THIS MO.    16    CLEAR  (SCALE 0-3)  16
DPTR FM NORMAL    14    PTCLDY (SCALE 4-7)  10
TOTAL FM JUL 1    16    CLOUDY (SCALE 8-10)  2
DPTR FM NORMAL    14

[CDD (BASE 65) ]
TOTAL THIS MO.    98
DPTR FM NORMAL   -70    [PRESSURE DATA]
TOTAL FM JAN 1   244    HIGHEST SLP M ON M
DPTR FM NORMAL   -62    LOWEST  SLP 29.53 ON M

[REMARKS]
