000
CXUS53 KGRB 300640
CF6OSH
PRELIMINARY LOCAL CLIMATOLOGICAL DATA (WS FORM: F-6)

                                          STATION:   OSHKOSH WI
                                          MONTH:     SEPTEMBER
                                          YEAR:      2016
                                          LATITUDE:   44  0 N
                                          LONGITUDE:  88 34 W

  TEMPERATURE IN F:       :PCPN:    SNOW:  WIND      :SUNSHINE: SKY     :PK WND
================================================================================
1   2   3   4   5  6A  6B    7    8   9   10  11  12  13   14  15   16   17  18
                                     12Z  AVG MX 2MIN
DY MAX MIN AVG DEP HDD CDD  WTR  SNW DPTH SPD SPD DIR MIN PSBL S-S WX    SPD DR
================================================================================

 1  71  58  65  -2   0   0 0.00  0.0    0 10.9 17  40   M    M   5        23  20
 2  74  53  64  -2   1   0 0.00  0.0    0  5.5 12  50   M    M   1        17  40
 3  77  48  63  -3   2   0 0.00  0.0    0  5.4 13 120   M    M   1        17 110
 4  80  53  67   1   0   2 0.00  0.0    0  8.0 20 180   M    M   2        23 180
 5  87  60  74   9   0   9 0.00  0.0    0 11.6 24 190   M    M   0        34 210
 6  88  69  79  14   0  14 0.95  0.0    0  9.2 23 350   M    M   4 13     35 320
 7  74  69  72   7   0   7 0.89  0.0    0  4.6 15 150   M    M   8 13     18 150
 8  81  60  71   7   0   6 0.00  0.0    0  6.0 16 290   M    M   6 1      22 290
 9  78  53  66   2   0   1 0.01  0.0    0  3.6 13 200   M    M   2        17 180
10  70  51  61  -3   4   0 0.17  0.0    0  8.0 22 290   M    M   6 13     29 290
11  74  51  63   0   2   0 0.00  0.0    0  8.1 15 200   M    M   1        22 220
12  78  52  65   2   0   0 0.00  0.0    0 11.0 24 180   M    M   0        32 180
13  73  59  66   4   0   1 0.26  0.0    0  7.4 21 360   M    M   7 13     30 220
14  70  53  62   0   3   0 0.00  0.0    0  6.5 13 120   M    M   5        16 110
15  75  54  65   4   0   0 0.00  0.0    0  6.6 17 140   M    M   4        20 130
16  80  62  71  10   0   6 0.07  0.0    0  8.5 24 190   M    M   3 13     32 180
17  76  58  67   6   0   2 0.00  0.0    0  6.5 16 290   M    M   2        23 240
18  78  53  66   6   0   1 0.00  0.0    0  6.7 14 190   M    M   1        18 200
19  79  58  69   9   0   4 0.08  0.0    0  8.3 22 320   M    M   3 123    28 310
20  82  49  66   7   0   1 0.00  0.0    0  4.9 13 210   M    M   3 12     18 190
21  71  58  65   6   0   0 2.24  0.0    0  6.7 29 340   M    M   2 13     36 350
22  77  62  70  12   0   5 0.29  0.0    0  5.6 16  30   M    M   8 18     21  30
23  69  61  65   7   0   0 0.00  0.0    0 11.0 16  40   M    M   8        22  40
24  69  61  65   8   0   0 0.00  0.0    0  8.5 15 120   M    M   7        19 110
25  80  59  70  13   0   5 0.08  0.0    0  9.5 28 180   M    M   4 1      33 180
26  64  52  58   2   7   0    T  0.0    0 10.6 26 300   M    M   3        37 250
27  57  49  53  -3  12   0 0.11  0.0    0  8.2 16 270   M    M   8 1      24 280
28  63  50  57   1   8   0 0.01  0.0    0 11.2 21  20   M    M   6 1      26  20
29  69  53  61   6   4   0 0.00  0.0    0 15.9 23  30   M    M   4        30  10
================================================================================
SM 2164 1628        43  64  5.16     0.0 234.5          M      114
================================================================================
AV 74.6 56.1                               8.1 FASTST   M    M   4    MAX(MPH)
                                 MISC ---->  # 29 340               # 37  250
================================================================================
NOTES:
# LAST OF SEVERAL OCCURRENCES

COLUMN 17 PEAK WIND IN M.P.H.

PRELIMINARY LOCAL CLIMATOLOGICAL DATA (WS FORM: F-6) , PAGE 2

                                          STATION:  OSHKOSH WI
                                          MONTH:    SEPTEMBER
                                          YEAR:     2016
                                          LATITUDE:   44  0 N
                                          LONGITUDE:  88 34 W

[TEMPERATURE DATA]      [PRECIPITATION DATA]       SYMBOLS USED IN COLUMN 16

AVERAGE MONTHLY: 65.4   TOTAL FOR MONTH:   5.16    1 = FOG OR MIST
DPTR FM NORMAL:   4.1   DPTR FM NORMAL:    1.82    2 = FOG REDUCING VISIBILITY
HIGHEST:    88 ON  6    GRTST 24HR  2.45 ON 21-22      TO 1/4 MILE OR LESS
LOWEST:     48 ON  3                               3 = THUNDER
                        SNOW, ICE PELLETS, HAIL    4 = ICE PELLETS
                        TOTAL MONTH:   0.0 INCH    5 = HAIL
                        GRTST 24HR     0.0         6 = FREEZING RAIN OR DRIZZLE
                        GRTST DEPTH:   0           7 = DUSTSTORM OR SANDSTORM:
                                                       VSBY 1/2 MILE OR LESS
                                                   8 = SMOKE OR HAZE
[NO. OF DAYS WITH]      [WEATHER - DAYS WITH]      9 = BLOWING SNOW
                                                   X = TORNADO
MAX 32 OR BELOW:   0    0.01 INCH OR MORE:  12
MAX 90 OR ABOVE:   0    0.10 INCH OR MORE:   7
MIN 32 OR BELOW:   0    0.50 INCH OR MORE:   3
MIN  0 OR BELOW:   0    1.00 INCH OR MORE:   1

[HDD (BASE 65) ]
TOTAL THIS MO.    43    CLEAR  (SCALE 0-3)  13
DPTR FM NORMAL  -110    PTCLDY (SCALE 4-7)  14
TOTAL FM JUL 1    46    CLOUDY (SCALE 8-10)  2
DPTR FM NORMAL  -138

[CDD (BASE 65) ]
TOTAL THIS MO.    64
DPTR FM NORMAL    23    [PRESSURE DATA]
TOTAL FM JAN 1   658    HIGHEST SLP M ON M
DPTR FM NORMAL   125    LOWEST  SLP 29.65 ON 27

[REMARKS]
