000
CXUS56 KMFR 241000
CF6OTH
PRELIMINARY LOCAL CLIMATOLOGICAL DATA (WS FORM: F-6)

                                          STATION:   NORTH BEND OR
                                          MONTH:     SEPTEMBER
                                          YEAR:      2016
                                          LATITUDE:   43 25 N
                                          LONGITUDE: 124 15 W

  TEMPERATURE IN F:       :PCPN:    SNOW:  WIND      :SUNSHINE: SKY     :PK WND
================================================================================
1   2   3   4   5  6A  6B    7    8   9   10  11  12  13   14  15   16   17  18
                                     12Z  AVG MX 2MIN
DY MAX MIN AVG DEP HDD CDD  WTR  SNW DPTH SPD SPD DIR MIN PSBL S-S WX    SPD DR
================================================================================

 1  68  55  62   3   3   0 0.10    M    M  5.0 10 280   M    M   M         M  M
 2  70  55  63   4   2   0 0.00    M    M  4.8 12 350   M    M   5        16 310
 3  68  54  61   2   4   0 0.00    M    M  9.4 20 350   M    M   3        28 360
 4  66  48  57  -2   8   0 0.00    M    M  6.8 17 330   M    M   1        23 330
 5  68  46  57  -1   8   0 0.00    M    M  6.5 16 360   M    M   1        21 350
 6  64  52  58   0   7   0 0.08    M    M  6.4  8  10   M    M   M         M  M
 7  70  55  63   5   2   0 0.01    M    M  9.4 22 360   M    M   3        28 360
 8  70  48  59   1   6   0 0.00    M    M 11.3 27 360   M    M   0        35 360
 9  72  50  61   3   4   0 0.00    M    M 10.9 24 350   M    M   0        32 350
10  66  46  56  -2   9   0 0.00    M    M  9.5 24 350   M    M   3        32 350
11  66  54  60   2   5   0 0.00    M    M 13.9 23 360   M    M   2        35  10
12  72  45  59   1   6   0 0.00    M    M  8.2 24 360   M    M   0        31 360
13  82  45  64   6   1   0 0.00    M    M  5.8 20 350   M    M   0         M  M
14  63  54  59   1   6   0 0.00    M    M  5.8 12 270   M    M   0         M  M
15  66  52  59   1   6   0 0.00    M    M  6.4 20 360   M    M   4        27 360
16  63  50  57  -1   8   0 0.00    M    M  6.5 16 350   M    M   8        21 360
17  72  54  63   6   2   0 0.00    M    M  6.0 13 250   0    0   0         M  M
18  66  52  59   2   6   0 0.04    M    M  5.2 13 250   M    M   8         M  M
19  70  52  61   4   4   0 0.00    M    M  7.6 18 360   M    M   3        21 360
20  66  50  58   1   7   0 0.00    M    M  7.2 16 350   M    M   0        21 340
21  63  46  55  -2  10   0 0.00    M    M  4.1  9 310   0    0   0         M  M
22  66  52  59   2   6   0 0.01    M    M  3.8 12 270   0    0   0         M  M
23  61  50  56  -1   9   0 0.10    M    M  6.2 12 160   M    M   7        16 150
================================================================================
SM 1558 1165       129   0  0.34    M    166.7            0     48
================================================================================
AV 67.7 50.7                               7.2 FASTST    0   0   2    MAX(MPH)
                                 MISC ---->  # 27 360               # 35  360
================================================================================
NOTES:
# LAST OF SEVERAL OCCURRENCES

COLUMN 17 PEAK WIND IN M.P.H.

PRELIMINARY LOCAL CLIMATOLOGICAL DATA (WS FORM: F-6) , PAGE 2

                                          STATION:  NORTH BEND OR
                                          MONTH:    SEPTEMBER
                                          YEAR:     2016
                                          LATITUDE:   43 25 N
                                          LONGITUDE: 124 15 W

[TEMPERATURE DATA]      [PRECIPITATION DATA]       SYMBOLS USED IN COLUMN 16

AVERAGE MONTHLY: 59.2   TOTAL FOR MONTH:   0.34    1 = FOG OR MIST
DPTR FM NORMAL:   1.3   DPTR FM NORMAL:   -0.72    2 = FOG REDUCING VISIBILITY
HIGHEST:    82 ON 13    GRTST 24HR  0.10 ON 23-23      TO 1/4 MILE OR LESS
LOWEST:     45 ON 13,12                            3 = THUNDER
                        SNOW, ICE PELLETS, HAIL    4 = ICE PELLETS
                        TOTAL MONTH:    M          5 = HAIL
                        GRTST 24HR    M  ON   M    6 = FREEZING RAIN OR DRIZZLE
                        GRTST DEPTH:  M  ON   M    7 = DUSTSTORM OR SANDSTORM:
                                                       VSBY 1/2 MILE OR LESS
                                                   8 = SMOKE OR HAZE
[NO. OF DAYS WITH]      [WEATHER - DAYS WITH]      9 = BLOWING SNOW
                                                   X = TORNADO
MAX 32 OR BELOW:   0    0.01 INCH OR MORE:   6
MAX 90 OR ABOVE:   0    0.10 INCH OR MORE:   2
MIN 32 OR BELOW:   0    0.50 INCH OR MORE:   0
MIN  0 OR BELOW:   0    1.00 INCH OR MORE:   0

[HDD (BASE 65) ]
TOTAL THIS MO.   129    CLEAR  (SCALE 0-3)  14
DPTR FM NORMAL   -35    PTCLDY (SCALE 4-7)   6
TOTAL FM JUL 1   417    CLOUDY (SCALE 8-10)  1
DPTR FM NORMAL  -126

[CDD (BASE 65) ]
TOTAL THIS MO.     0
DPTR FM NORMAL     0    [PRESSURE DATA]
TOTAL FM JAN 1    15    HIGHEST SLP M ON M
DPTR FM NORMAL    14    LOWEST  SLP  0.00 ON  3

[REMARKS]
