000
CXUS56 KMFR 191000
CF6OTH
PRELIMINARY LOCAL CLIMATOLOGICAL DATA (WS FORM: F-6)

                                          STATION:   NORTH BEND OR
                                          MONTH:     JANUARY
                                          YEAR:      2018
                                          LATITUDE:   43 25 N
                                          LONGITUDE: 124 15 W

  TEMPERATURE IN F:       :PCPN:    SNOW:  WIND      :SUNSHINE: SKY     :PK WND
================================================================================
1   2   3   4   5  6A  6B    7    8   9   10  11  12  13   14  15   16   17  18
                                     12Z  AVG MX 2MIN
DY MAX MIN AVG DEP HDD CDD  WTR  SNW DPTH SPD SPD DIR MIN PSBL S-S WX    SPD DR
================================================================================

 1  55  39  47   2  18   0 0.00    M    M  5.3 10 120   0    0   0         M  M
 2  55  40  48   2  17   0 0.00    M    M  4.6  9 150   0    0   0         M  M
 3  60  45  53   7  12   0 0.00    M    M  7.5 10 160   0    0   0         M  M
 4  56  46  51   5  14   0 0.04    M    M  4.0  9 140   M    M   9 1       M  M
 5  58  47  53   7  12   0 0.03    M    M 10.8 22 210   0    0   0        37 190
 6  53  39  46   0  19   0 0.02    M    M  5.1 13 350   M    M   4 12      M  M
 7  52  41  47   1  18   0 0.00    M    M  6.5 12 220   M    M   7         M  M
 8  53  44  49   3  16   0 0.04    M    M  5.6  9 130   M    M  10 1       M  M
 9  52  43  48   2  17   0 0.06    M    M  7.6 20 340   M    M   9 1      27 340
10  53  43  48   2  17   0 0.09    M    M  7.1  9 130   M    M  10 1       M  M
11  57  52  55   9  10   0 0.06    M    M 15.3 24 210   0    0   0        43 190
12  57  44  51   5  14   0 0.06    M    M  5.9  9 230   M    M   8 12      M  M
13  68  39  54   8  11   0 0.03    M    M  5.7 17 100   M    M   1 12      M  M
14  63  44  54   8  11   0 0.02    M    M  4.7 12 140   0    0   0         M  M
15  59  44  52   6  13   0 0.03    M    M  6.4 18 240   0    0   0        36 220
16  58  44  51   5  14   0    T    M    M  6.1 10 180   M    M   1         M  M
17  67  43  55   9  10   0 0.55    M    M 11.2 24 180   0    0   0        47 200
18  53  43  48   2  17   0 0.85    M    M 11.0 15 180   M    M   9 1      20 180
================================================================================
SM 1029  780       260   0  1.88    M    130.4            0     68
================================================================================
AV 57.2 43.3                               7.2 FASTST    0   0   4    MAX(MPH)
                                 MISC ---->  # 24 210               # 47  200
================================================================================
NOTES:
# LAST OF SEVERAL OCCURRENCES

COLUMN 17 PEAK WIND IN M.P.H.

PRELIMINARY LOCAL CLIMATOLOGICAL DATA (WS FORM: F-6) , PAGE 2

                                          STATION:  NORTH BEND OR
                                          MONTH:    JANUARY
                                          YEAR:     2018
                                          LATITUDE:   43 25 N
                                          LONGITUDE: 124 15 W

[TEMPERATURE DATA]      [PRECIPITATION DATA]       SYMBOLS USED IN COLUMN 16

AVERAGE MONTHLY: 50.3   TOTAL FOR MONTH:   1.88    1 = FOG OR MIST
DPTR FM NORMAL:   4.3   DPTR FM NORMAL:   -4.40    2 = FOG REDUCING VISIBILITY
HIGHEST:    68 ON 13    GRTST 24HR  0.85 ON 18-18      TO 1/4 MILE OR LESS
LOWEST:     39 ON 13, 6                            3 = THUNDER
                        SNOW, ICE PELLETS, HAIL    4 = ICE PELLETS
                        TOTAL MONTH:    M          5 = HAIL
                        GRTST 24HR    M  ON   M    6 = FREEZING RAIN OR DRIZZLE
                        GRTST DEPTH:  M  ON   M    7 = DUSTSTORM OR SANDSTORM:
                                                       VSBY 1/2 MILE OR LESS
                                                   8 = SMOKE OR HAZE
[NO. OF DAYS WITH]      [WEATHER - DAYS WITH]      9 = BLOWING SNOW
                                                   X = TORNADO
MAX 32 OR BELOW:   0    0.01 INCH OR MORE:  13
MAX 90 OR ABOVE:   0    0.10 INCH OR MORE:   2
MIN 32 OR BELOW:   0    0.50 INCH OR MORE:   2
MIN  0 OR BELOW:   0    1.00 INCH OR MORE:   0

[HDD (BASE 65) ]
TOTAL THIS MO.   260    CLEAR  (SCALE 0-3)  10
DPTR FM NORMAL   -84    PTCLDY (SCALE 4-7)   3
TOTAL FM JUL 1  1940    CLOUDY (SCALE 8-10)  5
DPTR FM NORMAL  -465

[CDD (BASE 65) ]
TOTAL THIS MO.     0
DPTR FM NORMAL     0    [PRESSURE DATA]
TOTAL FM JAN 1     0    HIGHEST SLP  0.00 ON M
DPTR FM NORMAL     0    LOWEST  SLP  0.00 ON  9

[REMARKS]
