000
CXUS56 KMFR 301000
CF6OTH
PRELIMINARY LOCAL CLIMATOLOGICAL DATA (WS FORM: F-6)

                                          STATION:   NORTH BEND OR
                                          MONTH:     AUGUST
                                          YEAR:      2015
                                          LATITUDE:   43 25 N
                                          LONGITUDE: 124 15 W

  TEMPERATURE IN F:       :PCPN:    SNOW:  WIND      :SUNSHINE: SKY     :PK WND
================================================================================
1   2   3   4   5  6A  6B    7    8   9   10  11  12  13   14  15   16   17  18
                                     12Z  AVG MX 2MIN
DY MAX MIN AVG DEP HDD CDD  WTR  SNW DPTH SPD SPD DIR MIN PSBL S-S WX    SPD DR
================================================================================

 1  63  50  57  -2   8   0 0.00    M    M  5.1 13 280   M    M   M         M  M
 2  63  55  59   0   6   0 0.00    M    M  3.9  9 190   M    M   M         M  M
 3  66  55  61   2   4   0 0.00    M    M  6.4 16 340   M    M   8        21 350
 4  66  54  60   1   5   0 0.00    M    M 12.0 28 360   M    M   2        36 360
 5  68  52  60   1   5   0 0.00    M    M 10.4 21 350   M    M   2        29 360
 6  72  52  62   3   3   0 0.00    M    M 12.9 31 360   M    M   0        37 360
 7  66  52  59   0   6   0 0.00    M    M  9.6 24 350   M    M   7        29 360
 8  72  59  66   7   0   1 0.00    M    M  4.5 15 260   M    M   0         M  M
 9  68  57  63   4   2   0 0.01    M    M  4.7 14 270   M    M   0         M  M
10  70  55  63   4   2   0 0.00    M    M  5.1 14 260   M    M   0         M  M
11  68  57  63   4   2   0 0.01    M    M  5.6 12 350   M    M   8        22 350
12  70  61  66   7   0   1 0.00    M    M  4.1 10 280   M    M   0         M  M
13  70  55  63   4   2   0 0.00    M    M  4.3 10 280   0    0   0         M  M
14  73  61  67   8   0   2 0.17    M    M  6.0 15 260   M    M   9        18 250
15  72  59  66   7   0   1 0.00    M    M 13.7 27 360   M    M   3        33 360
16  68  54  61   2   4   0 0.00    M    M 16.0 32 360   M    M   0        39 360
17  68  54  61   2   4   0 0.00    M    M 14.2 29 350   M    M   3        36 350
18  75  50  63   4   2   0 0.00    M    M  8.2 21 360   M    M   3        27 360
19  64  55  60   1   5   0 0.00    M    M  6.5 16 360   M    M   9        20 360
20  70  57  64   5   1   0 0.00    M    M 10.1 22 360   M    M   5        28 360
21  70  52  61   2   4   0 0.00    M    M 12.4 29 360   M    M   0        40 360
22  70  50  60   1   5   0 0.00    M    M  9.6 25 350   M    M   0        31 350
23  63  54  59   0   6   0 0.00    M    M  4.6 14  10   0    0   0         M  M
24  66  54  60   1   5   0 0.00    M    M  9.4 23 350   M    M   3        30 360
25  68  46  57  -2   8   0 0.00    M    M  7.5 23 360   M    M   0        30 360
26  64  54  59   0   6   0 0.00    M    M  3.8  7 150   M    M   0         M  M
27  72  54  63   4   2   0 0.00    M    M  3.9  9 280   M    M   0         M  M
28  73  61  67   8   0   2 0.01    M    M  3.1 12 360   M    M   M         M  M
29  73  63  68   9   0   3    M    M    M 14.4 23 220   M    M   8        36 220
================================================================================
SM 1991 1592        97  10  0.20    M    232.0            0     70
================================================================================
AV 68.7 54.9                               8.0 FASTST    0   0   3    MAX(MPH)
                                 MISC ---->    32   M                 40    M
================================================================================
NOTES:
# LAST OF SEVERAL OCCURRENCES

COLUMN 17 PEAK WIND IN M.P.H.

PRELIMINARY LOCAL CLIMATOLOGICAL DATA (WS FORM: F-6) , PAGE 2

                                          STATION:  NORTH BEND OR
                                          MONTH:    AUGUST
                                          YEAR:     2015
                                          LATITUDE:   43 25 N
                                          LONGITUDE: 124 15 W

[TEMPERATURE DATA]      [PRECIPITATION DATA]       SYMBOLS USED IN COLUMN 16

AVERAGE MONTHLY: 61.8   TOTAL FOR MONTH:   0.20    1 = FOG OR MIST
DPTR FM NORMAL:   2.8   DPTR FM NORMAL:   -0.36    2 = FOG REDUCING VISIBILITY
HIGHEST:    75 ON 18    GRTST 24HR  0.17 ON 14-14      TO 1/4 MILE OR LESS
LOWEST:     46 ON 25                               3 = THUNDER
                        SNOW, ICE PELLETS, HAIL    4 = ICE PELLETS
                        TOTAL MONTH:    M          5 = HAIL
                        GRTST 24HR    M  ON   M    6 = FREEZING RAIN OR DRIZZLE
                        GRTST DEPTH:  M  ON   M    7 = DUSTSTORM OR SANDSTORM:
                                                       VSBY 1/2 MILE OR LESS
                                                   8 = SMOKE OR HAZE
[NO. OF DAYS WITH]      [WEATHER - DAYS WITH]      9 = BLOWING SNOW
                                                   X = TORNADO
MAX 32 OR BELOW:   0    0.01 INCH OR MORE:   4
MAX 90 OR ABOVE:   0    0.10 INCH OR MORE:   1
MIN 32 OR BELOW:   0    0.50 INCH OR MORE:   0
MIN  0 OR BELOW:   0    1.00 INCH OR MORE:   0

[HDD (BASE 65) ]
TOTAL THIS MO.    97    CLEAR  (SCALE 0-3)  19
DPTR FM NORMAL   -77    PTCLDY (SCALE 4-7)   3
TOTAL FM JUL 1   177    CLOUDY (SCALE 8-10)  4
DPTR FM NORMAL  -194

[CDD (BASE 65) ]
TOTAL THIS MO.    10
DPTR FM NORMAL    10    [PRESSURE DATA]
TOTAL FM JAN 1    14    HIGHEST SLP M ON M
DPTR FM NORMAL    14    LOWEST  SLP  0.00 ON 29

[REMARKS]
