000
CXUS56 KMFR 241000
CF6OTH
PRELIMINARY LOCAL CLIMATOLOGICAL DATA (WS FORM: F-6)

                                          STATION:   NORTH BEND OR
                                          MONTH:     MARCH
                                          YEAR:      2017
                                          LATITUDE:   43 25 N
                                          LONGITUDE: 124 15 W

  TEMPERATURE IN F:       :PCPN:    SNOW:  WIND      :SUNSHINE: SKY     :PK WND
================================================================================
1   2   3   4   5  6A  6B    7    8   9   10  11  12  13   14  15   16   17  18
                                     12Z  AVG MX 2MIN
DY MAX MIN AVG DEP HDD CDD  WTR  SNW DPTH SPD SPD DIR MIN PSBL S-S WX    SPD DR
================================================================================

 1  52  39  46  -1  19   0 0.01    M    M  5.7  9 150   M    M   M         M  M
 2  52  39  46  -1  19   0 0.00    M    M  5.7 12 240   0    0   0         M  M
 3  50  43  47   0  18   0 0.39    M    M  9.1 18 330   M    M  10        27 210
 4  48  37  43  -4  22   0 0.59    M    M  8.5 17 190   M    M   9        33 190
 5  45  34  40  -7  25   0 0.84    M    M 10.9 24 260   M    M   9        32 260
 6  48  36  42  -5  23   0 0.56    M    M  9.0 30 270   M    M   9        33 270
 7  54  45  50   3  15   0 0.93    M    M 15.2 29 190   M    M  10        43 190
 8  55  48  52   5  13   0 0.44    M    M 10.0 17 220   M    M  10        25 210
 9  59  54  57   9   8   0 0.30    M    M 12.0 21 220   M    M  10        28 220
10  55  46  51   3  14   0 0.01    M    M  5.2 16 210   M    M   5        23 210
11  57  45  51   3  14   0 0.06    M    M  7.6 18 220   M    M   8        24 220
12  61  48  55   7  10   0 0.00    M    M  3.1  8 270   M    M   5         M  M
13  57  52  55   7  10   0 0.18    M    M  4.1  8 160   M    M  10         M  M
14  63  54  59  11   6   0 0.19    M    M  8.2 17 210   M    M   9        25 170
15  57  48  53   5  12   0 0.59    M    M  8.1 15 280   M    M  10        25 280
16  54  43  49   1  16   0 0.00    M    M  5.7 12 350   M    M   5         M  M
17  64  43  54   6  11   0 0.06    M    M  8.2 16 180   M    M   7        30 200
18  61  43  52   4  13   0 0.99    M    M 11.1 17  10   M    M   8        28 340
19   M  37   M   M   M   M    M    M    M  7.1 18 330   M    M   1 8      23 340
20  61   M   M   M   M   M 0.00    M    M  3.4  7 220   0    0   0         M  M
21  63  50  57   9   8   0    M    M    M 10.2 20 170   M    M   9        29 170
22  52  43  48   0  17   0 0.25    M    M  8.1 15 180   M    M   8        18 200
23  57  39  48   0  17   0 0.30    M    M  9.0 15 150   M    M   7        28 200
================================================================================
SM 1225  966       310   0  6.69    M    185.2            0    159
================================================================================
AV 55.7 43.9                               8.1 FASTST    0   0   7    MAX(MPH)
                                 MISC ---->    30   M                 43    M
================================================================================
NOTES:
# LAST OF SEVERAL OCCURRENCES

COLUMN 17 PEAK WIND IN M.P.H.

PRELIMINARY LOCAL CLIMATOLOGICAL DATA (WS FORM: F-6) , PAGE 2

                                          STATION:  NORTH BEND OR
                                          MONTH:    MARCH
                                          YEAR:     2017
                                          LATITUDE:   43 25 N
                                          LONGITUDE: 124 15 W

[TEMPERATURE DATA]      [PRECIPITATION DATA]       SYMBOLS USED IN COLUMN 16

AVERAGE MONTHLY: 49.8   TOTAL FOR MONTH:   6.69    1 = FOG OR MIST
DPTR FM NORMAL:   2.1   DPTR FM NORMAL:    0.71    2 = FOG REDUCING VISIBILITY
HIGHEST:    64 ON 17    GRTST 24HR  0.99 ON 18-18      TO 1/4 MILE OR LESS
LOWEST:     34 ON  5                               3 = THUNDER
                        SNOW, ICE PELLETS, HAIL    4 = ICE PELLETS
                        TOTAL MONTH:    M          5 = HAIL
                        GRTST 24HR    M  ON   M    6 = FREEZING RAIN OR DRIZZLE
                        GRTST DEPTH:  M  ON   M    7 = DUSTSTORM OR SANDSTORM:
                                                       VSBY 1/2 MILE OR LESS
                                                   8 = SMOKE OR HAZE
[NO. OF DAYS WITH]      [WEATHER - DAYS WITH]      9 = BLOWING SNOW
                                                   X = TORNADO
MAX 32 OR BELOW:   0    0.01 INCH OR MORE:  17
MAX 90 OR ABOVE:   0    0.10 INCH OR MORE:  13
MIN 32 OR BELOW:   0    0.50 INCH OR MORE:   6
MIN  0 OR BELOW:   0    1.00 INCH OR MORE:   0

[HDD (BASE 65) ]
TOTAL THIS MO.   310    CLEAR  (SCALE 0-3)   3
DPTR FM NORMAL   -90    PTCLDY (SCALE 4-7)   7
TOTAL FM JUL 1  3086    CLOUDY (SCALE 8-10) 12
DPTR FM NORMAL  -488

[CDD (BASE 65) ]
TOTAL THIS MO.     0
DPTR FM NORMAL     0    [PRESSURE DATA]
TOTAL FM JAN 1     0    HIGHEST SLP M ON M
DPTR FM NORMAL     0    LOWEST  SLP  0.00 ON  4

[REMARKS]
