000
CXUS53 KDMX 290920
CF6OTM
PRELIMINARY LOCAL CLIMATOLOGICAL DATA (WS FORM: F-6)

                                          STATION:   OTTUMWA IA
                                          MONTH:     APRIL
                                          YEAR:      2017
                                          LATITUDE:   41  6 N
                                          LONGITUDE:  92 27 W

  TEMPERATURE IN F:       :PCPN:    SNOW:  WIND      :SUNSHINE: SKY     :PK WND
================================================================================
1   2   3   4   5  6A  6B    7    8   9   10  11  12  13   14  15   16   17  18
                                     12Z  AVG MX 2MIN
DY MAX MIN AVG DEP HDD CDD  WTR  SNW DPTH SPD SPD DIR MIN PSBL S-S WX    SPD DR
================================================================================

 1  56  32  44  -1  21   0 0.00  0.0    0  4.1  9  80   M    M   3 1      12  80
 2  57  46  52   6  13   0 0.06    M    0  9.2 17 150   M    M   9 1      31 120
 3  54  49  52   6  13   0 0.49  0.0    0  8.5 15 330   M    M  10 1      18 330
 4  55  48  52   5  13   0 0.20  0.0    0 10.3 20 320   M    M  10 1      23 330
 5  48  41  45  -2  20   0 1.19    M    0 19.6 35 360   M    M  10 1      45  10
 6  56  34  45  -2  20   0 0.00  0.0    0 18.0 30 330   M    M   2        37 330
 7  59  29  44  -4  21   0 0.00  0.0    0  6.9 13 180   M    M   0        15 200
 8  78  45  62  14   3   0 0.00  0.0    0 15.9 28 180   M    M   0        34 180
 9  79  60  70  22   0   5 0.00  0.0    0 18.8 28 200   M    M   1        35 190
10  71  44  58   9   7   0 0.14    M    0 13.8 32 240   M    M   6 13     44 240
11  60  41  51   2  14   0 0.00  0.0    0  9.1 17 310   M    M   5        26 310
12  72  39  56   6   9   0 0.00  0.0    0  9.6 17 170   M    M   2        22 180
13  79  53  66  16   0   1 0.00  0.0    0  8.6 17  80   M    M   5 8      22  80
14  75  52  64  14   1   0 0.11  0.0    0 10.9 31 180   M    M   5 138    37 190
15  82  58  70  19   0   5 0.67  0.0    0 15.3 33 240   M    M   2 13     42 230
16  71  47  59   8   6   0 0.00  0.0    0  9.6 21 340   M    M   1 13     26 340
17  74  43  59   7   6   0 0.00  0.0    0  5.7 13 180   M    M   0        16 130
18  78  50  64  12   1   0    T  0.0    0 11.5 26 180   M    M   3        32 170
19  82  54  68  16   0   3 0.24  0.0    0 11.3 26 220   M    M   6 13     35 220
20  73  46  60   7   5   0    T  0.0    0 15.4 24 320   M    M   9        34 310
21  59  40  50  -3  15   0 0.00  0.0    0 10.1 18  60   M    M   0        24  70
22  66  40  53   0  12   0 0.00  0.0    0 10.1 22  50   M    M   0        29  50
23  72  36  54   0  11   0 0.00  0.0    0  4.8 13 180   M    M   0        14 170
24  77  44  61   7   4   0 0.00  0.0    0 14.2 30 170   M    M   0        36 180
25  76  55  66  12   0   1 0.01  0.0    0 10.4 21 130   M    M   4        26 160
26  58  42  50  -5  15   0 0.22  0.0    0 12.2 20 330   M    M  10 3      25 320
27  57  37  47  -8  18   0 0.01    M    0 10.7 20 320   M    M   8 1      24 320
28  45  40  43 -12  22   0 0.49    M    0 12.3 21  60   M    M   8 1      27  50
================================================================================
SM 1869 1245       270  15  3.83     0.0 316.9          M      119
================================================================================
AV 66.8 44.5                              11.3 FASTST   M    M   4    MAX(MPH)
                                 MISC ---->  # 35 360               # 45   10
================================================================================
NOTES:
# LAST OF SEVERAL OCCURRENCES

COLUMN 17 PEAK WIND IN M.P.H.

PRELIMINARY LOCAL CLIMATOLOGICAL DATA (WS FORM: F-6) , PAGE 2

                                          STATION:  OTTUMWA IA
                                          MONTH:    APRIL
                                          YEAR:     2017
                                          LATITUDE:   41  6 N
                                          LONGITUDE:  92 27 W

[TEMPERATURE DATA]      [PRECIPITATION DATA]       SYMBOLS USED IN COLUMN 16

AVERAGE MONTHLY: 55.6   TOTAL FOR MONTH:   3.83    1 = FOG OR MIST
DPTR FM NORMAL:   5.1   DPTR FM NORMAL:    0.70    2 = FOG REDUCING VISIBILITY
HIGHEST:    82 ON 19,15 GRTST 24HR  1.39 ON  4- 5      TO 1/4 MILE OR LESS
LOWEST:     29 ON  7                               3 = THUNDER
                        SNOW, ICE PELLETS, HAIL    4 = ICE PELLETS
                        TOTAL MONTH:   0.0 INCH    5 = HAIL
                        GRTST 24HR     0.0         6 = FREEZING RAIN OR DRIZZLE
                        GRTST DEPTH:   0           7 = DUSTSTORM OR SANDSTORM:
                                                       VSBY 1/2 MILE OR LESS
                                                   8 = SMOKE OR HAZE
[NO. OF DAYS WITH]      [WEATHER - DAYS WITH]      9 = BLOWING SNOW
                                                   X = TORNADO
MAX 32 OR BELOW:   0    0.01 INCH OR MORE:  12
MAX 90 OR ABOVE:   0    0.10 INCH OR MORE:   9
MIN 32 OR BELOW:   2    0.50 INCH OR MORE:   2
MIN  0 OR BELOW:   0    1.00 INCH OR MORE:   1

[HDD (BASE 65) ]
TOTAL THIS MO.   270    CLEAR  (SCALE 0-3)  14
DPTR FM NORMAL  -146    PTCLDY (SCALE 4-7)   7
TOTAL FM JUL 1  4804    CLOUDY (SCALE 8-10)  7
DPTR FM NORMAL -1308

[CDD (BASE 65) ]
TOTAL THIS MO.    15
DPTR FM NORMAL     7    [PRESSURE DATA]
TOTAL FM JAN 1    15    HIGHEST SLP M ON M
DPTR FM NORMAL     6    LOWEST  SLP 29.39 ON 25

[REMARKS]
