000
CXAK56 PAOT 271119
CF6OTZ

PRELIMINARY LOCAL CLIMATOLOGICAL DATA (WS FORM: F-6)

                                          STATION:   KOTZEBUE
                                          MONTH:     05
                                          YEAR:      2016
                                          LATITUDE:   66 53 N
                                          LONGITUDE: 162 36 W

  TEMPERATURE IN F:       :PCPN:    SNOW:  WIND      :SUNSHINE: SKY     :PK WND
================================================================================
1   2   3   4   5  6A  6B    7     8   9   10  11  12  13   14  15   16  17  18
                                      12Z  AVG MX 2MIN
DY MAX MIN AVG DEP HDD CDD  WTR   SNW DPTH SPD SPD DIR MIN PSBL S-S WX   SPD DR
================================================================================

 1  34  25  30   6  35   0  0.00  0.0   0 13.6 21  290   M    M   M       24 290
 2  35  21  28   3  37   0  0.00  0.0   0  5.9 14  290   M    M   M       16 290
 3  33  23  28   3  37   0  0.00  0.0   0  5.9 10  220   M    M   M       13 220
 4  32  26  29   3  36   0  0.00  0.0   0  9.4 13  270   M    M   M 2     15 290
 5  32  26  29   2  36   0     T    T   0  6.3 12  210   M    M   M 2     13 210
 6  33  22  28   1  37   0  0.00  0.0   0  7.5 12  250   M    M   M 1     14 250
 7  32  22  27  -1  38   0  0.00  0.0   0  6.9 12  260   M    M   M 1     14 260
 8  47  20  34   6  31   0  0.00  0.0   0  6.7 17  150   M    M   M       20 170
 9  45  37  41  12  24   0     T  0.0   0 15.2 22  150   M    M   M       26 150
10  44  39  42  13  23   0  0.18  0.0   0 17.3 25  150   M    M   M 1     31 150
11  47  38  43  13  22   0  0.12  0.0   0 15.7 24  130   M    M   M 1     28 140
12  43  33  38   8  27   0     T  0.0   0  5.3 13  140   M    M   M       14 130
13  40  32  36   5  29   0     T  0.0   0  7.0 15  290   M    M   M       17 290
14  38  29  34   3  31   0  0.00  0.0   0 11.5 20  290   M    M   M 1     24 290
15  48  34  41   9  24   0  0.00  0.0   0  6.3 15   90   M    M   M       19  70
16  58  37  48  16  17   0  0.00  0.0   0 17.7 26   70   M    M   M       32  80
17  52  36  44  11  21   0  0.00  0.0   0 15.3 23   90   M    M   M       26  80
18  50  37  44  11  21   0  0.00  0.0   0 17.2 26  110   M    M   M       31 120
19  52  41  47  13  18   0     T  0.0   0 15.1 26  100   M    M   M       31 100
20  52  39  46  12  19   0  0.02  0.0   0 10.0 17   80   M    M   M       21  90
21  51  37  44  10  21   0  0.14  0.0   0 10.6 17  110   M    M   M 1     20 240
22  51  32  42   7  23   0  0.00  0.0   0 10.8 21  130   M    M   M       24 130
23  45  35  40   5  25   0  0.03  0.0   0 12.4 28  150   M    M   M 1     32 160
24  44  35  40   4  25   0  0.02  0.0   0  0.0 13  180   M    M   M 1     16 180
25  45  37  41   5  24   0  0.01  0.0   0  8.6 15  150   M    M   M       18 150
26  46  38  42   5  23   0  0.13  0.0   0  6.9 13  140   M    M   M       15 130
================================================================================
SM 1129  831       704   0  0.65     T    265.1           M        M
================================================================================
AV 43.4 32.0                             10.2 FASTST  PSBL  %   M    MAX(MPH)
                                 MISC ---->     28  150               # 32 160
================================================================================
NOTES:
# LAST OF SEVERAL OCCURRENCES

COLUMN 17 PEAK WIND IN M.P.H.

PRELIMINARY LOCAL CLIMATOLOGICAL DATA (WS FORM: F-6) , PAGE 2

                                          STATION:   KOTZEBUE
                                          MONTH:     05
                                          YEAR:      2016
                                          LATITUDE:  66 53 N
                                          LONGITUDE: 162 36 W

[TEMPERATURE DATA]      [PRECIPITATION DATA]       SYMBOLS USED IN COLUMN 16

AVERAGE MONTHLY:37.7   TOTAL FOR MONTH: 0.65       1 = FOG
DPTR FM NORMAL:  6.9   DPTR FM NORMAL: 0.30       2 = FOG REDUCING VISIBILITY
HIGHEST:    58 ON 16    GRTST 24HR   0.18 ON 10        TO 1/4 MILE OR LESS
LOWEST:     20 ON  8                               3 = THUNDER
                        SNOW, ICE PELLETS, HAIL    4 = ICE PELLETS
                        TOTAL MONTH:     T         5 = HAIL
                        GRTST 24HR     T ON  5     6 = GLAZE OR RIME
                        GRTST DEPTH:    0          7 = BLOWING DUST OR SAND:
                                                       VSBY 1/2 MILE OR LESS
                                                   8 = SMOKE OR HAZE
[NO. OF DAYS WITH]      [WEATHER - DAYS WITH]      9 = BLOWING SNOW
                                                   X = TORNADO
MAX 32 OR BELOW:   3    0.01 INCH OR MORE:   8
MAX 70 OR ABOVE:   0    0.10 INCH OR MORE:   4
MIN 32 OR BELOW:  11    0.50 INCH OR MORE:   0
MIN  0 OR BELOW:   0    1.00 INCH OR MORE:   0

[HDD (BASE 65) ]
TOTAL THIS MO.   704    CLEAR  (SCALE 0-3)   M
DPTR FM NORMAL  -186    PTCLDY (SCALE 4-7)   M
SEASONAL TOTAL 12781    CLOUDY (SCALE 8-10)  M
DPTR FM NORMAL -1889

[CDD (BASE 65) ]
TOTAL THIS MO.     0
DPTR FM NORMAL     0    [PRESSURE DATA]
SEASONAL TOTAL     0    HIGHEST SLP     M
DPTR FM NORMAL     0    LOWEST  SLP     M

[REMARKS]
