000
CXUS53 KARX 260930
CF6OVS
PRELIMINARY LOCAL CLIMATOLOGICAL DATA (WS FORM: F-6)

                                          STATION:   BOSCOBEL_(ASOS) WI
                                          MONTH:     MAY
                                          YEAR:      2015
                                          LATITUDE:   43  9 N
                                          LONGITUDE:  90 41 W

  TEMPERATURE IN F:       :PCPN:    SNOW:  WIND      :SUNSHINE: SKY     :PK WND
================================================================================
1   2   3   4   5  6A  6B    7    8   9   10  11  12  13   14  15   16   17  18
                                     12Z  AVG MX 2MIN
DY MAX MIN AVG DEP HDD CDD  WTR  SNW DPTH SPD SPD DIR MIN PSBL S-S WX    SPD DR
================================================================================

 1  69  33  51  -3  14   0    T    M    0  2.8 14 230   M    M   3 18     19 230
 2  81  47  64   9   1   0 0.00  0.0    0  7.3 23 210   M    M   4 18     29 210
 3  80  51  66  11   0   1 0.51  0.0    0  6.7 20 340   M    M   3 13     27 320
 4  77  56  67  12   0   2 0.00  0.0    0  3.2 13 120   M    M   6 12     19 120
 5  64  51  58   2   7   0 0.34  0.0    0  4.3 10  80   M    M  10 18     17 100
 6  81  54  68  12   0   3 0.06  0.0    0  4.6 15 230   M    M   7 18     23 170
 7  84  63  74  18   0   9 0.43  0.0    0  9.2 25 220   M    M   3 13     33 180
 8  69  59  64   7   1   0 0.00  0.0    0  6.2 15 310   M    M   8        20 310
 9  71  57  64   7   1   0 0.00  0.0    0  4.5 12 110   M    M  10        17 120
10  64  53  59   2   6   0 0.08  0.0    0  7.0 15  70   M    M  10 18     24  90
11  62  48  55  -3  10   0    T  0.0    0 10.0 22 230   M    M   9 18     30 230
12  58  36  47 -11  18   0    T  0.0    0  9.3 22 300   M    M   7 18     30 310
13  67  32  50  -8  15   0 0.00  0.0    0  4.7 13  90   M    M   1 12     18 170
14  66  47  57  -1   8   0 0.29  0.0    0  4.5 16 120   M    M   5 1      24 110
15  77  58  68   9   0   3 0.02  0.0    0  3.4 12 270   M    M   5 1      15 270
16  82  60  71  12   0   6 0.08  0.0    0  3.8 13 120   M    M   5 1      17 130
17  82  66  74  15   0   9 0.07  0.0    0 10.6 24 200   M    M   6 8      36 220
18  67  45  56  -3   9   0 0.00  0.0    0 12.2 22 280   M    M   8        32 230
19  58  42  50 -10  15   0    T  0.0    0  7.4 16 310   M    M   5 18     23 320
20  53  41  47 -13  18   0 0.00  0.0    0  2.9 12 220   M    M   7 1      14 220
21  76  38  57  -3   8   0 0.00  0.0    0  6.0 17 280   M    M   1 1      23 290
22  77  37  57  -3   8   0 0.00  0.0    0  1.5  8 320   M    M   0 12     11  90
23  82  43  63   2   2   0 0.00  0.0    0  3.0 14 240   M    M   1        19 200
24  62  51  57  -4   8   0 0.68  0.0    0  3.7 10  70   M    M   9 1      15  70
25  81  61  71  10   0   6 0.07  0.0    0  7.7 24 220   M    M   7 1      33 190
================================================================================
SM 1790 1229       149  39  2.63     0.0 146.5          M      140
================================================================================
AV 71.6 49.2                               5.9 FASTST   M    M   6    MAX(MPH)
                                 MISC ---->  # 25 220               # 36  220
================================================================================
NOTES:
# LAST OF SEVERAL OCCURRENCES

COLUMN 17 PEAK WIND IN M.P.H.

PRELIMINARY LOCAL CLIMATOLOGICAL DATA (WS FORM: F-6) , PAGE 2

                                          STATION:  BOSCOBEL_(ASOS) WI
                                          MONTH:    MAY
                                          YEAR:     2015
                                          LATITUDE:   43  9 N
                                          LONGITUDE:  90 41 W

[TEMPERATURE DATA]      [PRECIPITATION DATA]       SYMBOLS USED IN COLUMN 16

AVERAGE MONTHLY: 60.4   TOTAL FOR MONTH:   2.63    1 = FOG OR MIST
DPTR FM NORMAL:   2.4   DPTR FM NORMAL:   -0.83    2 = FOG REDUCING VISIBILITY
HIGHEST:    84 ON  7    GRTST 24HR  0.73 ON 24-25      TO 1/4 MILE OR LESS
LOWEST:     32 ON 13                               3 = THUNDER
                        SNOW, ICE PELLETS, HAIL    4 = ICE PELLETS
                        TOTAL MONTH:   0.0 INCH    5 = HAIL
                        GRTST 24HR     0.0         6 = FREEZING RAIN OR DRIZZLE
                        GRTST DEPTH:   0           7 = DUSTSTORM OR SANDSTORM:
                                                       VSBY 1/2 MILE OR LESS
                                                   8 = SMOKE OR HAZE
[NO. OF DAYS WITH]      [WEATHER - DAYS WITH]      9 = BLOWING SNOW
                                                   X = TORNADO
MAX 32 OR BELOW:   0    0.01 INCH OR MORE:  11
MAX 90 OR ABOVE:   0    0.10 INCH OR MORE:   5
MIN 32 OR BELOW:   1    0.50 INCH OR MORE:   2
MIN  0 OR BELOW:   0    1.00 INCH OR MORE:   0

[HDD (BASE 65) ]
TOTAL THIS MO.   149    CLEAR  (SCALE 0-3)   7
DPTR FM NORMAL   -46    PTCLDY (SCALE 4-7)  13
TOTAL FM JUL 1  7197    CLOUDY (SCALE 8-10)  5
DPTR FM NORMAL   196

[CDD (BASE 65) ]
TOTAL THIS MO.    39
DPTR FM NORMAL    21    [PRESSURE DATA]
TOTAL FM JAN 1    39    HIGHEST SLP M ON M
DPTR FM NORMAL    17    LOWEST  SLP 29.68 ON 17

[REMARKS]
