000
CXUS55 KLOX 181655
CF6OXR
PRELIMINARY LOCAL CLIMATOLOGICAL DATA (WS FORM: F-6)

                                          STATION:   OXNARD AIRPORT CA
                                          MONTH:     AUGUST
                                          YEAR:      2017
                                          LATITUDE:   34 12 N
                                          LONGITUDE: 119 12 W

  TEMPERATURE IN F:       :PCPN:    SNOW:  WIND      :SUNSHINE: SKY     :PK WND
================================================================================
1   2   3   4   5  6A  6B    7    8   9   10  11  12  13   14  15   16   17  18
                                     12Z  AVG MX 2MIN
DY MAX MIN AVG DEP HDD CDD  WTR  SNW DPTH SPD SPD DIR MIN PSBL S-S WX    SPD DR
================================================================================

 1  74  61  68   2   0   3 0.00  0.0    0  6.1 16 260   M    M   0 1      19 260
 2  81  64  73   7   0   8 0.00  0.0    0  4.8 12 260   M    M   0        14 260
 3  81  68  75   9   0  10 0.00  0.0    0  5.4 16 270   M    M   0        20 270
 4  78  65  72   6   0   7 0.00  0.0    0  6.3 15 260   M    M   2        17 270
 5  74  63  69   3   0   4 0.00  0.0    0  6.8 17 280   M    M   8        21 260
 6  71  62  67   1   0   2 0.00  0.0    0  7.1 16 260   M    M   5        20 250
 7  71  61  66   0   0   1 0.00  0.0    0  6.4 18 260   M    M   4        22 270
 8  74  61  68   2   0   3 0.00  0.0    0  8.2 20 270   M    M   0 1      24 260
 9  72  61  67   1   0   2 0.00  0.0    0  7.5 15 260   M    M   2 1      20 260
10  72  61  67   1   0   2 0.00  0.0    0  6.4 16 280   M    M   2 1      19 260
11  71  60  66   0   0   1 0.00  0.0    0  7.2 20 260   M    M   2 1      22 260
12  68  60  64  -2   1   0 0.00  0.0    0  4.7 15 270   M    M   7 18     20 270
13  71  61  66   0   0   1 0.00  0.0    0  6.2 18 270   M    M  10 18     23 270
14  71  61  66   0   0   1 0.00  0.0    0  7.2 17 270   M    M   8 1      21 270
15  69  57  63  -3   2   0 0.00  0.0    0  7.2 16 260   M    M   5        20 270
16  71  57  64  -2   1   0 0.00  0.0    0  6.2 16 270   M    M   3        20 280
17  72  58  65  -1   0   0 0.00  0.0    0  7.2 17 270   M    M   0        21 260
================================================================================
SM 1241 1041         4  45  0.00     0.0 111.0          M       58
================================================================================
AV 73.0 61.2                               6.5 FASTST   M    M   3    MAX(MPH)
                                 MISC ---->    20   M                 24    M
================================================================================
NOTES:
# LAST OF SEVERAL OCCURRENCES

COLUMN 17 PEAK WIND IN M.P.H.

PRELIMINARY LOCAL CLIMATOLOGICAL DATA (WS FORM: F-6) , PAGE 2

                                          STATION:  OXNARD AIRPORT CA
                                          MONTH:    AUGUST
                                          YEAR:     2017
                                          LATITUDE:   34 12 N
                                          LONGITUDE: 119 12 W

[TEMPERATURE DATA]      [PRECIPITATION DATA]       SYMBOLS USED IN COLUMN 16

AVERAGE MONTHLY: 67.1   TOTAL FOR MONTH:   0.00    1 = FOG OR MIST
DPTR FM NORMAL:   1.1   DPTR FM NORMAL:   -0.02    2 = FOG REDUCING VISIBILITY
HIGHEST:    81 ON  3, 2 GRTST 24HR  0.00 ON 17-17      TO 1/4 MILE OR LESS
LOWEST:     57 ON 16,15                            3 = THUNDER
                        SNOW, ICE PELLETS, HAIL    4 = ICE PELLETS
                        TOTAL MONTH:   0.0 INCH    5 = HAIL
                        GRTST 24HR     0.0         6 = FREEZING RAIN OR DRIZZLE
                        GRTST DEPTH:   0           7 = DUSTSTORM OR SANDSTORM:
                                                       VSBY 1/2 MILE OR LESS
                                                   8 = SMOKE OR HAZE
[NO. OF DAYS WITH]      [WEATHER - DAYS WITH]      9 = BLOWING SNOW
                                                   X = TORNADO
MAX 32 OR BELOW:   0    0.01 INCH OR MORE:   0
MAX 90 OR ABOVE:   0    0.10 INCH OR MORE:   0
MIN 32 OR BELOW:   0    0.50 INCH OR MORE:   0
MIN  0 OR BELOW:   0    1.00 INCH OR MORE:   0

[HDD (BASE 65) ]
TOTAL THIS MO.     4    CLEAR  (SCALE 0-3)  10
DPTR FM NORMAL   -13    PTCLDY (SCALE 4-7)   6
TOTAL FM JUL 1     6    CLOUDY (SCALE 8-10)  1
DPTR FM NORMAL   -33

[CDD (BASE 65) ]
TOTAL THIS MO.    45
DPTR FM NORMAL    15    [PRESSURE DATA]
TOTAL FM JAN 1   176    HIGHEST SLP M ON M
DPTR FM NORMAL    78    LOWEST  SLP 29.75 ON 11

[REMARKS]
