000
CXUS55 KRIW 200945
CF6P60
PRELIMINARY LOCAL CLIMATOLOGICAL DATA (WS FORM: F-6)

                                          STATION:   LAKE YELLOWSTONE WY
                                          MONTH:     JANUARY
                                          YEAR:      2017
                                          LATITUDE:   44 32 N
                                          LONGITUDE: 110 25 W

  TEMPERATURE IN F:       :PCPN:    SNOW:  WIND      :SUNSHINE: SKY     :PK WND
================================================================================
1   2   3   4   5  6A  6B    7    8   9   10  11  12  13   14  15   16   17  18
                                     12Z  AVG MX 2MIN
DY MAX MIN AVG DEP HDD CDD  WTR  SNW DPTH SPD SPD DIR MIN PSBL S-S WX    SPD DR
================================================================================

 1  18  -9   5  -8  60   0 0.04    M    M  3.0 10 270   M    M   0        17 300
 2  10 -11   0 -13  65   0 0.04    M    M  0.8  8 220   M    M   0        15 220
 3  10  -5   3 -10  62   0 0.06    M    M  0.4  7 290   M    M   0        10 330
 4   4 -21  -8 -21  73   0 0.09    M    M  1.7  9 310   M    M   0        15 310
 5  -4 -32 -18 -31  83   0 0.00    M    M  1.2  5 120   M    M   0         7 320
 6  12 -22  -5 -18  70   0 0.00    M    M  1.4  7 230   M    M   0        15 260
 7  12 -25  -6 -19  71   0 0.07    M    M  0.6  6 320   M    M   0         6 330
 8  26  11  19   6  46   0 0.38    M    M  1.9 12 270   M    M   0        23 300
 9  32  18  25  12  40   0 0.52    M    M  5.6 22 280   M    M   0        32 270
10  26  15  21   8  44   0 0.26    M    M  6.0 16 270   M    M   0        28 290
11  28  15  22   9  43   0 0.82    M    M  4.1 15 290   M    M   0        27 280
12  20 -10   5  -8  60   0 0.03    M    M  0.5  8 210   M    M   0        14 200
13   2 -27 -12 -25  77   0 0.00  0.0    M  0.0  3 290   M    M   0         5 310
14   5 -29 -12 -25  77   0 0.00  0.0    M  0.0  5 120   M    M   0         5 120
15   6 -24  -9 -22  74   0 0.00  0.0    M  0.0  5 120   M    M   0         6 120
16  11 -22  -5 -18  70   0 0.00  0.0    M  0.0  5 120   M    M   0         5 110
17  18 -13   3 -10  62   0 0.00  0.0    M  0.1  5 320   M    M   0         6 310
18  24 -10   7  -6  58   0 0.00  0.0    M  0.1  5 110   M    M   0         7 120
19  27  11  19   6  46   0 0.12    M    M  1.3  8 280   M    M   0        16 230
================================================================================
SM  287 -190      1181   0  2.43     0.0  28.7          M        0
================================================================================
AV 15.1-10.0                               1.5 FASTST   M    M   0    MAX(MPH)
                                 MISC ---->  # 22 280               # 32  270
================================================================================
NOTES:
# LAST OF SEVERAL OCCURRENCES

COLUMN 17 PEAK WIND IN M.P.H.

PRELIMINARY LOCAL CLIMATOLOGICAL DATA (WS FORM: F-6) , PAGE 2

                                          STATION:  LAKE YELLOWSTONE WY
                                          MONTH:    JANUARY
                                          YEAR:     2017
                                          LATITUDE:   44 32 N
                                          LONGITUDE: 110 25 W

[TEMPERATURE DATA]      [PRECIPITATION DATA]       SYMBOLS USED IN COLUMN 16

AVERAGE MONTHLY:  2.6   TOTAL FOR MONTH:   2.43    1 = FOG OR MIST
DPTR FM NORMAL: -10.4   DPTR FM NORMAL:    0.93    2 = FOG REDUCING VISIBILITY
HIGHEST:    32 ON  9    GRTST 24HR  1.01 ON 10-11      TO 1/4 MILE OR LESS
LOWEST:    -32 ON  5                               3 = THUNDER
                        SNOW, ICE PELLETS, HAIL    4 = ICE PELLETS
                        TOTAL MONTH:   0.0 INCH    5 = HAIL
                        GRTST 24HR     0.0         6 = FREEZING RAIN OR DRIZZLE
                        GRTST DEPTH:  M  ON   M    7 = DUSTSTORM OR SANDSTORM:
                                                       VSBY 1/2 MILE OR LESS
                                                   8 = SMOKE OR HAZE
[NO. OF DAYS WITH]      [WEATHER - DAYS WITH]      9 = BLOWING SNOW
                                                   X = TORNADO
MAX 32 OR BELOW:  19    0.01 INCH OR MORE:  11
MAX 90 OR ABOVE:   0    0.10 INCH OR MORE:   5
MIN 32 OR BELOW:  19    0.50 INCH OR MORE:   2
MIN  0 OR BELOW:  14    1.00 INCH OR MORE:   0

[HDD (BASE 65) ]
TOTAL THIS MO.  1181    CLEAR  (SCALE 0-3)  19
DPTR FM NORMAL   193    PTCLDY (SCALE 4-7)   0
TOTAL FM JUL 1  6084    CLOUDY (SCALE 8-10)  0
DPTR FM NORMAL   186

[CDD (BASE 65) ]
TOTAL THIS MO.     0
DPTR FM NORMAL     0    [PRESSURE DATA]
TOTAL FM JAN 1     0    HIGHEST SLP M ON M
DPTR FM NORMAL     0    LOWEST  SLP 29.34 ON 11

[REMARKS]
