000
CXUS56 KLKN 281037
CF6P68
PRELIMINARY LOCAL CLIMATOLOGICAL DATA (WS FORM: F-6)

                                          STATION:   EUREKA AIRPORT NV
                                          MONTH:     MAY
                                          YEAR:      2017
                                          LATITUDE:   39 30 N
                                          LONGITUDE: 115 58 W

  TEMPERATURE IN F:       :PCPN:    SNOW:  WIND      :SUNSHINE: SKY     :PK WND
================================================================================
1   2   3   4   5  6A  6B    7    8   9   10  11  12  13   14  15   16   17  18
                                     12Z  AVG MX 2MIN
DY MAX MIN AVG DEP HDD CDD  WTR  SNW DPTH SPD SPD DIR MIN PSBL S-S WX    SPD DR
================================================================================

 1  65  31  48   0  17   0 0.00    M    M  9.2 18 350   M    M   M        24 340
 2  68  37  53   5  12   0 0.00    M    M  6.9 20  30   M    M   M        25  20
 3  73  32  53   5  12   0 0.00    M    M  5.5 14 350   M    M   M        20 350
 4  81  36  59  10   6   0 0.00    M    M  5.5 13 160   M    M   M        16 160
 5  81  42  62  13   3   0 0.00    M    M 11.7 32 240   M    M   M        45 240
 6  72  39  56   7   9   0 0.02    M    M 10.4 47 160   M    M   M        57 180
 7  70  32  51   2  14   0 0.00    M    M  5.7 22 360   M    M   M        26 360
 8  68  39  54   4  11   0 0.00    M    M  5.9 21 160   M    M   M        28 150
 9  72  35  54   4  11   0 0.00    M    M  7.2 20 360   M    M   M        26 350
10  76  35  56   6   9   0 0.00    M    M  7.4 18  30   M    M   M        24 350
11  81  41  61  10   4   0 0.00    M    M 12.5 26 180   M    M   M        32 200
12  78  34  56   5   9   0 0.00    M    M 16.9 33 200   M    M   M        43 200
13  57  30  44  -7  21   0 0.00    M    M  6.0 20 270   M    M   M        27 280
14  66  27  47  -4  18   0 0.00    M    M  8.4 29 180   M    M   M        38 170
15  60  33  47  -5  18   0 0.01    M    M  7.1 31 270   M    M   M        40 270
16  57  31  44  -8  21   0 0.04    M    M  9.7 24 300   M    M   M        32 270
17  45  32  39 -13  26   0 0.07    M    M  9.5 22 320   M    M   M        31 320
18  52  30  41 -11  24   0 0.25    M    M  5.1 16 360   M    M   M        24 350
19  62  29  46  -7  19   0 0.00    M    M  6.9 17  10   M    M   M        22  20
20  70  35  53   0  12   0 0.00    M    M  5.9 13 290   M    M   M        18 300
21  72  37  55   2  10   0 0.00    M    M  6.6 20  20   M    M   M        26  20
22  76  36  56   3   9   0 0.00    M    M  4.9 13  20   M    M   M        15  30
23  83  39  61   7   4   0 0.00    M    M  5.7 17 270   M    M   M        22 260
24  83  45  64  10   1   0 0.01    M    M 12.3 31 260   M    M   M        38 260
25  74  42  58   4   7   0 0.00    M    M  8.4 22 290   M    M   M        30 250
26  68  33  51  -3  14   0 0.00    M    M  8.6 24  20   M    M   M        45 290
27  72  31  52  -3  13   0 0.00    M    M  5.3 16  10   M    M   M        23 340
================================================================================
SM 1882  943       334   0  0.40    M    215.2          M        M
================================================================================
AV 69.7 34.9                               8.0 FASTST   M    M   1    MAX(MPH)
                                 MISC ---->  # 47 160               # 57  180
================================================================================
NOTES:
# LAST OF SEVERAL OCCURRENCES

COLUMN 17 PEAK WIND IN M.P.H.

PRELIMINARY LOCAL CLIMATOLOGICAL DATA (WS FORM: F-6) , PAGE 2

                                          STATION:  EUREKA AIRPORT NV
                                          MONTH:    MAY
                                          YEAR:     2017
                                          LATITUDE:   39 30 N
                                          LONGITUDE: 115 58 W

[TEMPERATURE DATA]      [PRECIPITATION DATA]       SYMBOLS USED IN COLUMN 16

AVERAGE MONTHLY: 52.3   TOTAL FOR MONTH:   0.40    1 = FOG OR MIST
DPTR FM NORMAL:   1.0   DPTR FM NORMAL:   -0.24    2 = FOG REDUCING VISIBILITY
HIGHEST:    83 ON 24,23 GRTST 24HR  0.25 ON 18-18      TO 1/4 MILE OR LESS
LOWEST:     27 ON 14                               3 = THUNDER
                        SNOW, ICE PELLETS, HAIL    4 = ICE PELLETS
                        TOTAL MONTH:    M          5 = HAIL
                        GRTST 24HR    M  ON   M    6 = FREEZING RAIN OR DRIZZLE
                        GRTST DEPTH:  M  ON   M    7 = DUSTSTORM OR SANDSTORM:
                                                       VSBY 1/2 MILE OR LESS
                                                   8 = SMOKE OR HAZE
[NO. OF DAYS WITH]      [WEATHER - DAYS WITH]      9 = BLOWING SNOW
                                                   X = TORNADO
MAX 32 OR BELOW:   0    0.01 INCH OR MORE:   6
MAX 90 OR ABOVE:   0    0.10 INCH OR MORE:   1
MIN 32 OR BELOW:  10    0.50 INCH OR MORE:   0
MIN  0 OR BELOW:   0    1.00 INCH OR MORE:   0

[HDD (BASE 65) ]
TOTAL THIS MO.   334    CLEAR  (SCALE 0-3)   0
DPTR FM NORMAL   -38    PTCLDY (SCALE 4-7)   0
TOTAL FM JUL 1  6526    CLOUDY (SCALE 8-10)  0
DPTR FM NORMAL  -650

[CDD (BASE 65) ]
TOTAL THIS MO.     0
DPTR FM NORMAL     0    [PRESSURE DATA]
TOTAL FM JAN 1     0    HIGHEST SLP M ON M
DPTR FM NORMAL     0    LOWEST  SLP 29.41 ON 24

[REMARKS]
