000
CXUS53 KPAH 310635
CF6PAH
PRELIMINARY LOCAL CLIMATOLOGICAL DATA (WS FORM: F-6)

                                          STATION:   PADUCAH KY
                                          MONTH:     AUGUST
                                          YEAR:      2015
                                          LATITUDE:   37  4 N
                                          LONGITUDE:  88 46 W

  TEMPERATURE IN F:       :PCPN:    SNOW:  WIND      :SUNSHINE: SKY     :PK WND
================================================================================
1   2   3   4   5  6A  6B    7    8   9   10  11  12  13   14  15   16   17  18
                                     12Z  AVG MX 2MIN
DY MAX MIN AVG DEP HDD CDD  WTR  SNW DPTH SPD SPD DIR MIN PSBL S-S WX    SPD DR
================================================================================

 1  91  67  79   1   0  14 0.00  0.0    0  3.0 10 360   M    M   0 1      13  50
 2  91  66  79   1   0  14 0.00  0.0    0  3.7  9 230   M    M   0        13 210
 3  94  74  84   6   0  19 0.00  0.0    0  5.3 13 280   M    M   0        16 290
 4  95  72  84   6   0  19 0.00  0.0    0  3.6 14  60   M    M   0 1      19  40
 5  79  71  75  -3   0  10 0.98  0.0    0  4.0 24 290   M    M   6 13     32 280
 6  86  69  78   0   0  13 0.04  0.0    0  6.6 15 350   M    M   6 18     21 340
 7  85  65  75  -3   0  10 0.00  0.0    0  3.0  8  30   M    M   3 1      11  20
 8  88  65  77  -1   0  12 0.00  0.0    0  3.0 14 110   M    M   1 128    17 110
 9  89  66  78   0   0  13 0.00  0.0    0  3.7 13 340   M    M   1 128    15 350
10  87  73  80   2   0  15 0.25  0.0    0  5.4 14 250   M    M   5 13     20 250
11  89  71  80   2   0  15 0.00  0.0    0  6.1 15  30   M    M   3 1      20  10
12  86  63  75  -3   0  10 0.00  0.0    0  3.6 13  40   M    M   1        17  20
13  87  61  74  -4   0   9 0.00  0.0    0  2.3 10  10   M    M   1 1      13 360
14  85  62  74  -4   0   9 0.00  0.0    0  3.2 14  90   M    M   1 12     17  80
15  91  63  77  -1   0  12 0.00  0.0    0  2.4 10  20   M    M   0 1      14 110
16  90  65  78   0   0  13 0.00  0.0    0  2.8 10 150   M    M   0 1      16 190
17  88  65  77  -1   0  12 0.27  0.0    0  3.5 20  70   M    M   1 13     23  70
18  88  69  79   1   0  14 0.00  0.0    0  4.8 17 340   M    M   3 1      23 340
19  78  63  71  -7   0   6 0.26  0.0    0  5.2 15 320   M    M   7 13     20 330
20  82  58  70  -8   0   5 0.00  0.0    0  3.4 10 320   M    M   0        13 320
21  83  57  70  -7   0   5 0.00  0.0    0  3.1 14  90   M    M   1 12     19  90
22  84  61  73  -4   0   8 0.14  0.0    0  3.5 13 180   M    M   5 13     23 190
23  89  67  78   1   0  13 0.00  0.0    0  5.5 13 280   M    M   4 1      17 300
24  80  56  68  -9   0   3 0.00  0.0    0  5.2 14 350   M    M   0 1      19 320
25  80  52  66 -11   0   1 0.00  0.0    0  5.2 15 330   M    M   0        20  10
26  81  52  67 -10   0   2 0.00  0.0    0  4.0 15  30   M    M   2        19  30
27  83  54  69  -7   0   4 0.00  0.0    0  2.9 14  70   M    M   1 1      18  70
28  87  54  71  -5   0   6 0.00  0.0    0  1.8 10 120   M    M   1 12     15  60
29  90  69  80   4   0  15 0.00  0.0    0  5.0 15 250   M    M   1        19 250
30  86  67  77   1   0  12 0.01  0.0    0  4.0 15 160   M    M   4 13     20 150
================================================================================
SM 2592 1917         0 313  1.95     0.0 118.8          M       58
================================================================================
AV 86.4 63.9                               4.0 FASTST   M    M   2    MAX(MPH)
                                 MISC ---->  # 24 290               # 32  280
================================================================================
NOTES:
# LAST OF SEVERAL OCCURRENCES

COLUMN 17 PEAK WIND IN M.P.H.

PRELIMINARY LOCAL CLIMATOLOGICAL DATA (WS FORM: F-6) , PAGE 2

                                          STATION:  PADUCAH KY
                                          MONTH:    AUGUST
                                          YEAR:     2015
                                          LATITUDE:   37  4 N
                                          LONGITUDE:  88 46 W

[TEMPERATURE DATA]      [PRECIPITATION DATA]       SYMBOLS USED IN COLUMN 16

AVERAGE MONTHLY: 75.2   TOTAL FOR MONTH:   1.95    1 = FOG OR MIST
DPTR FM NORMAL:  -2.4   DPTR FM NORMAL:   -0.72    2 = FOG REDUCING VISIBILITY
HIGHEST:    95 ON  4    GRTST 24HR  0.98 ON  5- 5      TO 1/4 MILE OR LESS
LOWEST:     52 ON 26,25                            3 = THUNDER
                        SNOW, ICE PELLETS, HAIL    4 = ICE PELLETS
                        TOTAL MONTH:   0.0 INCH    5 = HAIL
                        GRTST 24HR     0.0         6 = FREEZING RAIN OR DRIZZLE
                        GRTST DEPTH:   0           7 = DUSTSTORM OR SANDSTORM:
                                                       VSBY 1/2 MILE OR LESS
                                                   8 = SMOKE OR HAZE
[NO. OF DAYS WITH]      [WEATHER - DAYS WITH]      9 = BLOWING SNOW
                                                   X = TORNADO
MAX 32 OR BELOW:   0    0.01 INCH OR MORE:   7
MAX 90 OR ABOVE:   7    0.10 INCH OR MORE:   5
MIN 32 OR BELOW:   0    0.50 INCH OR MORE:   1
MIN  0 OR BELOW:   0    1.00 INCH OR MORE:   0

[HDD (BASE 65) ]
TOTAL THIS MO.     0    CLEAR  (SCALE 0-3)  22
DPTR FM NORMAL     0    PTCLDY (SCALE 4-7)   8
TOTAL FM JUL 1     0    CLOUDY (SCALE 8-10)  0
DPTR FM NORMAL     0

[CDD (BASE 65) ]
TOTAL THIS MO.   313
DPTR FM NORMAL   -63    [PRESSURE DATA]
TOTAL FM JAN 1  1413    HIGHEST SLP M ON M
DPTR FM NORMAL   114    LOWEST  SLP 29.76 ON 19

[REMARKS]
