000
CXUS53 KPAH 270639
CF6PAH
PRELIMINARY LOCAL CLIMATOLOGICAL DATA (WS FORM: F-6)

                                          STATION:   PADUCAH KY
                                          MONTH:     DECEMBER
                                          YEAR:      2014
                                          LATITUDE:   37  4 N
                                          LONGITUDE:  88 46 W

  TEMPERATURE IN F:       :PCPN:    SNOW:  WIND      :SUNSHINE: SKY     :PK WND
================================================================================
1   2   3   4   5  6A  6B    7    8   9   10  11  12  13   14  15   16   17  18
                                     12Z  AVG MX 2MIN
DY MAX MIN AVG DEP HDD CDD  WTR  SNW DPTH SPD SPD DIR MIN PSBL S-S WX    SPD DR
================================================================================

 1  46  32  39  -3  26   0 0.18  0.0    0 12.5 18  10   M    M  10 1      23  20
 2  37  33  35  -6  30   0 0.00  0.0    0  6.2 14 230   M    M  10 1      18 230
 3  45  35  40  -1  25   0 0.00  0.0    0  3.6 14 260   M    M   7        19 250
 4  44  39  42   2  23   0 0.08  0.0    0  5.7 14  80   M    M  10 12     17  80
 5  62  44  53  13  12   0 0.73  0.0    0  5.0 13 260   M    M   9 12     17 250
 6  59  41  50  10  15   0 0.01  0.0    0 13.2 23 350   M    M   9 18     31 360
 7  47  37  42   2  23   0 0.00  0.0    0  6.5 14  70   M    M   5        19  60
 8  51  31  41   2  24   0 0.00  0.0    0  5.3 16 260   M    M   4 18     21 260
 9  42  36  39   0  26   0 0.00  0.0    0 10.5 22  10   M    M   9 1      27 360
10  42  32  37  -2  28   0 0.00  0.0    0  5.6 12 360   M    M   9 8      14 350
11  43  25  34  -4  31   0 0.00  0.0    0  3.5 10  30   M    M   5        12 360
12  50  23  37  -1  28   0 0.00  0.0    0  1.5  8 170   M    M   4 18     11 170
13  49  41  45   7  20   0 0.00  0.0    0  2.9  8 170   M    M  10 18     12 180
14  55  46  51  13  14   0 0.00  0.0    0  4.8 14 150   M    M  10 18     18 150
15  57  42  50  13  15   0 0.67  0.0    0  9.1 22 260   M    M   7 1      27 270
16  50  35  43   6  22   0 0.00  0.0    0 11.4 21 270   M    M  10        27 270
17  40  32  36  -1  29   0 0.00  0.0    0  4.7 10  50   M    M   6        13 360
18  36  33  35  -2  30   0 0.15  0.2    0  4.8  7  80   M    M  10 14     13  10
19  42  33  38   2  27   0 0.00  0.0    0  5.3 12  60   M    M   7 8      13  60
20  46  28  37   1  28   0 0.00  0.0    0  2.4  7  60   M    M   6         9  90
21  50  23  37   1  28   0 0.00  0.0    0  3.6  9 170   M    M   1 18     12 130
22  55  40  48  12  17   0 0.14  0.0    0  8.5 15 160   M    M  10 18     19 160
23  55  44  50  14  15   0 0.25  0.0    0  5.8 14 240   M    M   8 12     16 240
24  47  40  44   8  21   0 0.13  0.0    0 10.2 18 250   M    M  10 1      22 250
25  50  35  43   8  22   0 0.00  0.0    0  8.2 16 220   M    M   3        24 220
26  59  39  49  14  16   0 0.00  0.0    0  7.7 16 230   M    M   3        22 220
================================================================================
SM 1259  919       595   0  2.34     0.2 168.5          M      192
================================================================================
AV 48.4 35.3                               6.5 FASTST   M    M   7    MAX(MPH)
                                 MISC ---->  # 23 350               # 31  360
================================================================================
NOTES:
# LAST OF SEVERAL OCCURRENCES

COLUMN 17 PEAK WIND IN M.P.H.

PRELIMINARY LOCAL CLIMATOLOGICAL DATA (WS FORM: F-6) , PAGE 2

                                          STATION:  PADUCAH KY
                                          MONTH:    DECEMBER
                                          YEAR:     2014
                                          LATITUDE:   37  4 N
                                          LONGITUDE:  88 46 W

[TEMPERATURE DATA]      [PRECIPITATION DATA]       SYMBOLS USED IN COLUMN 16

AVERAGE MONTHLY: 41.9   TOTAL FOR MONTH:   2.34    1 = FOG OR MIST
DPTR FM NORMAL:   3.9   DPTR FM NORMAL:   -1.59    2 = FOG REDUCING VISIBILITY
HIGHEST:    62 ON  5    GRTST 24HR  0.74 ON  5- 6      TO 1/4 MILE OR LESS
LOWEST:     23 ON 21,12                            3 = THUNDER
                        SNOW, ICE PELLETS, HAIL    4 = ICE PELLETS
                        TOTAL MONTH:   0.2 INCH    5 = HAIL
                        GRTST 24HR   0.2 ON   M    6 = FREEZING RAIN OR DRIZZLE
                        GRTST DEPTH:   0           7 = DUSTSTORM OR SANDSTORM:
                                                       VSBY 1/2 MILE OR LESS
                                                   8 = SMOKE OR HAZE
[NO. OF DAYS WITH]      [WEATHER - DAYS WITH]      9 = BLOWING SNOW
                                                   X = TORNADO
MAX 32 OR BELOW:   0    0.01 INCH OR MORE:   9
MAX 90 OR ABOVE:   0    0.10 INCH OR MORE:   7
MIN 32 OR BELOW:   8    0.50 INCH OR MORE:   2
MIN  0 OR BELOW:   0    1.00 INCH OR MORE:   0

[HDD (BASE 65) ]
TOTAL THIS MO.   595    CLEAR  (SCALE 0-3)   2
DPTR FM NORMAL  -109    PTCLDY (SCALE 4-7)  10
TOTAL FM JUL 1  1532    CLOUDY (SCALE 8-10) 14
DPTR FM NORMAL    51

[CDD (BASE 65) ]
TOTAL THIS MO.     0
DPTR FM NORMAL     0    [PRESSURE DATA]
TOTAL FM JAN 1  1722    HIGHEST SLP M ON M
DPTR FM NORMAL   180    LOWEST  SLP 29.56 ON 24

[REMARKS]
