268
CXUS51 KBTV 310700
CF6PBG
PRELIMINARY LOCAL CLIMATOLOGICAL DATA (WS FORM: F-6)

                                          STATION:   PLATTSBURGH NY
                                          MONTH:     AUGUST
                                          YEAR:      2016
                                          LATITUDE:   44 39 N
                                          LONGITUDE:  73 28 W

  TEMPERATURE IN F:       :PCPN:    SNOW:  WIND      :SUNSHINE: SKY     :PK WND
================================================================================
1   2   3   4   5  6A  6B    7    8   9   10  11  12  13   14  15   16   17  18
                                     12Z  AVG MX 2MIN
DY MAX MIN AVG DEP HDD CDD  WTR  SNW DPTH SPD SPD DIR MIN PSBL S-S WX    SPD DR
================================================================================

 1  71  63  67  -2   0   2 0.26  0.0    0  2.1  8 130   M    M  10 1      10 100
 2  81  59  70   1   0   5 0.00  0.0    0  2.1  8 140   M    M   0 1      21 160
 3  84  56  70   1   0   5 0.00  0.0    0  4.8 15 130   M    M   1 1      18 170
 4  85  62  74   5   0   9    T  0.0    0  7.3 18 160   M    M   2        31 110
 5  86  61  74   5   0   9 0.34  0.0    0  8.2 22 150   M    M   3 138    29 170
 6  85  63  74   5   0   9 0.24  0.0    0  5.9 16 330   M    M   2 13     28 320
 7  80  59  70   1   0   5 0.01  0.0    0  5.3 12 340   M    M   7         M  M
 8  84  55  70   1   0   5 0.00  0.0    0  4.7 14 300   M    M   2        21 290
 9  83  52  68  -1   0   3 0.00  0.0    0  4.2 12 170   M    M   0        18 140
10  85  59  72   4   0   7 0.00  0.0    0  6.3 21 150   M    M   2 1      27 150
11  89  66  78  10   0  13 0.00  0.0    0  4.0 10  50   M    M   0 1      26  80
12  86  66  76   8   0  11 0.37  0.0    0  6.9 21  20   M    M   8 18     27  30
13  74  65  70   2   0   5 0.25  0.0    0  2.3  9 150   M    M  10 1      13 190
14  88  69  79  11   0  14 0.00  0.0    0  5.1 13 340   M    M   6        20 360
15  78  62  70   2   0   5 0.00  0.0    0  3.4 10 130   M    M   4        16  90
16  73  59  66  -2   0   1 0.62  0.0    0  5.0 14 150   M    M   6 1      39 270
17  81  63  72   4   0   7 0.03  0.0    0  6.0 21 360   M    M   6 1      25 360
18  81  64  73   5   0   8    T  0.0    0  4.5 13 130   M    M   6        28 150
19  79  57  68   1   0   3 0.00  0.0    0  2.9  9  70   M    M   0        17  60
20  85  53  69   2   0   4 0.00  0.0    0  7.2 22 160   M    M   1 1      29 140
21  82  67  75   8   0  10 0.86  0.0    0 10.4 25 160   M    M   4 1      63 210
22  72  57  65  -2   0   0 0.00  0.0    0  7.6 17 320   M    M   6        29 270
23  82  51  67   0   0   2 0.00  0.0    0  3.8 12 140   M    M   0        25 210
24  84  59  72   6   0   7 0.00  0.0    0  6.8 18 150   M    M   0        23 160
25  85  61  73   7   0   8    T  0.0    0  4.8 13 140   M    M   3 1      18 190
26  86  64  75   9   0  10    T  0.0    0  3.5 14 320   M    M   3 1      20 320
27  79  62  71   5   0   6 0.00  0.0    0  5.9 13  50   M    M   3        19  70
28  87  60  74   8   0   9    T  0.0    0  4.5 18 360   M    M   4 3      23 140
29  77  57  67   2   0   2 0.00  0.0    0  8.2 22 330   M    M   2        27 360
30  76  53  65   0   0   0 0.00  0.0    0  5.2 15 140   M    M   4        29 170
================================================================================
SM 2448 1804         0 184  2.98     0.0 158.9          M      105
================================================================================
AV 81.6 60.1                               5.3 FASTST   M    M   4    MAX(MPH)
                                 MISC ---->  # 25 160               # 63  210
================================================================================
NOTES:
# LAST OF SEVERAL OCCURRENCES

COLUMN 17 PEAK WIND IN M.P.H.

PRELIMINARY LOCAL CLIMATOLOGICAL DATA (WS FORM: F-6) , PAGE 2

                                          STATION:  PLATTSBURGH NY
                                          MONTH:    AUGUST
                                          YEAR:     2016
                                          LATITUDE:   44 39 N
                                          LONGITUDE:  73 28 W

[TEMPERATURE DATA]      [PRECIPITATION DATA]       SYMBOLS USED IN COLUMN 16

AVERAGE MONTHLY: 70.9   TOTAL FOR MONTH:   2.98    1 = FOG OR MIST
DPTR FM NORMAL:   3.3   DPTR FM NORMAL:       M    2 = FOG REDUCING VISIBILITY
HIGHEST:    89 ON 11    GRTST 24HR  0.86 ON 21-21      TO 1/4 MILE OR LESS
LOWEST:     51 ON 23                               3 = THUNDER
                        SNOW, ICE PELLETS, HAIL    4 = ICE PELLETS
                        TOTAL MONTH:   0.0 INCH    5 = HAIL
                        GRTST 24HR     0.0         6 = FREEZING RAIN OR DRIZZLE
                        GRTST DEPTH:   0           7 = DUSTSTORM OR SANDSTORM:
                                                       VSBY 1/2 MILE OR LESS
                                                   8 = SMOKE OR HAZE
[NO. OF DAYS WITH]      [WEATHER - DAYS WITH]      9 = BLOWING SNOW
                                                   X = TORNADO
MAX 32 OR BELOW:   0    0.01 INCH OR MORE:   9
MAX 90 OR ABOVE:   0    0.10 INCH OR MORE:   7
MIN 32 OR BELOW:   0    0.50 INCH OR MORE:   2
MIN  0 OR BELOW:   0    1.00 INCH OR MORE:   0

[HDD (BASE 65) ]
TOTAL THIS MO.     0    CLEAR  (SCALE 0-3)  17
DPTR FM NORMAL   -25    PTCLDY (SCALE 4-7)  11
TOTAL FM JUL 1     7    CLOUDY (SCALE 8-10)  2
DPTR FM NORMAL   -29

[CDD (BASE 65) ]
TOTAL THIS MO.   184
DPTR FM NORMAL    77    [PRESSURE DATA]
TOTAL FM JAN 1   465    HIGHEST SLP M ON M
DPTR FM NORMAL   145    LOWEST  SLP 29.75 ON 12

[REMARKS]
