000
CXUS51 KBTV 260700
CF6PBG
PRELIMINARY LOCAL CLIMATOLOGICAL DATA (WS FORM: F-6)

                                          STATION:   PLATTSBURGH NY
                                          MONTH:     SEPTEMBER
                                          YEAR:      2016
                                          LATITUDE:   44 39 N
                                          LONGITUDE:  73 28 W

  TEMPERATURE IN F:       :PCPN:    SNOW:  WIND      :SUNSHINE: SKY     :PK WND
================================================================================
1   2   3   4   5  6A  6B    7    8   9   10  11  12  13   14  15   16   17  18
                                     12Z  AVG MX 2MIN
DY MAX MIN AVG DEP HDD CDD  WTR  SNW DPTH SPD SPD DIR MIN PSBL S-S WX    SPD DR
================================================================================

 1  76  58  67   2   0   2 0.00  0.0    0  6.3 16 330   M    M   6        20 350
 2  73  49  61  -3   4   0 0.00  0.0    0  8.7 16 360   M    M   4        21 360
 3  73  46  60  -4   5   0 0.00  0.0    0  2.7 12  40   M    M   0        18  30
 4  78  49  64   0   1   0 0.00  0.0    0  2.3 10 130   M    M   0 1      13 140
 5  80  51  66   3   0   1 0.00  0.0    0  2.2 10  40   M    M   0        19  20
 6  82  50  66   3   0   1 0.00  0.0    0  2.1 10  90   M    M   0 1      13  40
 7  85  55  70   7   0   5 0.00  0.0    0  4.8 16 150   M    M   0        20 160
 8  83  64  74  12   0   9    T  0.0    0  5.7 18 150   M    M   5 1      24 170
 9  87  63  75  13   0  10 0.00  0.0    0  4.3 13 330   M    M   3        23 150
10  84  60  72  10   0   7 0.00  0.0    0 10.1 24 150   M    M   2        34 150
11  79  52  66   5   0   1    M  0.0    0  8.6 21 310   M    M   2 13     29 300
12  74  44  59  -2   6   0 0.00  0.0    0  6.1 20 140   M    M   0        24 140
13  84  46  65   5   0   0 0.00  0.0    0  4.9 22 150   M    M   0        27 150
14  72  53  63   3   2   0 0.07  0.0    0  6.7 18 310   M    M   6 13     27 320
15  64  43  54  -6  11   0 0.00  0.0    0  3.8 12 330   M    M   0        15 330
16  71  38  55  -4  10   0 0.00  0.0    0  3.8 10 130   M    M   0 1      15 130
17  76  44  60   1   5   0 0.01  0.0    0  8.7 23 160   M    M   1        29 160
18  79  63  71  13   0   6 0.11  0.0    0  5.2 17 160   M    M   6 1      22 180
19  77  59  68  10   0   3 0.63  0.0    0  4.0 16 160   M    M   5 18     21 150
20  86  54  70  12   0   5 0.00  0.0    0  4.4 18 140   M    M   2 1      23 150
21  84  54  69  12   0   4 0.00  0.0    0  3.6 12 280   M    M   0        19 300
22  80  58  69  12   0   4 0.01  0.0    0  5.2 18 360   M    M   1        22 360
23  60  50  55  -1  10   0 0.88  0.0    0  6.7 17 350   M    M   8 1      23  70
24  65  41  53  -3  12   0 0.00  0.0    0  5.9 17 340   M    M   2 1      24 330
25  63  40  52  -3  13   0 0.00  0.0    0  7.4 20 360   M    M   0        24 360
================================================================================
SM 1915 1284        79  58  1.71     0.0 134.2          M       53
================================================================================
AV 76.6 51.4                               5.4 FASTST   M    M   2    MAX(MPH)
                                 MISC ---->  # 24 150               # 34  150
================================================================================
NOTES:
# LAST OF SEVERAL OCCURRENCES

COLUMN 17 PEAK WIND IN M.P.H.

PRELIMINARY LOCAL CLIMATOLOGICAL DATA (WS FORM: F-6) , PAGE 2

                                          STATION:  PLATTSBURGH NY
                                          MONTH:    SEPTEMBER
                                          YEAR:     2016
                                          LATITUDE:   44 39 N
                                          LONGITUDE:  73 28 W

[TEMPERATURE DATA]      [PRECIPITATION DATA]       SYMBOLS USED IN COLUMN 16

AVERAGE MONTHLY: 64.0   TOTAL FOR MONTH:   1.71    1 = FOG OR MIST
DPTR FM NORMAL:   3.7   DPTR FM NORMAL:       M    2 = FOG REDUCING VISIBILITY
HIGHEST:    87 ON  9    GRTST 24HR  0.89 ON 22-23      TO 1/4 MILE OR LESS
LOWEST:     38 ON 16                               3 = THUNDER
                        SNOW, ICE PELLETS, HAIL    4 = ICE PELLETS
                        TOTAL MONTH:   0.0 INCH    5 = HAIL
                        GRTST 24HR     0.0         6 = FREEZING RAIN OR DRIZZLE
                        GRTST DEPTH:   0           7 = DUSTSTORM OR SANDSTORM:
                                                       VSBY 1/2 MILE OR LESS
                                                   8 = SMOKE OR HAZE
[NO. OF DAYS WITH]      [WEATHER - DAYS WITH]      9 = BLOWING SNOW
                                                   X = TORNADO
MAX 32 OR BELOW:   0    0.01 INCH OR MORE:   6
MAX 90 OR ABOVE:   0    0.10 INCH OR MORE:   3
MIN 32 OR BELOW:   0    0.50 INCH OR MORE:   2
MIN  0 OR BELOW:   0    1.00 INCH OR MORE:   0

[HDD (BASE 65) ]
TOTAL THIS MO.    79    CLEAR  (SCALE 0-3)  17
DPTR FM NORMAL   -60    PTCLDY (SCALE 4-7)   8
TOTAL FM JUL 1    86    CLOUDY (SCALE 8-10)  0
DPTR FM NORMAL   -94

[CDD (BASE 65) ]
TOTAL THIS MO.    58
DPTR FM NORMAL    39    [PRESSURE DATA]
TOTAL FM JAN 1   530    HIGHEST SLP M ON M
DPTR FM NORMAL   189    LOWEST  SLP 29.75 ON 11

[REMARKS]
