000
CXUS52 KMFL 231000
CF6PBI
PRELIMINARY LOCAL CLIMATOLOGICAL DATA (WS FORM: F-6)

                                          STATION:   WEST PALM BEACH
                                          MONTH:     SEPTEMBER
                                          YEAR:      2014
                                          LATITUDE:   26 40 N
                                          LONGITUDE:  80  7 W

  TEMPERATURE IN F:       :PCPN:    SNOW:  WIND      :SUNSHINE: SKY     :PK WND
================================================================================
1   2   3   4   5  6A  6B    7    8   9   10  11  12  13   14  15   16   17  18
                                     12Z  AVG MX 2MIN
DY MAX MIN AVG DEP HDD CDD  WTR  SNW DPTH SPD SPD DIR MIN PSBL S-S WX    SPD DR
================================================================================

 1  90  83  87   5   0  22 0.00  0.0    0  9.8 16 100   M    M   4        21 100
 2  89  77  83   1   0  18 0.01  0.0    0  8.4 18 130   M    M   5        24 120
 3  88  76  82   0   0  17 0.22  0.0    0  6.5 23 130   M    M   7        26 110
 4  85  74  80  -2   0  15 0.48  0.0    0  3.4 20 180   M    M   7 13     26 170
 5  91  75  83   1   0  18 0.00  0.0    0  6.4 18 120   M    M   6 3      25 120
 6  89  76  83   1   0  18 2.18  0.0    0  5.5 22  90   M    M   8 13     29 100
 7  89  76  83   1   0  18 0.28  0.0    0  6.6 23 180   M    M   7        38 170
 8  89  74  82   0   0  17 0.16  0.0    0  8.0 18 140   M    M   6        22 120
 9  89  80  85   3   0  20 0.00  0.0    0 10.1 18 120   M    M   4        25 150
10  89  80  85   3   0  20    T  0.0    0  9.1 17  60   M    M   6        22 100
11  85  75  80  -2   0  15 0.49  0.0    0  5.6 15 310   M    M   7 13     21 290
12  88  73  81  -1   0  16 0.17  0.0    0 12.4 20 120   M    M   7 1      24 120
13  88  74  81  -1   0  16 1.31  0.0    0  6.9 26 110   M    M   7 13     34 140
14  89  73  81  -1   0  16 0.30  0.0    0  6.6 29 150   M    M   6 13     39 150
15  89  73  81  -1   0  16 0.00  0.0    0  5.2 14  90   M    M   4        19  90
16  89  76  83   1   0  18    T  0.0    0  3.3 13 280   M    M   6 3      17 290
17  89  74  82   0   0  17    T  0.0    0  5.3 23 290   M    M   7        29 280
18  88  73  81  -1   0  16 0.11  0.0    0  5.6 14 120   M    M   6 3      18 120
19  87  73  80  -2   0  15 0.45  0.0    0  2.8 22 210   M    M   7 13     28 210
20  88  74  81  -1   0  16 0.07  0.0    0  7.3 28 290   M    M   7 3      36 300
21  89  75  82   0   0  17 0.59  0.0    0  4.8 28 320   M    M   8 13     35 320
22  88  73  81  -1   0  16 0.08  0.0    0  4.3 14  90   M    M   7 3      17 110
================================================================================
SM 1945 1657         0 377  6.90     0.0 143.9          M      139
================================================================================
AV 88.4 75.3                               6.5 FASTST   M    M   6    MAX(MPH)
                                 MISC ---->  # 29 150               # 39  150
================================================================================
NOTES:
# LAST OF SEVERAL OCCURRENCES

COLUMN 17 PEAK WIND IN M.P.H.

PRELIMINARY LOCAL CLIMATOLOGICAL DATA (WS FORM: F-6) , PAGE 2

                                          STATION:  WEST PALM BEACH
                                          MONTH:    SEPTEMBER
                                          YEAR:     2014
                                          LATITUDE:   26 40 N
                                          LONGITUDE:  80  7 W

[TEMPERATURE DATA]      [PRECIPITATION DATA]       SYMBOLS USED IN COLUMN 16

AVERAGE MONTHLY: 81.9   TOTAL FOR MONTH:   6.90    1 = FOG OR MIST
DPTR FM NORMAL:  -0.1   DPTR FM NORMAL:    0.64    2 = FOG REDUCING VISIBILITY
HIGHEST:    91 ON  5    GRTST 24HR  2.40 ON  6- 7      TO 1/4 MILE OR LESS
LOWEST:     73 ON 22,19                            3 = THUNDER
                        SNOW, ICE PELLETS, HAIL    4 = ICE PELLETS
                        TOTAL MONTH:   0.0 INCH    5 = HAIL
                        GRTST 24HR     0.0         6 = FREEZING RAIN OR DRIZZLE
                        GRTST DEPTH:   0           7 = DUSTSTORM OR SANDSTORM:
                                                       VSBY 1/2 MILE OR LESS
                                                   8 = SMOKE OR HAZE
[NO. OF DAYS WITH]      [WEATHER - DAYS WITH]      9 = BLOWING SNOW
                                                   X = TORNADO
MAX 32 OR BELOW:   0    0.01 INCH OR MORE:  15
MAX 90 OR ABOVE:   2    0.10 INCH OR MORE:  12
MIN 32 OR BELOW:   0    0.50 INCH OR MORE:   3
MIN  0 OR BELOW:   0    1.00 INCH OR MORE:   2

[HDD (BASE 65) ]
TOTAL THIS MO.     0    CLEAR  (SCALE 0-3)   0
DPTR FM NORMAL     0    PTCLDY (SCALE 4-7)  21
TOTAL FM JUL 1     0    CLOUDY (SCALE 8-10)  1
DPTR FM NORMAL     0

[CDD (BASE 65) ]
TOTAL THIS MO.   377
DPTR FM NORMAL     4    [PRESSURE DATA]
TOTAL FM JAN 1  3385    HIGHEST SLP M ON M
DPTR FM NORMAL   306    LOWEST  SLP 29.86 ON 20

[REMARKS]
