000
CXUS52 KMFL 311000
CF6PBI
PRELIMINARY LOCAL CLIMATOLOGICAL DATA (WS FORM: F-6)

                                          STATION:   WEST PALM BEACH
                                          MONTH:     OCTOBER
                                          YEAR:      2014
                                          LATITUDE:   26 40 N
                                          LONGITUDE:  80  7 W

  TEMPERATURE IN F:       :PCPN:    SNOW:  WIND      :SUNSHINE: SKY     :PK WND
================================================================================
1   2   3   4   5  6A  6B    7    8   9   10  11  12  13   14  15   16   17  18
                                     12Z  AVG MX 2MIN
DY MAX MIN AVG DEP HDD CDD  WTR  SNW DPTH SPD SPD DIR MIN PSBL S-S WX    SPD DR
================================================================================

 1  90  74  82   1   0  17 1.18  0.0    0  5.0 33 260   M    M   5 13     44 260
 2  91  76  84   3   0  19    T  0.0    0  7.1 15 300   M    M   0 12     20 290
 3  90  76  83   3   0  18 0.17  0.0    0  4.7 15 210   M    M   4 13     19 200
 4  89  74  82   2   0  17    T  0.0    0  9.0 21 250   M    M   6 3      26 260
 5  85  64  75  -5   0  10 0.00  0.0    0  9.2 17 310   M    M   5        23 300
 6  84  71  78  -2   0  13 0.00  0.0    0  9.6 18  70   M    M   7        23  80
 7  86  76  81   1   0  16 0.07  0.0    0  7.3 17 110   M    M   8 13     22 110
 8  87  75  81   1   0  16 0.00  0.0    0  7.5 18  40   M    M   8        23  40
 9  88  73  81   1   0  16    T  0.0    0  9.8 18  50   M    M   6        23  50
10  88  80  84   4   0  19    T  0.0    0 12.1 20 100   M    M   5        25  40
11  87  79  83   4   0  18 0.00  0.0    0 10.5 15 100   M    M   4        20  50
12  87  78  83   4   0  18 0.00  0.0    0 11.2 18 110   M    M   3        23 100
13  88  80  84   5   0  19 0.00  0.0    0 14.5 22 100   M    M   4 3      27 110
14  89  76  83   4   0  18 0.20  0.0    0 11.8 22 140   M    M   6 13     27 140
15  88  74  81   2   0  16 0.20  0.0    0  4.7 16 280   M    M   6 13X    20 280
16  83  67  75  -3   0  10 0.00  0.0    0  8.3 18 310   M    M   2        23 320
17  83  63  73  -5   0   8 0.00  0.0    0  5.4 13  50   M    M   1        17 320
18  84  66  75  -3   0  10 0.00  0.0    0  4.1 12 110   M    M   2        14 140
19  85  65  75  -3   0  10 0.00  0.0    0  6.1 14  50   M    M   4        16  90
20  85  68  77  -1   0  12 0.00  0.0    0  5.9 14 110   M    M   5        21 100
21  82  70  76  -2   0  11 2.64  0.0    0  5.7 25  70   M    M   9 123    31  80
22  83  69  76  -1   0  11    T  0.0    0  4.1 10  40   M    M   8        13  50
23  79  72  76  -1   0  11 0.59  0.0    0 10.4 18  90   M    M   9 1      23  90
24  81  76  79   2   0  14    T  0.0    0 14.3 22  40   M    M   8        27  30
25  82  64  73  -4   0   8 0.00  0.0    0  9.5 17  20   M    M   3        27 360
26  82  65  74  -2   0   9 0.00  0.0    0  7.4 15  30   M    M   2        19  30
27  82  63  73  -3   0   8 0.00  0.0    0  5.7 16  90   M    M   2        21  90
28  84  67  76   0   0  11 0.00  0.0    0  9.1 17  90   M    M   4        22  90
29  84  71  78   2   0  13 0.00  0.0    0  5.6 13 100   M    M   4        15 100
30  85  67  76   0   0  11 0.00  0.0    0  4.5 13 100   M    M   4        16 100
================================================================================
SM 2561 2139         0 407  5.05     0.0 240.1          M      144
================================================================================
AV 85.4 71.3                               8.0 FASTST   M    M   5    MAX(MPH)
                                 MISC ---->  # 33 260               # 44  260
================================================================================
NOTES:
# LAST OF SEVERAL OCCURRENCES

COLUMN 17 PEAK WIND IN M.P.H.

PRELIMINARY LOCAL CLIMATOLOGICAL DATA (WS FORM: F-6) , PAGE 2

                                          STATION:  WEST PALM BEACH
                                          MONTH:    OCTOBER
                                          YEAR:     2014
                                          LATITUDE:   26 40 N
                                          LONGITUDE:  80  7 W

[TEMPERATURE DATA]      [PRECIPITATION DATA]       SYMBOLS USED IN COLUMN 16

AVERAGE MONTHLY: 78.3   TOTAL FOR MONTH:   5.05    1 = FOG OR MIST
DPTR FM NORMAL:  -0.1   DPTR FM NORMAL:    0.05    2 = FOG REDUCING VISIBILITY
HIGHEST:    91 ON  2    GRTST 24HR  2.64 ON 21-21      TO 1/4 MILE OR LESS
LOWEST:     63 ON 27,17                            3 = THUNDER
                        SNOW, ICE PELLETS, HAIL    4 = ICE PELLETS
                        TOTAL MONTH:   0.0 INCH    5 = HAIL
                        GRTST 24HR     0.0         6 = FREEZING RAIN OR DRIZZLE
                        GRTST DEPTH:   0           7 = DUSTSTORM OR SANDSTORM:
                                                       VSBY 1/2 MILE OR LESS
                                                   8 = SMOKE OR HAZE
[NO. OF DAYS WITH]      [WEATHER - DAYS WITH]      9 = BLOWING SNOW
                                                   X = TORNADO
MAX 32 OR BELOW:   0    0.01 INCH OR MORE:   7
MAX 90 OR ABOVE:   3    0.10 INCH OR MORE:   6
MIN 32 OR BELOW:   0    0.50 INCH OR MORE:   3
MIN  0 OR BELOW:   0    1.00 INCH OR MORE:   2

[HDD (BASE 65) ]
TOTAL THIS MO.     0    CLEAR  (SCALE 0-3)   6
DPTR FM NORMAL     0    PTCLDY (SCALE 4-7)  20
TOTAL FM JUL 1     0    CLOUDY (SCALE 8-10)  4
DPTR FM NORMAL     0

[CDD (BASE 65) ]
TOTAL THIS MO.   407
DPTR FM NORMAL     4    [PRESSURE DATA]
TOTAL FM JAN 1  3927    HIGHEST SLP M ON M
DPTR FM NORMAL   316    LOWEST  SLP 29.80 ON 24

[REMARKS]
