000
CXUS53 KARX 270930
CF6PDC
PRELIMINARY LOCAL CLIMATOLOGICAL DATA (WS FORM: F-6)

                                          STATION:   PRAIRIE_DU_CHIEN_MUN
                                          MONTH:     FEBRUARY
                                          YEAR:      2015
                                          LATITUDE:   43  1 N
                                          LONGITUDE:  91  7 W

  TEMPERATURE IN F:       :PCPN:    SNOW:  WIND      :SUNSHINE: SKY     :PK WND
================================================================================
1   2   3   4   5  6A  6B    7    8   9   10  11  12  13   14  15   16   17  18
                                     12Z  AVG MX 2MIN
DY MAX MIN AVG DEP HDD CDD  WTR  SNW DPTH SPD SPD DIR MIN PSBL S-S WX    SPD DR
================================================================================

 1  28  11  20   M  45   0    M    M    3 10.3 16  10   M    M   8        24  10
 2  15  -6   5   M  60   0 0.00  0.0    6  3.5 10 240   M    M   1         M  M
 3  17  -6   6   M  59   0    M    M    6  1.2  7 330   M    M   6         M  M
 4  19  -5   7   M  58   0 0.00  0.0    7  9.1 18 320   M    M   5        23 320
 5  15 -15   0   M  65   0 0.00  0.0    7  3.6 13 200   M    M   2 8      17 200
 6  32  10  21   M  44   0 0.00  0.0    6  3.0  9  90   M    M   3         M  M
 7  43  15  29   M  36   0 0.00  0.0    6  3.5  8 140   M    M   0 18      M  M
 8  36  27  32   M  33   0 0.08  0.0    M  4.7  9  30   M    M   8 18      M  M
 9  29  14  22   M  43   0 0.00  0.0    M  2.8  8 300   M    M   6         M  M
10  30  10  20   M  45   0    M    M    M  4.9 14 130   M    M   6 4      20 130
11  34  12  23   M  42   0    M    M    M 16.2 27 290   M    M   7 169    33 290
12  13   2   8   M  57   0    M    M    M  7.8 15 310   M    M   2        25 310
13  31   0  16   M  49   0    M    M    M  6.9 16 300   M    M   8        27 300
14  24  -1  12   M  53   0    M    M    M 14.8 25 320   M    M   3        37 310
15  11  -1   5   M  60   0 0.00  0.0    M  3.9  7 120   M    M   7         M  M
16  20  10  15   M  50   0    M    M    M  3.6  8 230   M    M  10         M  M
17  19   4  12   M  53   0    M    M    M 10.5 18 290   M    M   5        21 280
18   8  -5   2   M  63   0    M    M    M 12.5 20 290   M    M   4        27 290
19   8 -13  -2   M  67   0 0.00  0.0    0  1.2  6 230   M    M   0         M  M
20  26  -4  11   M  54   0    M  0.0    0  5.8 12 160   M    M  10        21 160
21  30  14  22   M  43   0 0.00  0.0    0  6.3 17 290   M    M   8        22 310
22  14  -4   5   M  60   0 0.00  0.0    0 10.4 14 290   M    M   0        22 300
23  11 -13  -1   M  66   0 0.00  0.0    M  3.1 14 210   M    M   0         M  M
24  35  11  23   M  42   0    M    M    M 13.8 27 280   M    M   5        40 290
25  19   9  14   M  51   0    M    M    M  5.0 12  30   M    M   9         M  M
26  12  -5   4   M  61   0 0.00  0.0    M  6.4 12 320   M    M   2        18 320
================================================================================
SM  579   71      1359   0  0.08     0.0 174.8          M      125
================================================================================
AV 22.3  2.7                               6.7 FASTST   M    M   5    MAX(MPH)
                                 MISC ---->  # 27 290                 40    M
================================================================================
NOTES:
# LAST OF SEVERAL OCCURRENCES

COLUMN 17 PEAK WIND IN M.P.H.

PRELIMINARY LOCAL CLIMATOLOGICAL DATA (WS FORM: F-6) , PAGE 2

                                          STATION:  PRAIRIE_DU_CHIEN_MUN
                                          MONTH:    FEBRUARY
                                          YEAR:     2015
                                          LATITUDE:   43  1 N
                                          LONGITUDE:  91  7 W

[TEMPERATURE DATA]      [PRECIPITATION DATA]       SYMBOLS USED IN COLUMN 16

AVERAGE MONTHLY: 12.5   TOTAL FOR MONTH:   0.08    1 = FOG OR MIST
DPTR FM NORMAL:     M   DPTR FM NORMAL:       M    2 = FOG REDUCING VISIBILITY
HIGHEST:    43 ON  7    GRTST 24HR  0.08 ON  8- 8      TO 1/4 MILE OR LESS
LOWEST:    -15 ON  5                               3 = THUNDER
                        SNOW, ICE PELLETS, HAIL    4 = ICE PELLETS
                        TOTAL MONTH:   0.0 INCH    5 = HAIL
                        GRTST 24HR     0.0         6 = FREEZING RAIN OR DRIZZLE
                        GRTST DEPTH:   7 ON  5, 4  7 = DUSTSTORM OR SANDSTORM:
                                                       VSBY 1/2 MILE OR LESS
                                                   8 = SMOKE OR HAZE
[NO. OF DAYS WITH]      [WEATHER - DAYS WITH]      9 = BLOWING SNOW
                                                   X = TORNADO
MAX 32 OR BELOW:  22    0.01 INCH OR MORE:   1
MAX 90 OR ABOVE:   0    0.10 INCH OR MORE:   0
MIN 32 OR BELOW:  26    0.50 INCH OR MORE:   0
MIN  0 OR BELOW:  13    1.00 INCH OR MORE:   0

[HDD (BASE 65) ]
TOTAL THIS MO.  1359    CLEAR  (SCALE 0-3)  10
DPTR FM NORMAL     M    PTCLDY (SCALE 4-7)  11
TOTAL FM JUL 1  5517    CLOUDY (SCALE 8-10)  5
DPTR FM NORMAL     M

[CDD (BASE 65) ]
TOTAL THIS MO.     0
DPTR FM NORMAL     M    [PRESSURE DATA]
TOTAL FM JAN 1     0    HIGHEST SLP M ON M
DPTR FM NORMAL     M    LOWEST  SLP M ON M

[REMARKS]
