000
CXUS52 KFFC 271110
CF6PDK
PRELIMINARY LOCAL CLIMATOLOGICAL DATA (WS FORM: F-6)

                                          STATION:   DEKALB PEACHTREE AIRPORT
                                          MONTH:     AUGUST
                                          YEAR:      2015
                                          LATITUDE:   33 52 N
                                          LONGITUDE:  84 18 W

  TEMPERATURE IN F:       :PCPN:    SNOW:  WIND      :SUNSHINE: SKY     :PK WND
================================================================================
1   2   3   4   5  6A  6B    7    8   9   10  11  12  13   14  15   16   17  18
                                     12Z  AVG MX 2MIN
DY MAX MIN AVG DEP HDD CDD  WTR  SNW DPTH SPD SPD DIR MIN PSBL S-S WX    SPD DR
================================================================================

 1  93  71  82   2   0  17 0.00  0.0    M  4.9 10  10   M    M   5        16  90
 2  96  68  82   2   0  17 0.00  0.0    M  3.5 10 120   M    M   1        16 100
 3  98  71  85   5   0  20 0.00  0.0    M  1.1 10 170   M    M   3 1      15 130
 4  99  69  84   4   0  19 0.00  0.0    M  3.3 13 260   M    M   0        16 250
 5 100  71  86   6   0  21 0.00  0.0    M  4.4 17 200   M    M   1        24 180
 6  90  72  81   1   0  16 1.24    M    M  7.7 28 270   M    M   6 138    37 270
 7  88  73  81   1   0  16 0.00    M    M  8.1 17 290   M    M   5 1      25 290
 8  93  69  81   1   0  16 0.00    M    M  2.9  8  90   M    M   2        11  80
 9  93  71  82   2   0  17 0.00    M    M  3.4 13 150   M    M   1        19 160
10  95  73  84   4   0  19 0.34    M    M  4.9 23 360   M    M   2 13     29 340
11  91  72  82   2   0  17 0.45    M    M  6.1 18 330   M    M   4 1      23 330
12  91  70  81   1   0  16 0.00    M    M  6.9 14 340   M    M   1        19 320
13  90  69  80   1   0  15 0.48    M    M  3.1 16  40   M    M   3 13     25  10
14  89  71  80   1   0  15 0.00    M    M  3.2 14 150   M    M   3        19 140
15  90  69  80   1   0  15 0.00    M    M  3.2  9 120   M    M   2        14 150
16  89  71  80   1   0  15 0.01    M    M  3.5 14 150   M    M   3        22 110
17  86  71  79   0   0  14 0.32    M    M  3.1 30 200   0    0   0        40 190
18  87  71  79   0   0  14 0.96    M    M  5.0 24 220   M    M   7 13     30 220
19  88  72  80   1   0  15 0.52  0.0    0  5.0 14 200   M    M   5 138    17 190
20  88  73  81   2   0  16 0.33    M    M  4.8 14 240   M    M   6 138    20 260
21  88  73  81   2   0  16 0.00  0.0    M  3.5 12 330   M    M   2 1      14 300
22  91  72  82   3   0  17 0.55  0.0    M  2.5 13  20   M    M   4 13     18  50
23  85  69  77  -2   0  12 1.62    M    M  3.1 17 270   M    M   5 13     23 270
24  90  71  81   3   0  16 0.00  0.0    M  6.5 14 330   M    M   1        19 320
25  85  64  75  -3   0  10 0.00  0.0    M  8.3 15 310   M    M   0        20 320
26  86  59  73  -5   0   8 0.00  0.0    M  4.6 15 330   M    M   2        19 340
================================================================================
SM 2359 1825         0 409  6.82     0.0 116.6            0     74
================================================================================
AV 90.7 70.2                               4.5 FASTST    0   0   3    MAX(MPH)
                                 MISC ---->  # 30 200               # 40  190
================================================================================
NOTES:
# LAST OF SEVERAL OCCURRENCES

COLUMN 17 PEAK WIND IN M.P.H.

PRELIMINARY LOCAL CLIMATOLOGICAL DATA (WS FORM: F-6) , PAGE 2

                                          STATION:  DEKALB PEACHTREE AIRPORT
                                          MONTH:    AUGUST
                                          YEAR:     2015
                                          LATITUDE:   33 52 N
                                          LONGITUDE:  84 18 W

[TEMPERATURE DATA]      [PRECIPITATION DATA]       SYMBOLS USED IN COLUMN 16

AVERAGE MONTHLY: 80.5   TOTAL FOR MONTH:   6.82    1 = FOG OR MIST
DPTR FM NORMAL:   1.1   DPTR FM NORMAL:    3.01    2 = FOG REDUCING VISIBILITY
HIGHEST:   100 ON  5    GRTST 24HR  2.17 ON 22-23      TO 1/4 MILE OR LESS
LOWEST:     59 ON 26                               3 = THUNDER
                        SNOW, ICE PELLETS, HAIL    4 = ICE PELLETS
                        TOTAL MONTH:   0.0 INCH    5 = HAIL
                        GRTST 24HR     0.0         6 = FREEZING RAIN OR DRIZZLE
                        GRTST DEPTH:   0           7 = DUSTSTORM OR SANDSTORM:
                                                       VSBY 1/2 MILE OR LESS
                                                   8 = SMOKE OR HAZE
[NO. OF DAYS WITH]      [WEATHER - DAYS WITH]      9 = BLOWING SNOW
                                                   X = TORNADO
MAX 32 OR BELOW:   0    0.01 INCH OR MORE:  11
MAX 90 OR ABOVE:  15    0.10 INCH OR MORE:  10
MIN 32 OR BELOW:   0    0.50 INCH OR MORE:   5
MIN  0 OR BELOW:   0    1.00 INCH OR MORE:   2

[HDD (BASE 65) ]
TOTAL THIS MO.     0    CLEAR  (SCALE 0-3)  16
DPTR FM NORMAL     0    PTCLDY (SCALE 4-7)  10
TOTAL FM JUL 1     0    CLOUDY (SCALE 8-10)  0
DPTR FM NORMAL     0

[CDD (BASE 65) ]
TOTAL THIS MO.   409
DPTR FM NORMAL    37    [PRESSURE DATA]
TOTAL FM JAN 1  1654    HIGHEST SLP  0.00 ON 17
DPTR FM NORMAL   259    LOWEST  SLP 29.77 ON  7

[REMARKS]
