000
CXUS56 KPQR 211200
CF6PDX
PRELIMINARY LOCAL CLIMATOLOGICAL DATA (WS FORM: F-6)

                                          STATION:   PORTLAND OR
                                          MONTH:     JANUARY
                                          YEAR:      2017
                                          LATITUDE:   45 35 N
                                          LONGITUDE: 122 36 W

  TEMPERATURE IN F:       :PCPN:    SNOW:  WIND      :SUNSHINE: SKY     :PK WND
================================================================================
1   2   3   4   5  6A  6B    7    8   9   10  11  12  13   14  15   16   17  18
                                     12Z  AVG MX 2MIN
DY MAX MIN AVG DEP HDD CDD  WTR  SNW DPTH SPD SPD DIR MIN PSBL S-S WX    SPD DR
================================================================================

 1  40  32  36  -4  29   0 0.05    T    0  7.8 17 210   M    M   8 1      22 210
 2  35  29  32  -8  33   0 0.00  0.0    0 19.4 28  90   M    M   8        36  90
 3  34  27  31  -9  34   0 0.00  0.0    0 23.1 35  90   M    M   1        45  80
 4  33  27  30 -10  35   0 0.00  0.0    0 21.2 33  80   M    M   5        48  70
 5  35  17  26 -14  39   0 0.00  0.0    0  7.1 15 120   M    M   0        18 130
 6  34  17  26 -14  39   0 0.00  0.0    0 12.7 20 110   M    M   1        24 130
 7  30  24  27 -13  38   0 0.02  0.4    T 17.6 36 100   M    M  10 16     44 100
 8  34  28  31 -10  34   0 0.53  0.0    0 15.2 32 100   M    M  10 16     42 100
 9  41  30  36  -5  29   0 0.28  0.0    0  9.8 17 190   M    M  10 16     23 180
10  38  31  35  -6  30   0 0.65  6.5    7 13.3 28 100   M    M  10 1      35 100
11  32  26  29 -12  36   0 0.07  1.5    6 12.2 24  90   M    M  10 1      29  90
12  33  18  26 -15  39   0 0.00  0.0    5  5.0 13 130   M    M   4        15 130
13  29  11  20 -21  45   0 0.00  0.0    5  6.8 17 120   M    M   7 1      21 130
14  29  19  24 -17  41   0 0.00  0.0    4 14.2 23 120   M    M   2        29 110
15  28  19  24 -17  41   0 0.00  0.0    4 10.9 23 140   M    M   4        25 140
16  29  22  26 -16  39   0 0.00  0.0    3 14.2 22 130   M    M   8        26 130
17  34  24  29 -13  36   0 0.70  0.0    3 18.2 32 120   M    M   9 16     36 110
18  47  33  40  -2  25   0 1.06  0.0    T 15.0 30 110   M    M  10 1      35 110
19  52  35  44   2  21   0    T  0.0    0 11.9 23 200   M    M   8        28 210
20  42  37  40  -2  25   0 0.26  0.0    0 11.4 20 120   M    M  10 1      23 120
================================================================================
SM  709  506       688   0  3.62     8.4 267.0          M      135
================================================================================
AV 35.5 25.3                              13.3 FASTST   M    M   7    MAX(MPH)
                                 MISC ---->  # 36 100               # 48   70
================================================================================
NOTES:
# LAST OF SEVERAL OCCURRENCES

COLUMN 17 PEAK WIND IN M.P.H.

PRELIMINARY LOCAL CLIMATOLOGICAL DATA (WS FORM: F-6) , PAGE 2

                                          STATION:  PORTLAND OR
                                          MONTH:    JANUARY
                                          YEAR:     2017
                                          LATITUDE:   45 35 N
                                          LONGITUDE: 122 36 W

[TEMPERATURE DATA]      [PRECIPITATION DATA]       SYMBOLS USED IN COLUMN 16

AVERAGE MONTHLY: 30.4   TOTAL FOR MONTH:   3.62    1 = FOG OR MIST
DPTR FM NORMAL: -10.5   DPTR FM NORMAL:    0.33    2 = FOG REDUCING VISIBILITY
HIGHEST:    52 ON 19    GRTST 24HR  1.42 ON 17-18      TO 1/4 MILE OR LESS
LOWEST:     11 ON 13                               3 = THUNDER
                        SNOW, ICE PELLETS, HAIL    4 = ICE PELLETS
                        TOTAL MONTH:   8.4 INCHES  5 = HAIL
                        GRTST 24HR   6.5 ON 10-10  6 = FREEZING RAIN OR DRIZZLE
                        GRTST DEPTH:   7 ON 10     7 = DUSTSTORM OR SANDSTORM:
                                                       VSBY 1/2 MILE OR LESS
                                                   8 = SMOKE OR HAZE
[NO. OF DAYS WITH]      [WEATHER - DAYS WITH]      9 = BLOWING SNOW
                                                   X = TORNADO
MAX 32 OR BELOW:   6    0.01 INCH OR MORE:   9
MAX 90 OR ABOVE:   0    0.10 INCH OR MORE:   6
MIN 32 OR BELOW:  17    0.50 INCH OR MORE:   4
MIN  0 OR BELOW:   0    1.00 INCH OR MORE:   1

[HDD (BASE 65) ]
TOTAL THIS MO.   688    CLEAR  (SCALE 0-3)   4
DPTR FM NORMAL   206    PTCLDY (SCALE 4-7)   6
TOTAL FM JUL 1  2252    CLOUDY (SCALE 8-10) 10
DPTR FM NORMAL    38

[CDD (BASE 65) ]
TOTAL THIS MO.     0
DPTR FM NORMAL     0    [PRESSURE DATA]
TOTAL FM JAN 1     0    HIGHEST SLP M ON M
DPTR FM NORMAL     0    LOWEST  SLP 29.09 ON 20

[REMARKS]
