000
CXUS54 KEWX 230910
CF6PEZ
PRELIMINARY LOCAL CLIMATOLOGICAL DATA (WS FORM: F-6)

                                          STATION:   PLEASANTON MUNICIPAL AIRPORT
                                          MONTH:     MAY
                                          YEAR:      2017
                                          LATITUDE:   28 57 N
                                          LONGITUDE:  98 31 W

  TEMPERATURE IN F:       :PCPN:    SNOW:  WIND      :SUNSHINE: SKY     :PK WND
================================================================================
1   2   3   4   5  6A  6B    7    8   9   10  11  12  13   14  15   16   17  18
                                     12Z  AVG MX 2MIN
DY MAX MIN AVG DEP HDD CDD  WTR  SNW DPTH SPD SPD DIR MIN PSBL S-S WX    SPD DR
================================================================================

 1  92  45  69   M   0   4 0.00    M    M  5.9 13 170   M    M   0 18     20 150
 2  92  51  72   M   0   7 0.00    M    M  6.5 14 130   M    M   2        23 150
 3  92  71  82   M   0  17 0.00    M    M  6.9 21  20   M    M   7        29  20
 4  84  51  68   M   0   3 0.00    M    M  7.5 17  40   M    M   0 8      27 330
 5  86  46  66   M   0   1 0.00    M    M  2.1  9 330   M    M   0 8      18 350
 6  91  47  69   M   0   4 0.00    M    M  3.6  9 150   M    M   0 8       M  M
 7  88  54  71   M   0   6 0.00    M    M  6.8 14 140   M    M   0        22 140
 8  80  63  72   M   0   7 0.00    M    M  8.2 16 120   M    M   6        21 120
 9  84  70  77   M   0  12 0.00    M    M  9.7 18 130   M    M  10 1      25 140
10  84  73  79   M   0  14 0.00    M    M  8.5 14 120   M    M   9        21 140
11  88  69  79   M   0  14 0.00    M    M  5.1 12 160   M    M   5        17 160
12  91  64  78   M   0  13 0.00    M    M  5.5 14 360   M    M   1        21  20
13  92  55  74   M   0   9 0.00    M    M  3.3  9  90   M    M   0 8       M  M
14  94  63  79   M   0  14 0.00    M    M  6.1 13 160   M    M   1        20 160
15  93  65  79   M   0  14 0.00    M    M  8.4 16 150   M    M   5        25 150
16  83  71  77   M   0  12 0.00    M    M 10.8 17 140   M    M  10        27 140
17  87  69  78   M   0  13 0.10    M    M  7.0 14 140   M    M   8 1      23 140
18  94  76  85   M   0  20 0.00    M    M 11.4 20 140   M    M   8 18     28 150
19  92  76  84   M   0  19 0.00    M    M 12.0 16 140   M    M   8        28 150
20  81  74  78   M   0  13 0.00    M    M  8.1 12  60   M    M   3        16  20
21  82  65  74   M   0   9 0.59    M    M  9.6 16  60   M    M   7 3      28  30
22  83  64  74   M   0   9 0.92  0.0    0  7.2 14 120   M    M   7 13     20 120
================================================================================
SM 1933 1382         0 234  1.61     0.0 160.2          M       97
================================================================================
AV 87.9 62.8                               7.3 FASTST   M    M   4    MAX(MPH)
                                 MISC ---->  # 21  20               # 29   20
================================================================================
NOTES:
# LAST OF SEVERAL OCCURRENCES

COLUMN 17 PEAK WIND IN M.P.H.

PRELIMINARY LOCAL CLIMATOLOGICAL DATA (WS FORM: F-6) , PAGE 2

                                          STATION:  PLEASANTON MUNICIPAL AIRPORT
                                          MONTH:    MAY
                                          YEAR:     2017
                                          LATITUDE:   28 57 N
                                          LONGITUDE:  98 31 W

[TEMPERATURE DATA]      [PRECIPITATION DATA]       SYMBOLS USED IN COLUMN 16

AVERAGE MONTHLY: 75.3   TOTAL FOR MONTH:   1.61    1 = FOG OR MIST
DPTR FM NORMAL:     M   DPTR FM NORMAL:       M    2 = FOG REDUCING VISIBILITY
HIGHEST:    94 ON 18,14 GRTST 24HR  0.92 ON 22-22      TO 1/4 MILE OR LESS
LOWEST:     45 ON  1                               3 = THUNDER
                        SNOW, ICE PELLETS, HAIL    4 = ICE PELLETS
                        TOTAL MONTH:   0.0 INCH    5 = HAIL
                        GRTST 24HR     0.0         6 = FREEZING RAIN OR DRIZZLE
                        GRTST DEPTH:   0           7 = DUSTSTORM OR SANDSTORM:
                                                       VSBY 1/2 MILE OR LESS
                                                   8 = SMOKE OR HAZE
[NO. OF DAYS WITH]      [WEATHER - DAYS WITH]      9 = BLOWING SNOW
                                                   X = TORNADO
MAX 32 OR BELOW:   0    0.01 INCH OR MORE:   3
MAX 90 OR ABOVE:  10    0.10 INCH OR MORE:   3
MIN 32 OR BELOW:   0    0.50 INCH OR MORE:   2
MIN  0 OR BELOW:   0    1.00 INCH OR MORE:   0

[HDD (BASE 65) ]
TOTAL THIS MO.     0    CLEAR  (SCALE 0-3)   9
DPTR FM NORMAL     M    PTCLDY (SCALE 4-7)  10
TOTAL FM JUL 1   682    CLOUDY (SCALE 8-10)  3
DPTR FM NORMAL     M

[CDD (BASE 65) ]
TOTAL THIS MO.   234
DPTR FM NORMAL     M    [PRESSURE DATA]
TOTAL FM JAN 1   803    HIGHEST SLP M ON M
DPTR FM NORMAL     M    LOWEST  SLP M ON M

[REMARKS]
