000
CXUS55 KTBW 311000
CF6PGD
PRELIMINARY LOCAL CLIMATOLOGICAL DATA (WS FORM: F-6)

                                          STATION:   Punta Gorda
                                          MONTH:     JULY
                                          YEAR:      2016
                                          LATITUDE:   26 55 N
                                          LONGITUDE:  82  0 W

  TEMPERATURE IN F:       :PCPN:    SNOW:  WIND      :SUNSHINE: SKY     :PK WND
================================================================================
1   2   3   4   5  6A  6B    7    8   9   10  11  12  13   14  15   16   17  18
                                     12Z  AVG MX 2MIN
DY MAX MIN AVG DEP HDD CDD  WTR  SNW DPTH SPD SPD DIR MIN PSBL S-S WX    SPD DR
================================================================================

 1  92  75  84   2   0  19 0.00  0.0    0  6.0 14  70   M    M   1        18 240
 2  92  76  84   2   0  19 0.00  0.0    0  3.9 14  90   M    M   1 13     18 100
 3  95  76  86   3   0  21 0.28  0.0    0  3.5 26 140   M    M   2 138    34 140
 4  93  76  85   2   0  20    T  0.0    0  4.8 17 340   M    M   3 38     21 340
 5  94  76  85   2   0  20 0.00  0.0    0  5.2 12 240   M    M   2 1      17 270
 6  96  78  87   4   0  22    T  0.0    0  5.9 12 270   M    M   1 3      15 260
 7  95  77  86   3   0  21    T  0.0    0  5.5 14 200   M    M   2 3      19 210
 8  95  74  85   2   0  20 0.54  0.0    0  4.8 21 150   M    M   1 13     27 150
 9  93  77  85   2   0  20    T  0.0    0  3.9 14 310   M    M   2 3      17 300
10  94  78  86   3   0  21 0.07  0.0    0  3.1 20 120   M    M   2 13     24 120
11  95  76  86   3   0  21 0.36  0.0    0  5.2 21 120   M    M   1 13     24 120
12  93  75  84   1   0  19 0.00  0.0    0  5.9 22 120   M    M   2 3      26 120
13  95  73  84   1   0  19 1.02  0.0    0  6.2 29 180   M    M   3 13     36 170
14  91  73  82  -1   0  17 0.01  0.0    0  4.8 16 190   M    M   1 3      22 160
15  94  75  85   2   0  20 0.04  0.0    0  5.8 26 190   M    M   3 13     34 170
16  94  70  82  -1   0  17 1.46  0.0    0  6.6 32 100   M    M   2 138    45 110
17  92  73  83   0   0  18 0.09  0.0    0  6.2 20 120   M    M   1 3      27 110
18  94  75  85   2   0  20    T  0.0    0  7.1 21  40   M    M   1 3      25  40
19  89  74  82  -1   0  17    T  0.0    0  7.9 20 100   M    M   0 3      25 110
20  95  73  84   1   0  19    T  0.0    0  7.3 21  80   M    M   1 3      26  70
21  93  72  83   0   0  18 1.48  0.0    0  5.5 37 120   M    M   2 123    46 110
22  91  74  83   0   0  18 0.37  0.0    0  5.1 20 130   M    M   0 13     25 120
23  92  72  82  -1   0  17    T  0.0    0  3.2 12 340   M    M   2 3      14 340
24  88  73  81  -2   0  16 1.65  0.0    0  6.0 18 170   M    M   3 13     23 160
25  93  74  84   1   0  19 0.02  0.0    0  5.8 21 190   M    M   1        24 190
26  94  75  85   2   0  20 0.04  0.0    0  3.8 16  50   M    M   2 3      22  50
27  95  75  85   2   0  20 0.05  0.0    0  5.8 14 250   M    M   1 3      17  90
28  95  75  85   2   0  20 0.00  0.0    0  4.7 16 210   M    M   2 3      20 220
29  91  77  84   1   0  19    T  0.0    0  3.9 15 360   M    M   3 3      25  10
30  93  76  85   2   0  20 0.00  0.0    0  4.4 20 330   M    M   1 13     25 140
================================================================================
SM 2796 2243         0 577  7.48     0.0 157.8          M       49
================================================================================
AV 93.2 74.8                               5.3 FASTST   M    M   2    MAX(MPH)
                                 MISC ---->  # 37 120               # 46  110
================================================================================
NOTES:
# LAST OF SEVERAL OCCURRENCES

COLUMN 17 PEAK WIND IN M.P.H.

PRELIMINARY LOCAL CLIMATOLOGICAL DATA (WS FORM: F-6) , PAGE 2

                                          STATION:  Punta Gorda
                                          MONTH:    JULY
                                          YEAR:     2016
                                          LATITUDE:   26 55 N
                                          LONGITUDE:  82  0 W

[TEMPERATURE DATA]      [PRECIPITATION DATA]       SYMBOLS USED IN COLUMN 16

AVERAGE MONTHLY: 84.0   TOTAL FOR MONTH:   7.48    1 = FOG OR MIST
DPTR FM NORMAL:   1.1   DPTR FM NORMAL:   -0.14    2 = FOG REDUCING VISIBILITY
HIGHEST:    96 ON  6    GRTST 24HR  1.65 ON 24-24      TO 1/4 MILE OR LESS
LOWEST:     70 ON 16                               3 = THUNDER
                        SNOW, ICE PELLETS, HAIL    4 = ICE PELLETS
                        TOTAL MONTH:   0.0 INCH    5 = HAIL
                        GRTST 24HR     0.0         6 = FREEZING RAIN OR DRIZZLE
                        GRTST DEPTH:   0           7 = DUSTSTORM OR SANDSTORM:
                                                       VSBY 1/2 MILE OR LESS
                                                   8 = SMOKE OR HAZE
[NO. OF DAYS WITH]      [WEATHER - DAYS WITH]      9 = BLOWING SNOW
                                                   X = TORNADO
MAX 32 OR BELOW:   0    0.01 INCH OR MORE:  15
MAX 90 OR ABOVE:  28    0.10 INCH OR MORE:   8
MIN 32 OR BELOW:   0    0.50 INCH OR MORE:   5
MIN  0 OR BELOW:   0    1.00 INCH OR MORE:   4

[HDD (BASE 65) ]
TOTAL THIS MO.     0    CLEAR  (SCALE 0-3)  28
DPTR FM NORMAL     0    PTCLDY (SCALE 4-7)   2
TOTAL FM JUL 1     0    CLOUDY (SCALE 8-10)  0
DPTR FM NORMAL     0

[CDD (BASE 65) ]
TOTAL THIS MO.   577
DPTR FM NORMAL    38    [PRESSURE DATA]
TOTAL FM JAN 1  2046    HIGHEST SLP M ON M
DPTR FM NORMAL   133    LOWEST  SLP 29.99 ON 15

[REMARKS]
