000
CXUS55 KTBW 241000
CF6PGD
PRELIMINARY LOCAL CLIMATOLOGICAL DATA (WS FORM: F-6)

                                          STATION:   Punta Gorda
                                          MONTH:     MAY
                                          YEAR:      2015
                                          LATITUDE:   26 55 N
                                          LONGITUDE:  82  0 W

  TEMPERATURE IN F:       :PCPN:    SNOW:  WIND      :SUNSHINE: SKY     :PK WND
================================================================================
1   2   3   4   5  6A  6B    7    8   9   10  11  12  13   14  15   16   17  18
                                     12Z  AVG MX 2MIN
DY MAX MIN AVG DEP HDD CDD  WTR  SNW DPTH SPD SPD DIR MIN PSBL S-S WX    SPD DR
================================================================================

 1  84  56  70  -4   0   5 0.00  0.0    0  7.6 17 340   M    M   2        24 270
 2  84  58  71  -3   0   6 0.00  0.0    0  8.2 16  50   M    M   1        20  50
 3  85  56  71  -4   0   6 0.00  0.0    0 11.1 20 100   M    M   1        25  60
 4  85  56  71  -4   0   6 0.00  0.0    0 11.4 26  70   M    M   2        36  60
 5  85  63  74  -1   0   9 0.36  0.0    0 11.1 24  90   M    M   2 1      31  90
 6  89  65  77   2   0  12 0.00  0.0    0  6.7 16 280   M    M   2        21  50
 7  88  63  76   0   0  11 0.00  0.0    0  7.3 17 280   M    M   1        22 280
 8  88  59  74  -2   0   9 0.00  0.0    0  6.9 18 260   M    M   0        24 270
 9  90  62  76   0   0  11 0.00  0.0    0  5.8 18 230   M    M   0        21 250
10  92  61  77   1   0  12 0.00  0.0    0  5.1 17  60   M    M   0 3      21  60
11  94  63  79   3   0  14 0.02  0.0    0  5.9 21 170   M    M   2 3      29 170
12  93  68  81   4   0  16 0.13  0.0    0  6.5 28 240   M    M   3 138    35 230
13  94  65  80   3   0  15 0.94  0.0    0  6.3 20  80   M    M   3 13     22  90
14  92  68  80   3   0  15 0.00  0.0    0  7.1 16  70   M    M   1 1      21  70
15  93  68  81   4   0  16 0.00  0.0    0  9.2 22  70   M    M   2 3      28  80
16  92  68  80   2   0  15 0.01  0.0    0  8.2 21 110   M    M   3 13     26  70
17  92  69  81   3   0  16 0.00  0.0    0  6.7 18 200   M    M   4 13     23 140
18  92  68  80   2   0  15 0.00  0.0    0  7.4 16  60   M    M   1        21  60
19  93  66  80   2   0  15 0.00  0.0    0  4.5 17 290   M    M   2 1      21 290
20  93  68  81   3   0  16 0.00  0.0    0  6.2 18 300   M    M   1 13     25 280
21  92  70  81   2   0  16 0.00  0.0    0  7.4 18 280   M    M   1 1      23 280
22  95  69  82   3   0  17 0.31  0.0    0  7.3 30 130   M    M   1 13     38 130
23  95  69  82   3   0  17 0.26  0.0    0  7.4 28  70   M    M   2 13     36  60
================================================================================
SM 2080 1478         0 290  2.03     0.0 171.3          M       37
================================================================================
AV 90.4 64.3                               7.4 FASTST   M    M   2    MAX(MPH)
                                 MISC ---->  # 30 130               # 38  130
================================================================================
NOTES:
# LAST OF SEVERAL OCCURRENCES

COLUMN 17 PEAK WIND IN M.P.H.

PRELIMINARY LOCAL CLIMATOLOGICAL DATA (WS FORM: F-6) , PAGE 2

                                          STATION:  Punta Gorda
                                          MONTH:    MAY
                                          YEAR:     2015
                                          LATITUDE:   26 55 N
                                          LONGITUDE:  82  0 W

[TEMPERATURE DATA]      [PRECIPITATION DATA]       SYMBOLS USED IN COLUMN 16

AVERAGE MONTHLY: 77.3   TOTAL FOR MONTH:   2.03    1 = FOG OR MIST
DPTR FM NORMAL:   0.7   DPTR FM NORMAL:    0.43    2 = FOG REDUCING VISIBILITY
HIGHEST:    95 ON 23,22 GRTST 24HR  0.94 ON 13-13      TO 1/4 MILE OR LESS
LOWEST:     56 ON  4, 3                            3 = THUNDER
                        SNOW, ICE PELLETS, HAIL    4 = ICE PELLETS
                        TOTAL MONTH:   0.0 INCH    5 = HAIL
                        GRTST 24HR     0.0         6 = FREEZING RAIN OR DRIZZLE
                        GRTST DEPTH:   0           7 = DUSTSTORM OR SANDSTORM:
                                                       VSBY 1/2 MILE OR LESS
                                                   8 = SMOKE OR HAZE
[NO. OF DAYS WITH]      [WEATHER - DAYS WITH]      9 = BLOWING SNOW
                                                   X = TORNADO
MAX 32 OR BELOW:   0    0.01 INCH OR MORE:   7
MAX 90 OR ABOVE:  15    0.10 INCH OR MORE:   5
MIN 32 OR BELOW:   0    0.50 INCH OR MORE:   1
MIN  0 OR BELOW:   0    1.00 INCH OR MORE:   0

[HDD (BASE 65) ]
TOTAL THIS MO.     0    CLEAR  (SCALE 0-3)  21
DPTR FM NORMAL     0    PTCLDY (SCALE 4-7)   2
TOTAL FM JUL 1   382    CLOUDY (SCALE 8-10)  0
DPTR FM NORMAL   -14

[CDD (BASE 65) ]
TOTAL THIS MO.   290
DPTR FM NORMAL    21    [PRESSURE DATA]
TOTAL FM JAN 1   993    HIGHEST SLP M ON M
DPTR FM NORMAL   234    LOWEST  SLP 29.88 ON  1

[REMARKS]
