000
CXUS53 KUNR 270945
CF6PHP
PRELIMINARY LOCAL CLIMATOLOGICAL DATA (WS FORM: F-6)

                                          STATION:   PHILIP SD
                                          MONTH:     AUGUST
                                          YEAR:      2015
                                          LATITUDE:   44  3 N
                                          LONGITUDE: 101 36 W

  TEMPERATURE IN F:       :PCPN:    SNOW:  WIND      :SUNSHINE: SKY     :PK WND
================================================================================
1   2   3   4   5  6A  6B    7    8   9   10  11  12  13   14  15   16   17  18
                                     12Z  AVG MX 2MIN
DY MAX MIN AVG DEP HDD CDD  WTR  SNW DPTH SPD SPD DIR MIN PSBL S-S WX    SPD DR
================================================================================

 1  91  69  80   4   0  15 0.11    M    M 14.0 28 180   M    M   1 3      37 180
 2  89  60  75  -1   0  10 0.00    M    M  8.5 18  50   M    M   0        22 320
 3  86  58  72  -4   0   7 0.00    M    M  7.3 16 110   M    M   1 3      22 110
 4  85  64  75  -1   0  10 0.88    M    M 10.1 25 100   M    M   2 13     36 110
 5  91  63  77   1   0  12 0.08    M    M  6.7 32 260   M    M   1 13     42 250
 6  87  59  73  -3   0   8 0.08    M    M 11.5 26 300   M    M   2 13     36 290
 7  89  57  73  -3   0   8 0.00    M    M  5.1 13 360   M    M   0        15 360
 8   M   M   M   M   M   M 0.03    M    M  8.5 20  80   M    M   1 3      33  70
 9  83  62  73  -2   0   8    T    M    M  6.6 20  90   M    M   3 3      25  90
10  83  58  71  -4   0   6 0.00    M    M  4.4 10  90   M    M   1        13  90
11  91  64  78   3   0  13 0.00    M    M 10.5 22 160   M    M   2        27 160
12  97  63  80   5   0  15 0.00    M    M  6.1 13 190   M    M   0        16 170
13  93  71  82   7   0  17 0.04    M    M  6.6 22  20   M    M   2 3      27  20
14  94  65  80   6   0  15 0.00    M    M  6.9 14 160   M    M   1 12     18 140
15 103  71  87  13   0  22    T    M    M  7.4 21 190   M    M   0        25 190
16  78  56  67  -7   0   2 0.00    M    M  8.9 18  10   M    M   2        24  20
17  66  55  61 -13   4   0 0.63    M    M  8.3 15 100   M    M   8 13     20 110
18  63  48  56 -18   9   0 0.88    M    M  9.7 24  90   M    M   7 13     30  90
19  76  49  63 -10   2   0 0.00    M    M  9.3 21 310   M    M   2        27 310
20  84  47  66  -7   0   1 0.00    M    M  3.3  9 140   M    M   0        11 160
21  92  52  72  -1   0   7 0.00    M    M  4.0 13 200   M    M   0        19 150
22  72  51  62 -10   3   0 0.00    M    M 23.6 44 320   M    M   1 8      58 320
23  74  44  59 -13   6   0 0.00    M    M  9.1 21 330   M    M   0 8      25 330
24  77  39  58 -14   7   0 0.00    M    M  5.9 13 140   M    M   0        17 100
25  82  46  64  -7   1   0 0.00    M    M 11.0 21 140   M    M   0        26 110
26  86  55  71   0   0   6    M    M    M 11.6 56 330   M    M   0 13     76  30
================================================================================
SM 2112 1426        32 182  2.73    M    224.9          M       37
================================================================================
AV 84.5 57.0                               8.7 FASTST   M    M   1    MAX(MPH)
                                 MISC ---->  # 56 330               # 76   30
================================================================================
NOTES:
# LAST OF SEVERAL OCCURRENCES

COLUMN 17 PEAK WIND IN M.P.H.

PRELIMINARY LOCAL CLIMATOLOGICAL DATA (WS FORM: F-6) , PAGE 2

                                          STATION:  PHILIP SD
                                          MONTH:    AUGUST
                                          YEAR:     2015
                                          LATITUDE:   44  3 N
                                          LONGITUDE: 101 36 W

[TEMPERATURE DATA]      [PRECIPITATION DATA]       SYMBOLS USED IN COLUMN 16

AVERAGE MONTHLY: 70.8   TOTAL FOR MONTH:   2.73    1 = FOG OR MIST
DPTR FM NORMAL:  -3.5   DPTR FM NORMAL:    1.48    2 = FOG REDUCING VISIBILITY
HIGHEST:   103 ON 15    GRTST 24HR  1.29 ON 17-18      TO 1/4 MILE OR LESS
LOWEST:     39 ON 24                               3 = THUNDER
                        SNOW, ICE PELLETS, HAIL    4 = ICE PELLETS
                        TOTAL MONTH:    M          5 = HAIL
                        GRTST 24HR    M  ON   M    6 = FREEZING RAIN OR DRIZZLE
                        GRTST DEPTH:  M  ON   M    7 = DUSTSTORM OR SANDSTORM:
                                                       VSBY 1/2 MILE OR LESS
                                                   8 = SMOKE OR HAZE
[NO. OF DAYS WITH]      [WEATHER - DAYS WITH]      9 = BLOWING SNOW
                                                   X = TORNADO
MAX 32 OR BELOW:   0    0.01 INCH OR MORE:   8
MAX 90 OR ABOVE:   8    0.10 INCH OR MORE:   4
MIN 32 OR BELOW:   0    0.50 INCH OR MORE:   3
MIN  0 OR BELOW:   0    1.00 INCH OR MORE:   0

[HDD (BASE 65) ]
TOTAL THIS MO.    32    CLEAR  (SCALE 0-3)  23
DPTR FM NORMAL    26    PTCLDY (SCALE 4-7)   2
TOTAL FM JUL 1    32    CLOUDY (SCALE 8-10)  1
DPTR FM NORMAL    18

[CDD (BASE 65) ]
TOTAL THIS MO.   182
DPTR FM NORMAL   -65    [PRESSURE DATA]
TOTAL FM JAN 1   579    HIGHEST SLP M ON M
DPTR FM NORMAL  -123    LOWEST  SLP 29.20 ON 22

[REMARKS]
