000
CXUS53 KILX 290900
CF6PIA
PRELIMINARY LOCAL CLIMATOLOGICAL DATA (WS FORM: F-6)

                                          STATION:   PEORIA IL
                                          MONTH:     JULY
                                          YEAR:      2014
                                          LATITUDE:   40 40 N
                                          LONGITUDE:  89 41 W

  TEMPERATURE IN F:       :PCPN:    SNOW:  WIND      :SUNSHINE: SKY     :PK WND
================================================================================
1   2   3   4   5  6A  6B    7    8   9   10  11  12  13   14  15   16   17  18
                                     12Z  AVG MX 2MIN
DY MAX MIN AVG DEP HDD CDD  WTR  SNW DPTH SPD SPD DIR MIN PSBL S-S WX    SPD DR
================================================================================

 1  84  67  76   1   0  11 0.12  0.0    0  9.3 18 260   M    M   2 18     26 250
 2  69  61  65 -11   0   0 0.01  0.0    0  5.9 14 320   M    M   7        21 300
 3  78  59  69  -7   0   4 0.00  0.0    0  4.4 13 310   M    M   4        17 300
 4  79  56  68  -8   0   3 0.00  0.0    0  3.0 13 170   M    M   2        15 110
 5  77  59  68  -8   0   3 0.37  0.0    0  6.3 17 180   M    M   5 1      22 180
 6  86  66  76   0   0  11 0.05  0.0    0 10.2 20 230   M    M   3 3      24 230
 7  89  74  82   6   0  17 0.01  0.0    0  7.7 17 230   M    M   3 3      21 220
 8  82  68  75  -1   0  10 0.17  0.0    0 11.5 26 190   M    M   3 13     35 200
 9  81  63  72  -4   0   7 0.00  0.0    0  5.4 13 320   M    M   1        18 330
10  83  60  72  -4   0   7 0.00  0.0    0  3.5  9 170   M    M   2        13 190
11  84  63  74  -2   0   9    T  0.0    0  7.7 17 170   M    M   1        21 170
12  90  74  82   6   0  17 0.04  0.0    0  9.2 23 240   M    M   3 38     31 250
13  86  71  79   3   0  14 0.33  0.0    0  5.0 17 300   M    M   2 13     26 300
14  82  60  71  -5   0   6 0.05  0.0    0  6.3 16 310   M    M   2 138    24 320
15  70  55  63 -13   2   0 0.00  0.0    0  7.0 15 320   M    M   4        23 300
16  77  55  66 -10   0   1 0.00  0.0    0  2.9 10 300   M    M   2        14 300
17  80  57  69  -7   0   4 0.00  0.0    0  3.4 10 220   M    M   2        14 260
18  81  60  71  -5   0   6 0.00  0.0    0  3.3 14 150   M    M   1        17 140
19  83  59  71  -5   0   6 0.00  0.0    0  1.4  8 190   M    M   1 1      12 180
20  82  61  72  -4   0   7 0.00  0.0    0  4.9 12 190   M    M   1 1      15 190
21  87  66  77   1   0  12 0.00  0.0    0  7.0 15 200   M    M   1        23 310
22  91  69  80   4   0  15 0.00  0.0    0  8.7 18 220   M    M   1 8      27 280
23  82  64  73  -2   0   8 0.00  0.0    0  9.4 21  40   M    M   2 8      27  30
24  81  58  70  -5   0   5 0.00  0.0    0  5.5 16  60   M    M   0        19  80
25  75  63  69  -6   0   4 0.34  0.0    0  7.5 25 210   M    M   6 138    35 200
26  83  69  76   1   0  11 0.00  0.0    0  6.2 15 180   M    M   6 18     21 170
27  86  67  77   2   0  12    T  0.0    0  9.8 22 290   M    M   4 128    34 310
28  76  58  67  -8   0   2 0.00  0.0    0  5.9 15 350   M    M   2        24  20
================================================================================
SM 2284 1762         2 212  1.49     0.0 178.3          M       73
================================================================================
AV 81.6 62.9                               6.4 FASTST   M    M   3    MAX(MPH)
                                 MISC ---->  # 26 190               # 35  200
================================================================================
NOTES:
# LAST OF SEVERAL OCCURRENCES

COLUMN 17 PEAK WIND IN M.P.H.

PRELIMINARY LOCAL CLIMATOLOGICAL DATA (WS FORM: F-6) , PAGE 2

                                          STATION:  PEORIA IL
                                          MONTH:    JULY
                                          YEAR:     2014
                                          LATITUDE:   40 40 N
                                          LONGITUDE:  89 41 W

[TEMPERATURE DATA]      [PRECIPITATION DATA]       SYMBOLS USED IN COLUMN 16

AVERAGE MONTHLY: 72.2   TOTAL FOR MONTH:   1.49    1 = FOG OR MIST
DPTR FM NORMAL:  -3.5   DPTR FM NORMAL:   -2.00    2 = FOG REDUCING VISIBILITY
HIGHEST:    91 ON 22    GRTST 24HR  0.42 ON  5- 6      TO 1/4 MILE OR LESS
LOWEST:     55 ON 16,15                            3 = THUNDER
                        SNOW, ICE PELLETS, HAIL    4 = ICE PELLETS
                        TOTAL MONTH:   0.0 INCH    5 = HAIL
                        GRTST 24HR     0.0         6 = FREEZING RAIN OR DRIZZLE
                        GRTST DEPTH:   0           7 = DUSTSTORM OR SANDSTORM:
                                                       VSBY 1/2 MILE OR LESS
                                                   8 = SMOKE OR HAZE
[NO. OF DAYS WITH]      [WEATHER - DAYS WITH]      9 = BLOWING SNOW
                                                   X = TORNADO
MAX 32 OR BELOW:   0    0.01 INCH OR MORE:  10
MAX 90 OR ABOVE:   2    0.10 INCH OR MORE:   5
MIN 32 OR BELOW:   0    0.50 INCH OR MORE:   0
MIN  0 OR BELOW:   0    1.00 INCH OR MORE:   0

[HDD (BASE 65) ]
TOTAL THIS MO.     2    CLEAR  (SCALE 0-3)  20
DPTR FM NORMAL     2    PTCLDY (SCALE 4-7)   8
TOTAL FM JUL 1     2    CLOUDY (SCALE 8-10)  0
DPTR FM NORMAL     2

[CDD (BASE 65) ]
TOTAL THIS MO.   212
DPTR FM NORMAL   -87    [PRESSURE DATA]
TOTAL FM JAN 1   662    HIGHEST SLP M ON M
DPTR FM NORMAL    60    LOWEST  SLP 29.63 ON  8

[REMARKS]
