000
CXUS55 KPIH 221200
CF6PIH

PRELIMINARY LOCAL CLIMATOLOGICAL DATA (WS FORM: F-6)

                                          STATION:   POCATELLO ID
                                          MONTH:     OCTOBER
                                          YEAR:      2017
                                          LATITUDE:   42 55 N
                                          LONGITUDE: 112 36 W

  TEMPERATURE IN F:       :PCPN:    SNOW:  WIND      :SUNSHINE: SKY     :PK WND
================================================================================
1   2   3   4   5  6A  6B    7    8   9   10  11  12  13   14  15   16   17  18
                                     12Z  AVG MX 2MIN
DY MAX MIN AVG DEP HDD CDD  WTR  SNW DPTH SPD SPD DIR MIN PSBL S-S WX    SPD DR
================================================================================

 1  48  34  41 -12  24   0 0.08  0.0    0 10.1 25 250   M    M   6 1      29 250
 2  47  30  39 -13  26   0 0.28    T    0  7.3 20 310   M    M   7 1      23 270
 3  56  25  41 -11  24   0 0.00  0.0    0 10.1 24  30   M    M   1        29  30
 4  52  31  42  -9  23   0 0.01  0.0    0 10.8 28 230   M    M   6        32 230
 5  58  25  42  -9  23   0 0.00  0.0    0  4.3 12  10   M    M   3 18     15  30
 6  62  36  49  -2  16   0 0.00  0.0    0 13.8 25 240   M    M   1 18     30 240
 7  68  48  58   8   7   0 0.00  0.0    0 20.2 37 240   M    M   0        46 260
 8  51  32  42  -8  23   0 0.03    T    0 11.1 33 220   M    M   6 13     42 220
 9  52  23  38 -12  27   0 0.00  0.0    0  4.0 12 300   M    M   0        15 310
10  61  24  43  -6  22   0 0.00  0.0    0  8.9 23 170   M    M   0        29 190
11  64  30  47  -2  18   0 0.00  0.0    0 10.9 22 220   M    M   0 8      27 180
12  49  29  39  -9  26   0 0.00  0.0    0 14.1 26 230   M    M   1        32 230
13  55  26  41  -7  24   0 0.06    T    0 13.5 28 270   M    M   5        34 280
14  45  27  36 -12  29   0 0.03  0.1    T 13.9 28 240   M    M   5 1      36 230
15  57  22  40  -7  25   0 0.00  0.0    0  4.3 12  40   M    M   0        13  30
16  62  21  42  -5  23   0 0.00  0.0    0  3.4  9 320   M    M   0 8      12 320
17  68  23  46  -1  19   0 0.00  0.0    0  6.5 18 190   M    M   0 8      22 190
18  71  34  53   7  12   0 0.00  0.0    0  5.8 17 200   M    M   0        19 200
19  75  29  52   6  13   0 0.00  0.0    0 11.3 31 170   M    M   0        40 180
20  65  37  51   5  14   0    T  0.0    0 26.3 49 240   M    M   4 78     56 240
21  48  31  40  -5  25   0    T  0.0    0 14.3 26 250   M    M   4        32 220
================================================================================
SM 1214  617       443   0  0.49     0.1 224.9          M       49
================================================================================
AV 57.8 29.4                              10.7 FASTST   M    M   2    MAX(MPH)
                                 MISC ---->  # 49 240               # 56  240
================================================================================
NOTES:
# LAST OF SEVERAL OCCURRENCES
SNOWFALL/DEPTH ALWAYS AUGMENTED BY WFO POCATELLO

COLUMN 17 PEAK WIND IN M.P.H.

PRELIMINARY LOCAL CLIMATOLOGICAL DATA (WS FORM: F-6) , PAGE 2

                                          STATION:  POCATELLO ID
                                          MONTH:    OCTOBER
                                          YEAR:     2017
                                          LATITUDE:   42 55 N
                                          LONGITUDE: 112 36 W

[TEMPERATURE DATA]      [PRECIPITATION DATA]       SYMBOLS USED IN COLUMN 16

AVERAGE MONTHLY: 43.6   TOTAL FOR MONTH:   0.49    1 = FOG OR MIST
DPTR FM NORMAL:  -5.3   DPTR FM NORMAL:   -0.10    2 = FOG REDUCING VISIBILITY
HIGHEST:    75 ON 19    GRTST 24HR  0.28 ON  2- 2      TO 1/4 MILE OR LESS
LOWEST:     21 ON 16                               3 = THUNDER
                        SNOW, ICE PELLETS, HAIL    4 = ICE PELLETS
                        TOTAL MONTH:   0.1 INCH    5 = HAIL
                        GRTST 24HR   0.1 ON 14-14  6 = FREEZING RAIN OR DRIZZLE
                        GRTST DEPTH:   T           7 = DUSTSTORM OR SANDSTORM:
                                                       VSBY 1/2 MILE OR LESS
                                                   8 = SMOKE OR HAZE
[NO. OF DAYS WITH]      [WEATHER - DAYS WITH]      9 = BLOWING SNOW
                                                   X = TORNADO
MAX 32 OR BELOW:   0    0.01 INCH OR MORE:   6
MAX 90 OR ABOVE:   0    0.10 INCH OR MORE:   1
MIN 32 OR BELOW:  16    0.50 INCH OR MORE:   0
MIN  0 OR BELOW:   0    1.00 INCH OR MORE:   0

[HDD (BASE 65) ]
TOTAL THIS MO.   443    CLEAR  (SCALE 0-3)  13
DPTR FM NORMAL   104    PTCLDY (SCALE 4-7)   8
TOTAL FM JUL 1   690    CLOUDY (SCALE 8-10)  0
DPTR FM NORMAL   102

[CDD (BASE 65) ]
TOTAL THIS MO.     0
DPTR FM NORMAL     0    [PRESSURE DATA]
TOTAL FM JAN 1   575    HIGHEST SLP M ON M
DPTR FM NORMAL   183    LOWEST  SLP 29.35 ON 20

[REMARKS]
