000
CXUS55 KABR 271400
CF6PIR
PRELIMINARY LOCAL CLIMATOLOGICAL DATA (WS FORM: F-6)

                                          STATION:   PIERRE SD
                                          MONTH:     JULY
                                          YEAR:      2015
                                          LATITUDE:   44 22 N
                                          LONGITUDE: 100 17 W

  TEMPERATURE IN F:       :PCPN:    SNOW:  WIND      :SUNSHINE: SKY     :PK WND
================================================================================
1   2   3   4   5  6A  6B    7    8   9   10  11  12  13   14  15   16   17  18
                                     12Z  AVG MX 2MIN
DY MAX MIN AVG DEP HDD CDD  WTR  SNW DPTH SPD SPD DIR MIN PSBL S-S WX    SPD DR
================================================================================

 1  83  61  72  -1   0   7 0.00  0.0    0  5.4 12  30   M    M   4 1      14  50
 2  79  61  70  -3   0   5 0.82  0.0    0  6.2 20  80   M    M   5 1238   23  80
 3  82  60  71  -2   0   6 0.00  0.0    0  3.4  9 160   M    M   1 128    14 160
 4  90  63  77   3   0  12 0.00  0.0    0 11.5 21 150   M    M   1 18     26 150
 5  87  64  76   2   0  11 0.08  0.0    0 11.7 35 360   M    M   1 1      43  10
 6  76  56  66  -8   0   1 0.02  0.0    0 11.7 22  10   M    M   4 18     26 330
 7  75  51  63 -11   2   0 0.00  0.0    0 12.1 20 140   M    M   2 1      26 150
 8  80  57  69  -6   0   4 0.00  0.0    0  8.5 16 360   M    M   3        21 150
 9  83  54  69  -6   0   4 0.00  0.0    0  7.1 16 140   M    M   1        20 180
10  87  63  75   0   0  10    T  0.0    0 14.1 29 160   M    M   3        36 170
11  94  65  80   5   0  15 0.00  0.0    0 10.3 20 230   M    M   0        24 230
12  96  69  83   8   0  18    T  0.0    0 10.4 28 240   M    M   0 3      37 250
13  94  63  79   4   0  14 0.00  0.0    0 11.1 22 290   M    M   0        28 290
14  91  60  76   0   0  11 0.00  0.0    0  4.8 12  30   M    M   0        17 360
15  85  66  76   0   0  11 0.00  0.0    0  8.5 17 160   M    M   0 3      22 160
16  89  65  77   1   0  12 0.00  0.0    0  8.4 21 320   M    M   1 1      26 320
17  90  58  74  -2   0   9 0.00  0.0    0  7.3 18 360   M    M   0        22 310
18  82  60  71  -5   0   6 0.00  0.0    0 11.5 29 300   M    M   1        34 300
19  91  60  76   0   0  11 0.23  0.0    0  7.9 35 280   M    M   2 3      45 300
20  83  59  71  -5   0   6 0.00  0.0    0 11.5 24 350   M    M   0 3      30 330
21  87  54  71  -5   0   6 0.64  0.0    0  9.9 33 180   M    M   3 13     43 190
22  88  67  78   2   0  13    T  0.0    0 13.3 26 170   M    M   3        31 160
23  98  66  82   6   0  17 0.00  0.0    0 11.5 22 190   M    M   0        27 190
24  92  65  79   3   0  14    T  0.0    0  8.5 17 320   M    M   0        25 340
25  91  64  78   2   0  13 0.04  0.0    0 11.8 25  90   M    M   3        31  70
26  91  54  73  -3   0   8 0.00  0.0    0  9.5 21 110   M    M   0 1      25 110
================================================================================
SM 2264 1585         2 244  1.83     0.0 247.9          M       38
================================================================================
AV 87.1 61.0                               9.5 FASTST   M    M   1    MAX(MPH)
                                 MISC ---->  # 35 360               # 45  300
================================================================================
NOTES:
# LAST OF SEVERAL OCCURRENCES

COLUMN 17 PEAK WIND IN M.P.H.

PRELIMINARY LOCAL CLIMATOLOGICAL DATA (WS FORM: F-6) , PAGE 2

                                          STATION:  PIERRE SD
                                          MONTH:    JULY
                                          YEAR:     2015
                                          LATITUDE:   44 22 N
                                          LONGITUDE: 100 17 W

[TEMPERATURE DATA]      [PRECIPITATION DATA]       SYMBOLS USED IN COLUMN 16

AVERAGE MONTHLY: 74.0   TOTAL FOR MONTH:   1.83    1 = FOG OR MIST
DPTR FM NORMAL:  -1.1   DPTR FM NORMAL:   -0.36    2 = FOG REDUCING VISIBILITY
HIGHEST:    98 ON 23    GRTST 24HR  0.82 ON  2- 2      TO 1/4 MILE OR LESS
LOWEST:     51 ON  7                               3 = THUNDER
                        SNOW, ICE PELLETS, HAIL    4 = ICE PELLETS
                        TOTAL MONTH:   0.0 INCH    5 = HAIL
                        GRTST 24HR     0.0         6 = FREEZING RAIN OR DRIZZLE
                        GRTST DEPTH:   0           7 = DUSTSTORM OR SANDSTORM:
                                                       VSBY 1/2 MILE OR LESS
                                                   8 = SMOKE OR HAZE
[NO. OF DAYS WITH]      [WEATHER - DAYS WITH]      9 = BLOWING SNOW
                                                   X = TORNADO
MAX 32 OR BELOW:   0    0.01 INCH OR MORE:   6
MAX 90 OR ABOVE:  11    0.10 INCH OR MORE:   3
MIN 32 OR BELOW:   0    0.50 INCH OR MORE:   2
MIN  0 OR BELOW:   0    1.00 INCH OR MORE:   0

[HDD (BASE 65) ]
TOTAL THIS MO.     2    CLEAR  (SCALE 0-3)  22
DPTR FM NORMAL     2    PTCLDY (SCALE 4-7)   4
TOTAL FM JUL 1     2    CLOUDY (SCALE 8-10)  0
DPTR FM NORMAL     2

[CDD (BASE 65) ]
TOTAL THIS MO.   244
DPTR FM NORMAL   -23    [PRESSURE DATA]
TOTAL FM JAN 1   393    HIGHEST SLP M ON M
DPTR FM NORMAL   -40    LOWEST  SLP 29.57 ON 17

[REMARKS]
