000
CXUS55 KABR 231400
CF6PIR
PRELIMINARY LOCAL CLIMATOLOGICAL DATA (WS FORM: F-6)

                                          STATION:   PIERRE SD
                                          MONTH:     FEBRUARY
                                          YEAR:      2017
                                          LATITUDE:   44 22 N
                                          LONGITUDE: 100 17 W

  TEMPERATURE IN F:       :PCPN:    SNOW:  WIND      :SUNSHINE: SKY     :PK WND
================================================================================
1   2   3   4   5  6A  6B    7    8   9   10  11  12  13   14  15   16   17  18
                                     12Z  AVG MX 2MIN
DY MAX MIN AVG DEP HDD CDD  WTR  SNW DPTH SPD SPD DIR MIN PSBL S-S WX    SPD DR
================================================================================

 1  25  11  18  -3  47   0    T    T    8 11.8 20 330   M    M   8        24 320
 2  16   6  11 -10  54   0 0.00  0.0    8  9.1 15 320   M    M   5        18 270
 3  22   3  13  -9  52   0 0.00  0.0    8 13.7 26 160   M    M   0        31 160
 4  25  13  19  -3  46   0    T    T    8 13.9 31 330   M    M   2 1      34 330
 5  23   2  13  -9  52   0 0.00  0.0    8  9.9 22 130   M    M   1        26 140
 6  19  12  16  -6  49   0 0.00  0.0    8 10.3 18  30   M    M   5 1      21  20
 7  14   6  10 -12  55   0 0.01  0.2    8 14.6 25 330   M    M   7 1      31 340
 8  12   2   7 -15  58   0    T    T    8  9.1 16 300   M    M   6        19 300
 9  28   3  16  -7  49   0 0.00  0.0    8 13.5 30 160   M    M   4        36 160
10  47  23  35  12  30   0    T  0.0    8  6.6 17 250   M    M   4        20 250
11  44  34  39  16  26   0 0.04  0.0    5 11.4 35 310   M    M   8 1      41 310
12  42  27  35  12  30   0 0.00  0.0    5 11.0 32 320   M    M   0        39 320
13  43  26  35  11  30   0 0.00  0.0    5 12.4 22 320   M    M   0        26 320
14  42  27  35  11  30   0 0.00  0.0    2 11.5 21 320   M    M   0        31 300
15  56  25  41  17  24   0 0.00  0.0    1  4.8 13 200   M    M   0        16 190
16  63  33  48  24  17   0 0.00  0.0    T  6.5 14 250   M    M   0        16 260
17  57  28  43  18  22   0 0.00  0.0    T 11.8 28 310   M    M   0        33 310
18  61  29  45  20  20   0 0.00  0.0    0  9.2 18 160   M    M   0        23 160
19  67  38  53  28  12   0 0.00  0.0    0 11.5 22 170   M    M   0        26 160
20  60  34  47  21  18   0 0.11  0.0    0 12.0 30 320   M    M   2 1      37 310
21  70  32  51  25  14   0    T  0.0    0  7.7 25 330   M    M   1 3      31 300
22  55  32  44  18  21   0    T  0.0    0 15.0 30 350   M    M   4        36 350
================================================================================
SM  891  446       756   0  0.16     0.2 237.3          M       57
================================================================================
AV 40.5 20.3                              10.8 FASTST   M    M   3    MAX(MPH)
                                 MISC ---->  # 35 310               # 41  310
================================================================================
NOTES:
# LAST OF SEVERAL OCCURRENCES

COLUMN 17 PEAK WIND IN M.P.H.

PRELIMINARY LOCAL CLIMATOLOGICAL DATA (WS FORM: F-6) , PAGE 2

                                          STATION:  PIERRE SD
                                          MONTH:    FEBRUARY
                                          YEAR:     2017
                                          LATITUDE:   44 22 N
                                          LONGITUDE: 100 17 W

[TEMPERATURE DATA]      [PRECIPITATION DATA]       SYMBOLS USED IN COLUMN 16

AVERAGE MONTHLY: 30.4   TOTAL FOR MONTH:   0.16    1 = FOG OR MIST
DPTR FM NORMAL:   7.0   DPTR FM NORMAL:   -0.27    2 = FOG REDUCING VISIBILITY
HIGHEST:    70 ON 21    GRTST 24HR  0.11 ON 20-20      TO 1/4 MILE OR LESS
LOWEST:      2 ON  8, 5                            3 = THUNDER
                        SNOW, ICE PELLETS, HAIL    4 = ICE PELLETS
                        TOTAL MONTH:   0.2 INCH    5 = HAIL
                        GRTST 24HR   0.2 ON   M    6 = FREEZING RAIN OR DRIZZLE
                        GRTST DEPTH:   8 ON 10, 9  7 = DUSTSTORM OR SANDSTORM:
                                                       VSBY 1/2 MILE OR LESS
                                                   8 = SMOKE OR HAZE
[NO. OF DAYS WITH]      [WEATHER - DAYS WITH]      9 = BLOWING SNOW
                                                   X = TORNADO
MAX 32 OR BELOW:   9    0.01 INCH OR MORE:   3
MAX 90 OR ABOVE:   0    0.10 INCH OR MORE:   1
MIN 32 OR BELOW:  18    0.50 INCH OR MORE:   0
MIN  0 OR BELOW:   0    1.00 INCH OR MORE:   0

[HDD (BASE 65) ]
TOTAL THIS MO.   756    CLEAR  (SCALE 0-3)  13
DPTR FM NORMAL  -158    PTCLDY (SCALE 4-7)   9
TOTAL FM JUL 1  4944    CLOUDY (SCALE 8-10)  0
DPTR FM NORMAL  -330

[CDD (BASE 65) ]
TOTAL THIS MO.     0
DPTR FM NORMAL     0    [PRESSURE DATA]
TOTAL FM JAN 1     0    HIGHEST SLP M ON M
DPTR FM NORMAL     0    LOWEST  SLP 29.40 ON 17

[REMARKS]
