000
CXUS51 KPBZ 280804
CF6PIT
PRELIMINARY LOCAL CLIMATOLOGICAL DATA (WS FORM: F-6)

                                          STATION:   PITTSBURGH PA
                                          MONTH:     SEPTEMBER
                                          YEAR:      2016
                                          LATITUDE:   40 30 N
                                          LONGITUDE:  80 13 W

  TEMPERATURE IN F:       :PCPN:    SNOW:  WIND      :SUNSHINE: SKY     :PK WND
================================================================================
1   2   3   4   5  6A  6B    7    8   9   10  11  12  13   14  15   16   17  18
                                     12Z  AVG MX 2MIN
DY MAX MIN AVG DEP HDD CDD  WTR  SNW DPTH SPD SPD DIR MIN PSBL S-S WX    SPD DR
================================================================================

 1  79  62  71   2   0   6 0.00  0.0    0 11.1 22 350   M    M   5 1      24 350
 2  77  57  67  -2   0   2 0.00  0.0    0  7.7 18  50   M    M   3        23  50
 3  79  57  68  -1   0   3 0.00  0.0    0  5.6 13  30   M    M   2        18  40
 4  83  53  68   0   0   3 0.00  0.0    0  2.1 10 120   M    M   1        13  90
 5  86  56  71   3   0   6 0.00  0.0    0  1.8 12 310   M    M   1        15 300
 6  88  62  75   7   0  10    T  0.0    0  4.9 23 290   M    M   4        27 290
 7  87  71  79  11   0  14 0.19  0.0    0  6.6 23 240   M    M   5 1      32 240
 8  88  73  81  14   0  16 0.05  0.0    0  9.0 22 210   M    M   8 1      29 230
 9  80  71  76   9   0  11 0.65  0.0    0  3.7  9 270   M    M   9 1      11 270
10  89  67  78  12   0  13 0.13  0.0    0  9.9 38 300   M    M   6 1      45 300
11  75  59  67   1   0   2    T  0.0    0  7.0 16 300   M    M   4        20 290
12  79  51  65  -1   0   0 0.00  0.0    0  2.4  9 130   M    M   1        15  40
13  83  58  71   6   0   6 0.00  0.0    0  3.8 14 280   M    M   2        19 230
14  81  58  70   5   0   5 0.05  0.0    0  5.8 29 360   M    M   5 13     35 340
15  75  56  66   1   0   1 0.00  0.0    0  6.6 12  50   M    M   5 8      15  50
16  82  54  68   4   0   3 0.00  0.0    0  5.2 14 120   M    M   5        16 130
17  81  65  73   9   0   8 0.06  0.0    0  7.1 17 210   M    M   8 1      25 210
18  75  68  72   9   0   7 0.01  0.0    0  4.7 15 210   M    M  10 1      20 210
19  83  62  73  10   0   8 0.00  0.0    0  3.0 12  40   M    M   6 1      15  50
20  86  58  72  10   0   7 0.00  0.0    0  2.2  9  40   M    M   1        11  40
21  86  57  72  10   0   7 0.00  0.0    0  2.6 12 330   M    M   1        20 340
22  87  58  73  11   0   8 0.00  0.0    0  2.0 10 140   M    M   1        13 140
23  88  59  74  13   0   9 0.00  0.0    0  4.4 14 280   M    M   4        18 320
24  75  57  66   5   0   1 0.00  0.0    0  8.2 14  10   M    M   6        18  10
25  76  50  63   3   2   0 0.00  0.0    0  3.9  8  40   M    M   4        13  50
26  78  52  65   5   0   0 0.01  0.0    0  5.4 22 300   M    M   6 1      25 310
27  72  52  62   2   3   0 0.00  0.0    0  7.3 21 210   M    M   2        30 220
================================================================================
SM 2198 1603         5 156  1.15     0.0 144.0          M      115
================================================================================
AV 81.4 59.4                               5.3 FASTST   M    M   4    MAX(MPH)
                                 MISC ---->  # 38 300               # 45  300
================================================================================
NOTES:
# LAST OF SEVERAL OCCURRENCES

COLUMN 17 PEAK WIND IN M.P.H.

PRELIMINARY LOCAL CLIMATOLOGICAL DATA (WS FORM: F-6) , PAGE 2

                                          STATION:  PITTSBURGH PA
                                          MONTH:    SEPTEMBER
                                          YEAR:     2016
                                          LATITUDE:   40 30 N
                                          LONGITUDE:  80 13 W

[TEMPERATURE DATA]      [PRECIPITATION DATA]       SYMBOLS USED IN COLUMN 16

AVERAGE MONTHLY: 70.4   TOTAL FOR MONTH:   1.15    1 = FOG OR MIST
DPTR FM NORMAL:   5.6   DPTR FM NORMAL:   -1.69    2 = FOG REDUCING VISIBILITY
HIGHEST:    89 ON 10    GRTST 24HR  0.70 ON  8- 9      TO 1/4 MILE OR LESS
LOWEST:     50 ON 25                               3 = THUNDER
                        SNOW, ICE PELLETS, HAIL    4 = ICE PELLETS
                        TOTAL MONTH:   0.0 INCH    5 = HAIL
                        GRTST 24HR     0.0         6 = FREEZING RAIN OR DRIZZLE
                        GRTST DEPTH:   0           7 = DUSTSTORM OR SANDSTORM:
                                                       VSBY 1/2 MILE OR LESS
                                                   8 = SMOKE OR HAZE
[NO. OF DAYS WITH]      [WEATHER - DAYS WITH]      9 = BLOWING SNOW
                                                   X = TORNADO
MAX 32 OR BELOW:   0    0.01 INCH OR MORE:   8
MAX 90 OR ABOVE:   0    0.10 INCH OR MORE:   3
MIN 32 OR BELOW:   0    0.50 INCH OR MORE:   1
MIN  0 OR BELOW:   0    1.00 INCH OR MORE:   0

[HDD (BASE 65) ]
TOTAL THIS MO.     5    CLEAR  (SCALE 0-3)  10
DPTR FM NORMAL   -75    PTCLDY (SCALE 4-7)  13
TOTAL FM JUL 1     6    CLOUDY (SCALE 8-10)  4
DPTR FM NORMAL   -87

[CDD (BASE 65) ]
TOTAL THIS MO.   156
DPTR FM NORMAL    84    [PRESSURE DATA]
TOTAL FM JAN 1  1131    HIGHEST SLP M ON M
DPTR FM NORMAL   407    LOWEST  SLP 29.83 ON 10

[REMARKS]
