000
CXUS52 KMFL 201000
CF6PMP
PRELIMINARY LOCAL CLIMATOLOGICAL DATA (WS FORM: F-6)

                                          STATION:   POMPANO BEACH ARPK
                                          MONTH:     AUGUST
                                          YEAR:      2017
                                          LATITUDE:   26 14 N
                                          LONGITUDE:  80  7 W

  TEMPERATURE IN F:       :PCPN:    SNOW:  WIND      :SUNSHINE: SKY     :PK WND
================================================================================
1   2   3   4   5  6A  6B    7    8   9   10  11  12  13   14  15   16   17  18
                                     12Z  AVG MX 2MIN
DY MAX MIN AVG DEP HDD CDD  WTR  SNW DPTH SPD SPD DIR MIN PSBL S-S WX    SPD DR
================================================================================

 1  91  76  84   0   0  19 0.01  0.0    0  9.3 32 240   M    M   5 138    40 240
 2  90  74  82  -2   0  17 0.00  0.0    0  6.2 17 130   M    M   1 3      22 140
 3  91  84  88   4   0  23 0.00  0.0    0  9.4 18 130   M    M   2        23 140
 4  92  84  88   4   0  23 0.00  0.0    0 10.7 20 130   M    M   3 8      23 120
 5  91  84  88   4   0  23 0.00  0.0    0 10.4 16 130   M    M   2        21 140
 6  91  83  87   3   0  22 0.07  0.0    0 12.8 21 100   M    M   3 8      27 110
 7  92  82  87   3   0  22 0.03  0.0    0 11.4 25 120   M    M   3 8      33 120
 8  92  83  88   4   0  23 0.01  0.0    0 10.9 18 120   M    M   2        23 120
 9  92  84  88   5   0  23 0.00  0.0    0 10.0 16 120   M    M   2        19 110
10  85  78  82  -1   0  17 1.53  0.0    0  6.6 18 160   M    M   8 13     22 150
11  89  78  84   1   0  19 0.32  0.0    0  4.4 15 330   M    M   6 13     18 230
12  91  77  84   1   0  19    T  0.0    0  5.9 15 120   M    M   3 3      17 100
13  91  78  85   2   0  20 0.00  0.0    0  5.9 15 130   M    M   2        19 110
14  92  79  86   3   0  21 0.00  0.0    0  5.4 15 320   M    M   2 3      20 150
15  92  80  86   3   0  21 0.00  0.0    0  4.8 14 140   M    M   2 3      17 130
16  92  80  86   3   0  21 0.00  0.0    0  5.5 14 110   M    M   0        20 120
17  92  80  86   3   0  21 0.00  0.0    0  6.1 15 100   M    M   2        19 120
18  92  82  87   4   0  22 0.00  0.0    0  6.9 16 130   M    M   1        21 100
19  92  81  87   4   0  22 0.00  0.0    0  9.1 18 130   M    M   2        23 140
================================================================================
SM 1730 1527         0 398  1.97     0.0 151.7          M       51
================================================================================
AV 91.1 80.4                               8.0 FASTST   M    M   3    MAX(MPH)
                                 MISC ---->  # 32 240               # 40  240
================================================================================
NOTES:
# LAST OF SEVERAL OCCURRENCES

COLUMN 17 PEAK WIND IN M.P.H.

PRELIMINARY LOCAL CLIMATOLOGICAL DATA (WS FORM: F-6) , PAGE 2

                                          STATION:  POMPANO BEACH ARPK
                                          MONTH:    AUGUST
                                          YEAR:     2017
                                          LATITUDE:   26 14 N
                                          LONGITUDE:  80  7 W

[TEMPERATURE DATA]      [PRECIPITATION DATA]       SYMBOLS USED IN COLUMN 16

AVERAGE MONTHLY: 85.7   TOTAL FOR MONTH:   1.97    1 = FOG OR MIST
DPTR FM NORMAL:   2.3   DPTR FM NORMAL:   -1.91    2 = FOG REDUCING VISIBILITY
HIGHEST:    92 ON 19,18 GRTST 24HR  1.53 ON 10-10      TO 1/4 MILE OR LESS
LOWEST:     74 ON  2                               3 = THUNDER
                        SNOW, ICE PELLETS, HAIL    4 = ICE PELLETS
                        TOTAL MONTH:   0.0 INCH    5 = HAIL
                        GRTST 24HR     0.0         6 = FREEZING RAIN OR DRIZZLE
                        GRTST DEPTH:   0           7 = DUSTSTORM OR SANDSTORM:
                                                       VSBY 1/2 MILE OR LESS
                                                   8 = SMOKE OR HAZE
[NO. OF DAYS WITH]      [WEATHER - DAYS WITH]      9 = BLOWING SNOW
                                                   X = TORNADO
MAX 32 OR BELOW:   0    0.01 INCH OR MORE:   6
MAX 90 OR ABOVE:  17    0.10 INCH OR MORE:   2
MIN 32 OR BELOW:   0    0.50 INCH OR MORE:   1
MIN  0 OR BELOW:   0    1.00 INCH OR MORE:   1

[HDD (BASE 65) ]
TOTAL THIS MO.     0    CLEAR  (SCALE 0-3)  16
DPTR FM NORMAL     0    PTCLDY (SCALE 4-7)   3
TOTAL FM JUL 1     0    CLOUDY (SCALE 8-10)  0
DPTR FM NORMAL     0

[CDD (BASE 65) ]
TOTAL THIS MO.   398
DPTR FM NORMAL    56    [PRESSURE DATA]
TOTAL FM JAN 1  3175    HIGHEST SLP M ON M
DPTR FM NORMAL   594    LOWEST  SLP 29.92 ON 19

[REMARKS]
