000
CXUS54 KMOB 291413
CF6PNS
PRELIMINARY LOCAL CLIMATOLOGICAL DATA (WS FORM: F-6)

                                          STATION:   PENSACOLA
                                          MONTH:     MAY
                                          YEAR:      2016
                                          LATITUDE:   30 28 N
                                          LONGITUDE:  87 12 W

  TEMPERATURE IN F:       :PCPN:    SNOW:  WIND      :SUNSHINE: SKY     :PK WND
================================================================================
1   2   3   4   5  6A  6B    7    8   9   10  11  12  13   14  15   16   17  18
                                     12Z  AVG MX 2MIN
DY MAX MIN AVG DEP HDD CDD  WTR  SNW DPTH SPD SPD DIR MIN PSBL S-S WX    SPD DR
================================================================================

 1  82  74  78   7   0  13 0.00  0.0    0  9.3 18 150   M    M   5        24 150
 2  84  70  77   6   0  12    T  0.0    0  7.3 18 190   M    M   6 3      23 190
 3  83  68  76   5   0  11 0.38  0.0    0  5.1 15 340   M    M   7 13     20 330
 4  77  61  69  -3   0   4 0.00  0.0    0 10.9 21 350   M    M   2        26 320
 5  79  59  69  -3   0   4 0.00  0.0    0 10.3 22 320   M    M   1        29 310
 6  78  54  66  -6   0   1 0.00  0.0    0  8.3 18 330   M    M   0        24  10
 7  81  55  68  -4   0   3 0.00  0.0    0  7.0 18 190   M    M   0        22 180
 8  81  61  71  -2   0   6 0.00  0.0    0  7.2 16 230   M    M   0        22 200
 9  82  69  76   3   0  11 0.00  0.0    0 11.8 22 120   M    M   4        30 130
10  82  70  76   3   0  11 0.03  0.0    0  9.4 20 160   M    M   4 3      25 170
11  83  72  78   5   0  13 0.00  0.0    0  8.2 15 140   M    M   1        20 140
12  85  70  78   4   0  13    T  0.0    0  6.4 16 190   M    M   2 123    21 170
13  89  70  80   6   0  15 0.01  0.0    0  6.6 15 330   M    M   4        18  40
14  88  65  77   3   0  12 0.00  0.0    0  6.7 16 320   M    M   0        20 360
15  87  66  77   3   0  12 0.00  0.0    0  7.4 13  20   M    M   0        18  10
16  83  67  75   0   0  10 0.00  0.0    0  7.7 18 120   M    M   0        22 130
17  84  74  79   4   0  14    T  0.0    0 10.2 18 160   M    M   8        22 170
18  86  74  80   5   0  15 0.16  0.0    0  7.7 18 170   M    M   6 3      23 170
19  87  72  80   4   0  15 0.00  0.0    0  7.7 16 170   M    M   5        22 170
20  79  69  74  -2   0   9 1.30  0.0    0 10.3 35 290   M    M   8 13     47 290
21  91  70  81   5   0  16    T  0.0    0  7.3 17 160   M    M   3        20 170
22  85  65  75  -1   0  10 0.00  0.0    0  7.0 15 330   M    M   1        18 350
23  84  59  72  -4   0   7 0.00  0.0    0  5.4 15 170   M    M   0        20 210
24  86  63  75  -2   0  10 0.00  0.0    0  5.4 14 170   M    M   0        19 160
25  86  65  76  -1   0  11 0.00  0.0    0  5.8 13 160   M    M   0        18 140
26  86  73  80   3   0  15 0.00  0.0    0  9.0 17 130   M    M   3        26 140
27  85  72  79   2   0  14 0.00  0.0    0  8.6 17 130   M    M   0        23 120
28  85  73  79   1   0  14 0.00  0.0    0  6.2 16 160   M    M   1        21 140
================================================================================
SM 2348 1880         0 301  1.88     0.0 220.2          M       71
================================================================================
AV 83.9 67.1                               7.9 FASTST   M    M   3    MAX(MPH)
                                 MISC ---->  # 35 290               # 47  290
================================================================================
NOTES:
# LAST OF SEVERAL OCCURRENCES

COLUMN 17 PEAK WIND IN M.P.H.

PRELIMINARY LOCAL CLIMATOLOGICAL DATA (WS FORM: F-6) , PAGE 2

                                          STATION:  PENSACOLA
                                          MONTH:    MAY
                                          YEAR:     2016
                                          LATITUDE:   30 28 N
                                          LONGITUDE:  87 12 W

[TEMPERATURE DATA]      [PRECIPITATION DATA]       SYMBOLS USED IN COLUMN 16

AVERAGE MONTHLY: 75.5   TOTAL FOR MONTH:   1.88    1 = FOG OR MIST
DPTR FM NORMAL:   1.2   DPTR FM NORMAL:   -1.85    2 = FOG REDUCING VISIBILITY
HIGHEST:    91 ON 21    GRTST 24HR  1.30 ON 19-20      TO 1/4 MILE OR LESS
LOWEST:     54 ON  6                               3 = THUNDER
                        SNOW, ICE PELLETS, HAIL    4 = ICE PELLETS
                        TOTAL MONTH:   0.0 INCH    5 = HAIL
                        GRTST 24HR     0.0         6 = FREEZING RAIN OR DRIZZLE
                        GRTST DEPTH:   0           7 = DUSTSTORM OR SANDSTORM:
                                                       VSBY 1/2 MILE OR LESS
                                                   8 = SMOKE OR HAZE
[NO. OF DAYS WITH]      [WEATHER - DAYS WITH]      9 = BLOWING SNOW
                                                   X = TORNADO
MAX 32 OR BELOW:   0    0.01 INCH OR MORE:   5
MAX 90 OR ABOVE:   1    0.10 INCH OR MORE:   3
MIN 32 OR BELOW:   0    0.50 INCH OR MORE:   1
MIN  0 OR BELOW:   0    1.00 INCH OR MORE:   1

[HDD (BASE 65) ]
TOTAL THIS MO.     0    CLEAR  (SCALE 0-3)  18
DPTR FM NORMAL     0    PTCLDY (SCALE 4-7)  10
TOTAL FM JUL 1   965    CLOUDY (SCALE 8-10)  0
DPTR FM NORMAL  -570

[CDD (BASE 65) ]
TOTAL THIS MO.   301
DPTR FM NORMAL    42    [PRESSURE DATA]
TOTAL FM JAN 1   546    HIGHEST SLP M ON M
DPTR FM NORMAL   139    LOWEST  SLP 29.81 ON M

[REMARKS]
