000
CXUS55 KPAH 270640
CF6POF
PRELIMINARY LOCAL CLIMATOLOGICAL DATA (WS FORM: F-6)

                                          STATION:   POPLAR BLUFF MO
                                          MONTH:     JANUARY
                                          YEAR:      2015
                                          LATITUDE:   36 46 N
                                          LONGITUDE:  90 19 W

  TEMPERATURE IN F:       :PCPN:    SNOW:  WIND      :SUNSHINE: SKY     :PK WND
================================================================================
1   2   3   4   5  6A  6B    7    8   9   10  11  12  13   14  15   16   17  18
                                     12Z  AVG MX 2MIN
DY MAX MIN AVG DEP HDD CDD  WTR  SNW DPTH SPD SPD DIR MIN PSBL S-S WX    SPD DR
================================================================================

 1  38  25  32  -3  33   0 0.01  0.0    0  5.7 14 210   M    M   9 1      16 210
 2  39  35  37   2  28   0 0.50  0.0    0  4.6 10  60   M    M  10 1      13  70
 3  52  39  46  11  19   0 3.84  0.0    0  6.2 21 120   M    M  10 13     29 120
 4  49  20  35   0  30   0    T    M    0 11.5 22 280   M    M   6        29 290
 5  27  17  22 -13  43   0 0.00  0.0    0  5.1 13 330   M    M   0        28  20
 6  38  24  31  -4  34   0 0.00  0.0    0  6.1 21 360   M    M   0        26 360
 7  30   9  20 -15  45   0 0.00  0.0    0 14.9 28 360   M    M   3        36 340
 8  25   5  15 -20  50   0 0.00  0.0    0 10.5 23 200   M    M   1        30 200
 9  31  13  22 -13  43   0 0.00  0.0    0  8.8 23 340   M    M   1        28 340
10  32   7  20 -15  45   0 0.00  0.0    0  4.8 12 170   M    M   3 8      18 160
11  35  30  33  -2  32   0 0.31    M    0  5.5 14 210   M    M  10 1      17 210
12  37  24  31  -4  34   0 0.35    M    0 12.6 23  10   M    M   8 1      30  10
13  29  20  25 -10  40   0 0.00  0.0    0  9.2 20  10   M    M   4        24  20
14  34  17  26  -9  39   0 0.00  0.0    0  1.8  8 130   M    M   3        10 140
15  38  29  34  -1  31   0 0.01    M    M  4.7 13 190   M    M   6 18     14 180
16  50  24  37   2  28   0 0.00  0.0    0  3.5 10 180   M    M   0 18     13 200
17  54  27  41   6  24   0 0.00  0.0    0  7.7 23 210   M    M   1        30 220
18  63  32  48  13  17   0 0.00  0.0    0  7.6 16 220   M    M   0        22 240
19  63  33  48  13  17   0 0.00  0.0    0  2.8 12 150   M    M   0 18     13 220
20  58  30  44   9  21   0 0.01    M    0  4.8 23 330   M    M   3 1      27 340
21  58  28  43   8  22   0 0.00  0.0    0  4.9 17 310   M    M   0 1      23 300
22  42  29  36   1  29   0 0.00  0.0    0  4.7 10  20   M    M   3        12  50
23  46  26  36   0  29   0 0.00  0.0    0  5.5 13 340   M    M   4        19 350
24  57  23  40   4  25   0 0.00  0.0    0  7.1 16 210   M    M   0        20 200
25  50  37  44   8  21   0 0.88    M    0 10.3 28 350   M    M   8 1      35 360
26  45  30  38   2  27   0 0.00  0.0    0  6.2 21 330   M    M   5 1      26 330
================================================================================
SM 1120  633       806   0  5.91     0.0 177.1          M       98
================================================================================
AV 43.1 24.3                               6.8 FASTST   M    M   4    MAX(MPH)
                                 MISC ---->  # 28 360               # 36  340
================================================================================
NOTES:
# LAST OF SEVERAL OCCURRENCES

COLUMN 17 PEAK WIND IN M.P.H.

PRELIMINARY LOCAL CLIMATOLOGICAL DATA (WS FORM: F-6) , PAGE 2

                                          STATION:  POPLAR BLUFF MO
                                          MONTH:    JANUARY
                                          YEAR:     2015
                                          LATITUDE:   36 46 N
                                          LONGITUDE:  90 19 W

[TEMPERATURE DATA]      [PRECIPITATION DATA]       SYMBOLS USED IN COLUMN 16

AVERAGE MONTHLY: 33.7   TOTAL FOR MONTH:   5.91    1 = FOG OR MIST
DPTR FM NORMAL:  -1.4   DPTR FM NORMAL:    2.84    2 = FOG REDUCING VISIBILITY
HIGHEST:    63 ON 19,18 GRTST 24HR  4.12 ON  2- 3      TO 1/4 MILE OR LESS
LOWEST:      5 ON  8                               3 = THUNDER
                        SNOW, ICE PELLETS, HAIL    4 = ICE PELLETS
                        TOTAL MONTH:   0.0 INCH    5 = HAIL
                        GRTST 24HR     0.0         6 = FREEZING RAIN OR DRIZZLE
                        GRTST DEPTH:   0           7 = DUSTSTORM OR SANDSTORM:
                                                       VSBY 1/2 MILE OR LESS
                                                   8 = SMOKE OR HAZE
[NO. OF DAYS WITH]      [WEATHER - DAYS WITH]      9 = BLOWING SNOW
                                                   X = TORNADO
MAX 32 OR BELOW:   6    0.01 INCH OR MORE:   8
MAX 90 OR ABOVE:   0    0.10 INCH OR MORE:   5
MIN 32 OR BELOW:  22    0.50 INCH OR MORE:   3
MIN  0 OR BELOW:   0    1.00 INCH OR MORE:   1

[HDD (BASE 65) ]
TOTAL THIS MO.   806    CLEAR  (SCALE 0-3)  13
DPTR FM NORMAL    29    PTCLDY (SCALE 4-7)   9
TOTAL FM JUL 1  2457    CLOUDY (SCALE 8-10)  4
DPTR FM NORMAL    39

[CDD (BASE 65) ]
TOTAL THIS MO.     0
DPTR FM NORMAL     0    [PRESSURE DATA]
TOTAL FM JAN 1     0    HIGHEST SLP M ON M
DPTR FM NORMAL     0    LOWEST  SLP 29.60 ON 25

[REMARKS]
