000
CXUS55 KPAH 300630
CF6POF
PRELIMINARY LOCAL CLIMATOLOGICAL DATA (WS FORM: F-6)

                                          STATION:   POPLAR BLUFF MO
                                          MONTH:     MARCH
                                          YEAR:      2015
                                          LATITUDE:   36 46 N
                                          LONGITUDE:  90 19 W

  TEMPERATURE IN F:       :PCPN:    SNOW:  WIND      :SUNSHINE: SKY     :PK WND
================================================================================
1   2   3   4   5  6A  6B    7    8   9   10  11  12  13   14  15   16   17  18
                                     12Z  AVG MX 2MIN
DY MAX MIN AVG DEP HDD CDD  WTR  SNW DPTH SPD SPD DIR MIN PSBL S-S WX    SPD DR
================================================================================

 1  39  30  35  -9  30   0 0.06    M    0  5.1 16  10   M    M  10 168    19  10
 2  37  28  33 -11  32   0 0.00  0.0    M  8.1 17  10   M    M   5        21  10
 3  45  33  39  -5  26   0 0.78    M    0  6.1 17 200   M    M  10 12     23 210
 4  44  20  32 -13  33   0 1.19    M    0 14.2 26  10   M    M  10 12368  32  20
 5  33  13  23 -22  42   0    T    M    M  8.3 17 330   M    M   2 18     22  10
 6  31   9  20 -25  45   0 0.00  0.0    0  5.1 15 210   M    M   0 18     19 200
 7  44  23  34 -12  31   0 0.00  0.0    0  8.5 20 210   M    M   0        23 210
 8  49  31  40  -6  25   0    T    M    M  5.0 16 220   M    M   3        20 220
 9  49  40  45  -1  20   0 0.36  0.0    0  3.4 10  50   M    M  10 12     13 200
10  55  45  50   4  15   0 0.58  0.0    0  5.5 13 330   M    M  10 1      16  80
11  66  42  54   7  11   0 0.00  0.0    0  3.6 13  70   M    M   3 12     16  80
12  64  42  53   6  12   0 0.23    M    0  7.5 14  60   M    M   4 1      19  90
13  62  54  58  11   7   0 2.32  0.0    0  6.5 15 140   M    M  10 1      18 140
14  60  49  55   7  10   0 0.38    M    0  7.0 15 350   M    M   5 1      19 340
15  67  40  54   6  11   0 0.00  0.0    0  2.8 10 220   M    M   0 18     13 210
16  72  43  58  10   7   0 0.00  0.0    0  7.7 18 210   M    M   0 8      26 200
17  63  46  55   6  10   0 0.00  0.0    0 11.8 23  10   M    M   0 18     30  10
18  46  40  43  -6  22   0 0.08  0.0    0 10.4 16  40   M    M   8        21  70
19  49  39  44  -5  21   0 0.05    M    0  5.5 14  50   M    M  10 18     17  40
20  56  44  50   0  15   0 0.07  0.0    0  3.9 13 340   M    M   6 1      15 330
21  64  38  51   1  14   0 0.00  0.0    0  3.8 14 200   M    M   3 12     16 200
22  63  44  54   4  11   0 0.00  0.0    0  3.2  8 360   M    M   0 18     10  30
23  71  39  55   5  10   0 0.00  0.0    0  6.0 16 200   M    M   1 18     21 210
24  69  42  56   5   9   0 0.00  0.0    0 11.1 22 160   M    M   1        28 160
25  76  48  62  11   3   0 1.15    M    0  7.7 25 290   M    M   3 123    38 300
26  53  37  45  -6  20   0 0.45    M    0  8.9 22  10   M    M   6 13     28  10
27  46  35  41 -11  24   0 0.00  0.0    0  8.8 22 350   M    M   5        28 340
28  46  31  39 -13  26   0 0.00  0.0    0  3.6 13 120   M    M   5 1      14 120
29  59  30  45  -7  20   0 0.00  0.0    0  7.1 22 210   M    M   2 1      25 180
================================================================================
SM 1578 1055       562   0  7.70     0.0 196.2          M      132
================================================================================
AV 54.4 36.4                               6.8 FASTST   M    M   5    MAX(MPH)
                                 MISC ---->  # 26  10               # 38  300
================================================================================
NOTES:
# LAST OF SEVERAL OCCURRENCES

COLUMN 17 PEAK WIND IN M.P.H.

PRELIMINARY LOCAL CLIMATOLOGICAL DATA (WS FORM: F-6) , PAGE 2

                                          STATION:  POPLAR BLUFF MO
                                          MONTH:    MARCH
                                          YEAR:     2015
                                          LATITUDE:   36 46 N
                                          LONGITUDE:  90 19 W

[TEMPERATURE DATA]      [PRECIPITATION DATA]       SYMBOLS USED IN COLUMN 16

AVERAGE MONTHLY: 45.4   TOTAL FOR MONTH:   7.70    1 = FOG OR MIST
DPTR FM NORMAL:  -2.6   DPTR FM NORMAL:    3.64    2 = FOG REDUCING VISIBILITY
HIGHEST:    76 ON 25    GRTST 24HR  2.32 ON 13-13      TO 1/4 MILE OR LESS
LOWEST:      9 ON  6                               3 = THUNDER
                        SNOW, ICE PELLETS, HAIL    4 = ICE PELLETS
                        TOTAL MONTH:   0.0 INCH    5 = HAIL
                        GRTST 24HR     0.0         6 = FREEZING RAIN OR DRIZZLE
                        GRTST DEPTH:   0           7 = DUSTSTORM OR SANDSTORM:
                                                       VSBY 1/2 MILE OR LESS
                                                   8 = SMOKE OR HAZE
[NO. OF DAYS WITH]      [WEATHER - DAYS WITH]      9 = BLOWING SNOW
                                                   X = TORNADO
MAX 32 OR BELOW:   1    0.01 INCH OR MORE:  13
MAX 90 OR ABOVE:   0    0.10 INCH OR MORE:   9
MIN 32 OR BELOW:   9    0.50 INCH OR MORE:   5
MIN  0 OR BELOW:   0    1.00 INCH OR MORE:   3

[HDD (BASE 65) ]
TOTAL THIS MO.   562    CLEAR  (SCALE 0-3)  13
DPTR FM NORMAL    67    PTCLDY (SCALE 4-7)   9
TOTAL FM JUL 1  4141    CLOUDY (SCALE 8-10)  7
DPTR FM NORMAL   377

[CDD (BASE 65) ]
TOTAL THIS MO.     0
DPTR FM NORMAL     0    [PRESSURE DATA]
TOTAL FM JAN 1     0    HIGHEST SLP M ON M
DPTR FM NORMAL     0    LOWEST  SLP 29.82 ON  3

[REMARKS]
