000
CXUS55 KALY 260710
CF6POU
PRELIMINARY LOCAL CLIMATOLOGICAL DATA (WS FORM: F-6)

                                          STATION:   POUGHKEEPSIE NY
                                          MONTH:     JUNE
                                          YEAR:      2017
                                          LATITUDE:   41 37 N
                                          LONGITUDE:  73 53 W

  TEMPERATURE IN F:       :PCPN:    SNOW:  WIND      :SUNSHINE: SKY     :PK WND
================================================================================
1   2   3   4   5  6A  6B    7    8   9   10  11  12  13   14  15   16   17  18
                                     12Z  AVG MX 2MIN
DY MAX MIN AVG DEP HDD CDD  WTR  SNW DPTH SPD SPD DIR MIN PSBL S-S WX    SPD DR
================================================================================

 1  76  53  65   1   0   0    T    M    M  6.2 20 290   M    M   3 1      26 250
 2  73  45  59  -5   6   0 0.00    M    M  6.2 18 300   M    M   1        25 290
 3  73  43  58  -6   7   0    T    M    M  5.7 22 310   M    M   2        32 320
 4  70  44  57  -7   8   0 0.37    M    M  2.4 16 230   M    M   5 1      20 230
 5  66  54  60  -5   5   0 0.19    M    M  3.9 13  90   M    M   8 18     18 100
 6  57  50  54 -11  11   0 0.41    M    M  6.0 13  40   M    M  10 13     16  30
 7  71  50  61  -4   4   0 0.00    M    M  4.6 15 360   M    M   6        20  10
 8  73  45  59  -7   6   0 0.00    M    M  2.6 12 130   M    M   1        15 120
 9  79  47  63  -3   2   0 0.00    M    M  3.4 17 280   M    M   2        21 270
10  84  50  67   1   0   2    T    M    M  3.9 16 210   M    M   1        22 230
11  91  61  76  10   0  11    T    M    M  6.1 18 230   M    M   0        25 250
12  92  62  77  10   0  12 0.00    M    M  4.6 15 250   M    M   0        20 210
13  93  63  78  11   0  13 0.20    M    M  3.2 20  20   M    M   2 13     25  30
14  82  57  70   3   0   5 0.00    M    M  5.3 15  20   M    M   0        19  20
15  76  52  64  -4   1   0 0.00    M    M  5.5 14 140   M    M   4        20 140
16  71  58  65  -3   0   0 0.22    M    M  3.8 13 140   M    M   8 1      18 140
17  77  63  70   2   0   5    T    M    M  3.4 12 180   M    M  10        16 180
18  88  70  79  11   0  14 0.00    M    M  6.9 16 170   M    M   7        23 180
19  88  69  79  10   0  14 1.19    M    M  5.4 22 270   M    M   8 138    31 220
20  82  60  71   2   0   6 0.00    M    M  7.5 22 240   M    M   2 1      28 240
21  82  58  70   1   0   5 0.02    M    M  4.5 18 240   M    M   1 3      22 240
22  84  54  69   0   0   4 0.00    M    M  2.6 13 240   M    M   0        19 220
23  85  67  76   6   0  11 0.02  0.0    0  5.3 15 220   M    M   5        24 220
24  84  66  75   5   0  10 0.05  0.0    0  7.8 22 300   M    M   4        27 290
25  82  58  70   0   0   5 0.14    M    M  4.2 21 300   M    M   2 12     26 290
================================================================================
SM 1979 1399        50 117  2.81     0.0 121.0          M       92
================================================================================
AV 79.2 56.0                               4.8 FASTST   M    M   4    MAX(MPH)
                                 MISC ---->  # 22 310               # 32  320
================================================================================
NOTES:
# LAST OF SEVERAL OCCURRENCES

COLUMN 17 PEAK WIND IN M.P.H.

PRELIMINARY LOCAL CLIMATOLOGICAL DATA (WS FORM: F-6) , PAGE 2

                                          STATION:  POUGHKEEPSIE NY
                                          MONTH:    JUNE
                                          YEAR:     2017
                                          LATITUDE:   41 37 N
                                          LONGITUDE:  73 53 W

[TEMPERATURE DATA]      [PRECIPITATION DATA]       SYMBOLS USED IN COLUMN 16

AVERAGE MONTHLY: 67.6   TOTAL FOR MONTH:   2.81    1 = FOG OR MIST
DPTR FM NORMAL:   0.6   DPTR FM NORMAL:   -0.96    2 = FOG REDUCING VISIBILITY
HIGHEST:    93 ON 13    GRTST 24HR  1.19 ON 19-19      TO 1/4 MILE OR LESS
LOWEST:     43 ON  3                               3 = THUNDER
                        SNOW, ICE PELLETS, HAIL    4 = ICE PELLETS
                        TOTAL MONTH:   0.0 INCH    5 = HAIL
                        GRTST 24HR     0.0         6 = FREEZING RAIN OR DRIZZLE
                        GRTST DEPTH:   0           7 = DUSTSTORM OR SANDSTORM:
                                                       VSBY 1/2 MILE OR LESS
                                                   8 = SMOKE OR HAZE
[NO. OF DAYS WITH]      [WEATHER - DAYS WITH]      9 = BLOWING SNOW
                                                   X = TORNADO
MAX 32 OR BELOW:   0    0.01 INCH OR MORE:  10
MAX 90 OR ABOVE:   3    0.10 INCH OR MORE:   7
MIN 32 OR BELOW:   0    0.50 INCH OR MORE:   1
MIN  0 OR BELOW:   0    1.00 INCH OR MORE:   1

[HDD (BASE 65) ]
TOTAL THIS MO.    50    CLEAR  (SCALE 0-3)  14
DPTR FM NORMAL     3    PTCLDY (SCALE 4-7)   8
TOTAL FM JUL 1  5714    CLOUDY (SCALE 8-10)  3
DPTR FM NORMAL  -495

[CDD (BASE 65) ]
TOTAL THIS MO.   117
DPTR FM NORMAL    21    [PRESSURE DATA]
TOTAL FM JAN 1   165    HIGHEST SLP M ON M
DPTR FM NORMAL    33    LOWEST  SLP 29.52 ON 24

[REMARKS]
